000
CDUS43 KJKL 190528
CLILOZ

CLIMATE REPORT
NATIONAL WEATHER SERVICE JACKSON KY
128 AM EDT TUE APR 19 2016

...................................

...THE LONDON KY CLIMATE SUMMARY FOR APRIL 18 2016...

CLIMATE NORMAL PERIOD 1981 TO 2010
CLIMATE RECORD PERIOD 1954 TO 2016

WEATHER ITEM   OBSERVED TIME   RECORD YEAR NORMAL DEPARTURE LAST
                VALUE   (LST)  VALUE       VALUE  FROM      YEAR
                                                  NORMAL
..................................................................
TEMPERATURE (F)
 YESTERDAY
  MAXIMUM         84    355 PM  88    1955  70     14       82
  MINIMUM         44    617 AM  28    1983  45     -1       52
  AVERAGE         64                        57      7       67

PRECIPITATION (IN)
  YESTERDAY        0.00          1.46 1998   0.13  -0.13     0.00
  MONTH TO DATE    0.98                      2.34  -1.36     4.55
  SINCE MAR 1      3.11                      6.39  -3.28     9.88

SNOWFALL (IN)
  YESTERDAY       MM
  MONTH TO DATE   MM
  SINCE MAR 1     MM
  SINCE JUL 1     MM
  SNOW DEPTH      MM

DEGREE DAYS
 HEATING
  YESTERDAY        1                         8     -7        0
  MONTH TO DATE  216                       194     22       84
  SINCE MAR 1    615                       743   -128      608
  SINCE JUL 1   3531                      4019   -488     4229

 COOLING
  YESTERDAY        0                         1     -1        2
  MONTH TO DATE    1                        10     -9       19
  SINCE MAR 1      1                        13    -12       19
  SINCE JAN 1      1                        13    -12       19
..................................................................

WIND (MPH)
  HIGHEST WIND SPEED     9   HIGHEST WIND DIRECTION    NW (300)
  HIGHEST GUST SPEED    15   HIGHEST GUST DIRECTION     S (180)
  AVERAGE WIND SPEED     1.9

SKY COVER
  POSSIBLE SUNSHINE  MM
  AVERAGE SKY COVER 0.0

WEATHER CONDITIONS
 THE FOLLOWING WEATHER WAS RECORDED YESTERDAY.
  NO SIGNIFICANT WEATHER WAS OBSERVED.

RELATIVE HUMIDITY (PERCENT)
 HIGHEST    83           600 AM
 LOWEST     16           400 PM
 AVERAGE    50
..........................................................

THE LONDON KY CLIMATE NORMALS FOR TODAY
                         NORMAL    RECORD    YEAR
 MAXIMUM TEMPERATURE (F)   70        87      2002
                                             1970
 MINIMUM TEMPERATURE (F)   46        24      1983

SUNRISE AND SUNSET
APRIL 19 2016.........SUNRISE   656 AM EDT   SUNSET   815 PM EDT
APRIL 20 2016.........SUNRISE   655 AM EDT   SUNSET   816 PM EDT

-  INDICATES NEGATIVE NUMBERS.
R  INDICATES RECORD WAS SET OR TIED.
MM INDICATES DATA IS MISSING.
T  INDICATES TRACE AMOUNT.

$$

GEOGERIAN
