000
CDUS43 KJKL 010553
CLILOZ

CLIMATE REPORT
NATIONAL WEATHER SERVICE JACKSON KY
153 AM EDT THU SEP 1 2016
...................................

...THE LONDON KY CLIMATE SUMMARY FOR AUGUST 31 2016...

CLIMATE NORMAL PERIOD 1981 TO 2010
CLIMATE RECORD PERIOD 1954 TO 2016

WEATHER ITEM   OBSERVED TIME   RECORD YEAR NORMAL DEPARTURE LAST
                VALUE   (LST)  VALUE       VALUE  FROM      YEAR
                                                  NORMAL
..................................................................

TEMPERATURE (F)
 YESTERDAY
  MAXIMUM         91    359 PM  96    1957  84      7       87
  MINIMUM         67    656 AM  46    1976  63      4       65
  AVERAGE         79                        73      6       76

PRECIPITATION (IN)
  YESTERDAY        0.00          1.29 1986   0.11  -0.11     0.00
  MONTH TO DATE    5.02                      3.71   1.31     2.76
  SINCE JUN 1     15.74                     12.15   3.59    18.96

SNOWFALL (IN)
  YESTERDAY       MM
  MONTH TO DATE   MM
  SINCE JUN 1     MM
  SINCE JUL 1     MM
  SNOW DEPTH      MM

DEGREE DAYS
 HEATING
  YESTERDAY        0                         0      0        0
  MONTH TO DATE    0                         0      0        0
  SINCE JUN 1      2                        10     -8        2
  SINCE JUL 1      0                         1     -1        0

 COOLING
  YESTERDAY       14                         8      6       11
  MONTH TO DATE  407                       317     90      280
  SINCE JUN 1   1121                       910    211      977
  SINCE JAN 1   1223                      1024    199     1171
..................................................................

WIND (MPH)
  HIGHEST WIND SPEED    14   HIGHEST WIND DIRECTION     N (10)
  HIGHEST GUST SPEED    20   HIGHEST GUST DIRECTION     N (350)
  AVERAGE WIND SPEED     2.5

SKY COVER
  POSSIBLE SUNSHINE  MM
  AVERAGE SKY COVER 0.2

WEATHER CONDITIONS
 THE FOLLOWING WEATHER WAS RECORDED YESTERDAY.
  FOG
  FOG W/VISIBILITY <= 1/4 MILE
  HAZE

RELATIVE HUMIDITY (PERCENT)
 HIGHEST    93           500 AM
 LOWEST     41           200 PM
 AVERAGE    67
..........................................................

THE LONDON KY CLIMATE NORMALS FOR TODAY
                         NORMAL    RECORD    YEAR
 MAXIMUM TEMPERATURE (F)   84        95      1957
 MINIMUM TEMPERATURE (F)   62        48      1963

SUNRISE AND SUNSET
SEPTEMBER  1 2016.....SUNRISE   707 AM EDT   SUNSET   804 PM EDT
SEPTEMBER  2 2016.....SUNRISE   708 AM EDT   SUNSET   803 PM EDT

-  INDICATES NEGATIVE NUMBERS.
R  INDICATES RECORD WAS SET OR TIED.
MM INDICATES DATA IS MISSING.
T  INDICATES TRACE AMOUNT.

$$
