000
CDUS43 KJKL 290542
CLILOZ

CLIMATE REPORT
NATIONAL WEATHER SERVICE JACKSON KY
1242 AM EST SUN JAN 29 2017

...................................

...THE LONDON KY CLIMATE SUMMARY FOR JANUARY 28 2017...

CLIMATE NORMAL PERIOD 1981 TO 2010
CLIMATE RECORD PERIOD 1954 TO 2017

WEATHER ITEM   OBSERVED TIME   RECORD YEAR NORMAL DEPARTURE LAST
                VALUE   (LST)  VALUE       VALUE  FROM      YEAR
                                                  NORMAL
..................................................................
TEMPERATURE (F)
 YESTERDAY
  MAXIMUM         48    237 PM  68    1975  46      2       46
  MINIMUM         25    818 AM -18    1963  27     -2       14
  AVERAGE         37                        36      1       30

PRECIPITATION (IN)
  YESTERDAY        0.00          1.51 1957   0.11  -0.11     0.00
  MONTH TO DATE    4.07                      3.17   0.90     2.08
  SINCE DEC 1     10.37                      7.41   2.96     7.53
  SINCE JAN 1      4.07                      3.17   0.90     2.08

SNOWFALL (IN)
  YESTERDAY       MM
  MONTH TO DATE   MM
  SINCE DEC 1     MM
  SINCE JUL 1     MM
  SNOW DEPTH      MM

DEGREE DAYS
 HEATING
  YESTERDAY       28                        29     -1       35
  MONTH TO DATE  614                       829   -215      965
  SINCE DEC 1   1408                      1651   -243     1440
  SINCE JUL 1   1999                      2481   -482     2105

 COOLING
  YESTERDAY        0                         0      0        0
  MONTH TO DATE    0                         0      0        0
  SINCE DEC 1      0                         1     -1        0
  SINCE JAN 1      0                         0      0        0
..................................................................

WIND (MPH)
  HIGHEST WIND SPEED    26   HIGHEST WIND DIRECTION     W (250)
  HIGHEST GUST SPEED    32   HIGHEST GUST DIRECTION     W (280)
  AVERAGE WIND SPEED    10.8

SKY COVER
  POSSIBLE SUNSHINE  MM
  AVERAGE SKY COVER 0.4

WEATHER CONDITIONS
 THE FOLLOWING WEATHER WAS RECORDED YESTERDAY.
  NO SIGNIFICANT WEATHER WAS OBSERVED.

RELATIVE HUMIDITY (PERCENT)
 HIGHEST    74           700 AM
 LOWEST     31           200 PM
 AVERAGE    53
..........................................................

THE LONDON KY CLIMATE NORMALS FOR TODAY
                         NORMAL    RECORD    YEAR
 MAXIMUM TEMPERATURE (F)   46        71      2002
 MINIMUM TEMPERATURE (F)   27        -7      1977

SUNRISE AND SUNSET
JANUARY 29 2017.......SUNRISE   741 AM EST   SUNSET   558 PM EST
JANUARY 30 2017.......SUNRISE   740 AM EST   SUNSET   559 PM EST

-  INDICATES NEGATIVE NUMBERS.
R  INDICATES RECORD WAS SET OR TIED.
MM INDICATES DATA IS MISSING.
T  INDICATES TRACE AMOUNT.

$$

ABE
