000
CDUS43 KJKL 142021
CLILOZ

CLIMATE REPORT
NATIONAL WEATHER SERVICE JACKSON KY
421 PM EDT FRI AUG 14 2015


...................................

...THE LONDON KY CLIMATE SUMMARY FOR AUGUST 14 2015...
VALID TODAY AS OF 0400 PM LOCAL TIME.

CLIMATE NORMAL PERIOD 1981 TO 2010
CLIMATE RECORD PERIOD 1954 TO 2015


WEATHER ITEM   OBSERVED TIME   RECORD YEAR NORMAL DEPARTURE LAST
                VALUE   (LST)  VALUE       VALUE  FROM      YEAR
                                                  NORMAL
..................................................................
TEMPERATURE (F)
 TODAY
  MAXIMUM         85    140 PM  94    2007  86     -1       81
                                      1988
  MINIMUM         59    622 AM  48    1964  65     -6       56
  AVERAGE         72                        76     -4       69

PRECIPITATION (IN)
  TODAY            0.00          1.23 2010   0.12  -0.12     0.00
  MONTH TO DATE    1.28                      1.79  -0.51     2.06
  SINCE JUN 1     17.48                     10.23   7.25    11.77
  SINCE JAN 1     37.40                     30.76   6.64    30.76

SNOWFALL (IN)
  TODAY           MM
  MONTH TO DATE   MM
  SINCE JUN 1     MM
  SINCE JUL 1     MM
  SNOW DEPTH      MM

DEGREE DAYS
 HEATING
  TODAY            0                         0      0        0
  MONTH TO DATE    0                         0      0        0
  SINCE JUN 1      2                         9     -7        0
  SINCE JUL 1      0                         0      0        0

 COOLING
  TODAY            7                        11     -4        4
  MONTH TO DATE  146                       154     -8      120
  SINCE JUN 1    843                       747     96      677
  SINCE JAN 1   1037                       861    176      843
..................................................................


WIND (MPH)
  HIGHEST WIND SPEED    10   HIGHEST WIND DIRECTION     W (270)
  HIGHEST GUST SPEED    12   HIGHEST GUST DIRECTION     W (270)
  AVERAGE WIND SPEED     1.5


SKY COVER
  POSSIBLE SUNSHINE  MM
  AVERAGE SKY COVER 0.0


WEATHER CONDITIONS
 THE FOLLOWING WEATHER WAS RECORDED TODAY.
  NO SIGNIFICANT WEATHER WAS OBSERVED.


RELATIVE HUMIDITY (PERCENT)
 HIGHEST    84           400 AM
 LOWEST     51          1100 AM
 AVERAGE    68

..........................................................


THE LONDON KY CLIMATE NORMALS FOR TOMORROW
                         NORMAL    RECORD    YEAR
 MAXIMUM TEMPERATURE (F)   86        99      2007
 MINIMUM TEMPERATURE (F)   65        49      1964


SUNRISE AND SUNSET
AUGUST 14 2015........SUNRISE   652 AM EDT   SUNSET   830 PM EDT
AUGUST 15 2015........SUNRISE   653 AM EDT   SUNSET   828 PM EDT


-  INDICATES NEGATIVE NUMBERS.
R  INDICATES RECORD WAS SET OR TIED.
MM INDICATES DATA IS MISSING.
T  INDICATES TRACE AMOUNT.

$$

CARICO
