000
CDUS43 KJKL 100544
CLILOZ

CLIMATE REPORT
NATIONAL WEATHER SERVICE JACKSON KY
144 AM EDT SUN APR 10 2016
...................................

...THE LONDON KY CLIMATE SUMMARY FOR APRIL 9 2016...

CLIMATE NORMAL PERIOD 1981 TO 2010
CLIMATE RECORD PERIOD 1954 TO 2016

WEATHER ITEM   OBSERVED TIME   RECORD YEAR NORMAL DEPARTURE LAST
                VALUE   (LST)  VALUE       VALUE  FROM      YEAR
                                                  NORMAL
..................................................................

TEMPERATURE (F)
 YESTERDAY
  MAXIMUM         45    523 PM  86    2015  67    -22       86
  MINIMUM         31   1159 PM  23    2007  43    -12       65
                                      1972
  AVERAGE         38                        55    -17       76

PRECIPITATION (IN)
  YESTERDAY        0.00          0.99 1961   0.14  -0.14     0.02
  MONTH TO DATE    0.79                      1.16  -0.37     1.99
  SINCE MAR 1      2.92                      5.21  -2.29     7.32

SNOWFALL (IN)
  YESTERDAY       MM
  MONTH TO DATE   MM
  SINCE MAR 1     MM
  SINCE JUL 1     MM
  SNOW DEPTH      MM

DEGREE DAYS
 HEATING
  YESTERDAY       27                        11     16        0
  MONTH TO DATE  154                       108     46       55
  SINCE MAR 1    553                       657   -104      579
  SINCE JUL 1   3469                      3933   -464     4200

 COOLING
  YESTERDAY        0                         1     -1       11
  MONTH TO DATE    0                         1     -1       14
  SINCE MAR 1      0                         4     -4       14
  SINCE JAN 1      0                         4     -4       14
..................................................................

WIND (MPH)
  HIGHEST WIND SPEED    21   HIGHEST WIND DIRECTION    NW (300)
  HIGHEST GUST SPEED    28   HIGHEST GUST DIRECTION    NW (300)
  AVERAGE WIND SPEED     9.2

SKY COVER
  POSSIBLE SUNSHINE  MM
  AVERAGE SKY COVER 0.4

WEATHER CONDITIONS
 THE FOLLOWING WEATHER WAS RECORDED YESTERDAY.
  NO SIGNIFICANT WEATHER WAS OBSERVED.

RELATIVE HUMIDITY (PERCENT)
 HIGHEST    70           100 AM
 LOWEST     31           500 PM
 AVERAGE    51
..........................................................

THE LONDON KY CLIMATE NORMALS FOR TODAY
                         NORMAL    RECORD    YEAR
 MAXIMUM TEMPERATURE (F)   67        90      1995
 MINIMUM TEMPERATURE (F)   43        24      1960

SUNRISE AND SUNSET
APRIL 10 2016.........SUNRISE   708 AM EDT   SUNSET   807 PM EDT
APRIL 11 2016.........SUNRISE   707 AM EDT   SUNSET   808 PM EDT

-  INDICATES NEGATIVE NUMBERS.
R  INDICATES RECORD WAS SET OR TIED.
MM INDICATES DATA IS MISSING.
T  INDICATES TRACE AMOUNT.

$$
