000
CDUS43 KJKL 262023
CLILOZ

CLIMATE REPORT
NATIONAL WEATHER SERVICE JACKSON KY
423 PM EDT WED MAR 26 2014

...................................

...THE LONDON KY CLIMATE SUMMARY FOR MARCH 26 2014...
VALID TODAY AS OF 0400 PM LOCAL TIME.

CLIMATE NORMAL PERIOD 1981 TO 2010
CLIMATE RECORD PERIOD 1954 TO 2014

WEATHER ITEM   OBSERVED TIME   RECORD YEAR NORMAL DEPARTURE LAST
                VALUE   (LST)  VALUE       VALUE  FROM      YEAR
                                                  NORMAL
..................................................................
TEMPERATURE (F)
 TODAY
  MAXIMUM         41    259 PM  84    2007  62    -21       39
  MINIMUM         20    635 AM  15    1955  39    -19       31
  AVERAGE         31                        50    -19       35

PRECIPITATION (IN)
  TODAY            0.00          0.93 2009   0.13  -0.13     0.02
  MONTH TO DATE    3.22                      3.39  -0.17     5.08
  SINCE MAR 1      3.22                      3.39  -0.17     5.08
  SINCE JAN 1      9.73                     10.64  -0.91    11.87

SNOWFALL (IN)
  TODAY           MM
  MONTH TO DATE   MM
  SINCE MAR 1     MM
  SINCE JUL 1     MM
  SNOW DEPTH      MM

DEGREE DAYS
 HEATING
  TODAY           34                        15     19       30
  MONTH TO DATE  570                       478     92      670
  SINCE MAR 1    570                       478     92      670
  SINCE JUL 1   4077                      3754    323     4018

 COOLING
  TODAY            0                         0      0        0
  MONTH TO DATE    0                         0      0        0
  SINCE MAR 1      0                         0      0        0
  SINCE JAN 1      0                         0      0        0
..................................................................

WIND (MPH)
  HIGHEST WIND SPEED    14   HIGHEST WIND DIRECTION    NW (320)
  HIGHEST GUST SPEED    19   HIGHEST GUST DIRECTION    NW (330)
  AVERAGE WIND SPEED     4.5

SKY COVER
  POSSIBLE SUNSHINE  MM
  AVERAGE SKY COVER 0.1

WEATHER CONDITIONS
 THE FOLLOWING WEATHER WAS RECORDED TODAY.
  NO SIGNIFICANT WEATHER WAS OBSERVED.

RELATIVE HUMIDITY (PERCENT)
 HIGHEST    68           600 AM
 LOWEST     30           200 PM
 AVERAGE    49

..........................................................

THE LONDON KY CLIMATE NORMALS FOR TOMORROW
                         NORMAL    RECORD    YEAR
 MAXIMUM TEMPERATURE (F)   62        83      2007
 MINIMUM TEMPERATURE (F)   39        14      1955

SUNRISE AND SUNSET
MARCH 26 2014.........SUNRISE   731 AM EDT   SUNSET   754 PM EDT
MARCH 27 2014.........SUNRISE   729 AM EDT   SUNSET   754 PM EDT

-  INDICATES NEGATIVE NUMBERS.
R  INDICATES RECORD WAS SET OR TIED.
MM INDICATES DATA IS MISSING.
T  INDICATES TRACE AMOUNT.

$$

CARICO
