000
CDUS43 KJKL 190959
CLILOZ

CLIMATE REPORT
NATIONAL WEATHER SERVICE JACKSON KY
559 AM EDT WED AUG 19 2015

...................................

...THE LONDON KY CLIMATE SUMMARY FOR AUGUST 18 2015...

CLIMATE NORMAL PERIOD 1981 TO 2010
CLIMATE RECORD PERIOD 1954 TO 2015


WEATHER ITEM   OBSERVED TIME   RECORD YEAR NORMAL DEPARTURE LAST
                VALUE   (LST)  VALUE       VALUE  FROM      YEAR
                                                  NORMAL
..................................................................

TEMPERATURE (F)
 YESTERDAY
  MAXIMUM         82    400 PM  98    1988  86     -4       84
  MINIMUM         70    328 AM  54    1976  65      5       70
  AVERAGE         76                        75      1       77

PRECIPITATION (IN)
  YESTERDAY        0.07          3.29 2010   0.12  -0.05     0.89
  MONTH TO DATE    1.96                      2.28  -0.32     3.46
  SINCE JUN 1     18.16                     10.72   7.44    13.17
  SINCE JAN 1     38.08                     31.25   6.83    32.16

SNOWFALL (IN)
  YESTERDAY       MM
  MONTH TO DATE   MM
  SINCE JUN 1     MM
  SINCE JUL 1     MM
  SNOW DEPTH      MM

DEGREE DAYS
 HEATING
  YESTERDAY        0                         0      0        0
  MONTH TO DATE    0                         0      0        0
  SINCE JUN 1      2                         9     -7        0
  SINCE JUL 1      0                         0      0        0

 COOLING
  YESTERDAY       11                        10      1       12
  MONTH TO DATE  189                       195     -6      153
  SINCE JUN 1    886                       788     98      710
  SINCE JAN 1   1080                       902    178      876
..................................................................

WIND (MPH)
  HIGHEST WIND SPEED    10   HIGHEST WIND DIRECTION     S (190)
  HIGHEST GUST SPEED    15   HIGHEST GUST DIRECTION     S (170)
  AVERAGE WIND SPEED     3.2


SKY COVER
  POSSIBLE SUNSHINE  MM
  AVERAGE SKY COVER 0.9


WEATHER CONDITIONS
 THE FOLLOWING WEATHER WAS RECORDED YESTERDAY.
  LIGHT RAIN
  FOG


RELATIVE HUMIDITY (PERCENT)
 HIGHEST    84           100 AM
 LOWEST     62           400 PM
 AVERAGE    73
..........................................................

THE LONDON KY CLIMATE NORMALS FOR TODAY
                         NORMAL    RECORD    YEAR
 MAXIMUM TEMPERATURE (F)   86        96      2007
 MINIMUM TEMPERATURE (F)   65        54      1982


SUNRISE AND SUNSET
AUGUST 19 2015........SUNRISE   656 AM EDT   SUNSET   823 PM EDT
AUGUST 20 2015........SUNRISE   657 AM EDT   SUNSET   822 PM EDT


-  INDICATES NEGATIVE NUMBERS.
R  INDICATES RECORD WAS SET OR TIED.
MM INDICATES DATA IS MISSING.
T  INDICATES TRACE AMOUNT.
$$
