000
CDUS43 KJKL 300524
CLILOZ

CLIMATE REPORT
NATIONAL WEATHER SERVICE JACKSON KY
1224 AM EST MON JAN 30 2017

...................................

...THE LONDON KY CLIMATE SUMMARY FOR JANUARY 29 2017...

CLIMATE NORMAL PERIOD 1981 TO 2010
CLIMATE RECORD PERIOD 1954 TO 2017

WEATHER ITEM   OBSERVED TIME   RECORD YEAR NORMAL DEPARTURE LAST
                VALUE   (LST)  VALUE       VALUE  FROM      YEAR
                                                  NORMAL
..................................................................
TEMPERATURE (F)
 YESTERDAY
  MAXIMUM         39    127 AM  71    2002  46     -7       42
  MINIMUM         30   1159 PM  -7    1977  27      3       26
  AVERAGE         35                        36     -1       34

PRECIPITATION (IN)
  YESTERDAY        0.01          2.48 1957   0.12  -0.11     0.00
  MONTH TO DATE    4.08                      3.29   0.79     2.08
  SINCE DEC 1     10.38                      7.53   2.85     7.53
  SINCE JAN 1      4.08                      3.29   0.79     2.08

SNOWFALL (IN)
  YESTERDAY       MM
  MONTH TO DATE   MM
  SINCE DEC 1     MM
  SINCE JUL 1     MM
  SNOW DEPTH      MM

DEGREE DAYS
 HEATING
  YESTERDAY       30                        29      1       31
  MONTH TO DATE  644                       858   -214      996
  SINCE DEC 1   1438                      1680   -242     1471
  SINCE JUL 1   2029                      2510   -481     2136

 COOLING
  YESTERDAY        0                         0      0        0
  MONTH TO DATE    0                         0      0        0
  SINCE DEC 1      0                         1     -1        0
  SINCE JAN 1      0                         0      0        0
..................................................................

WIND (MPH)
  HIGHEST WIND SPEED    21   HIGHEST WIND DIRECTION     W (290)
  HIGHEST GUST SPEED    30   HIGHEST GUST DIRECTION     W (280)
  AVERAGE WIND SPEED    10.5

SKY COVER
  POSSIBLE SUNSHINE  MM
  AVERAGE SKY COVER 1.0

WEATHER CONDITIONS
 THE FOLLOWING WEATHER WAS RECORDED YESTERDAY.
  LIGHT SNOW
  FOG

RELATIVE HUMIDITY (PERCENT)
 HIGHEST    89           900 AM
 LOWEST     50          1200 AM
 AVERAGE    70
..........................................................

THE LONDON KY CLIMATE NORMALS FOR TODAY
                         NORMAL    RECORD    YEAR
 MAXIMUM TEMPERATURE (F)   46        72      2002
 MINIMUM TEMPERATURE (F)   27       -13      1966

SUNRISE AND SUNSET
JANUARY 30 2017.......SUNRISE   740 AM EST   SUNSET   559 PM EST
JANUARY 31 2017.......SUNRISE   740 AM EST   SUNSET   600 PM EST

-  INDICATES NEGATIVE NUMBERS.
R  INDICATES RECORD WAS SET OR TIED.
MM INDICATES DATA IS MISSING.
T  INDICATES TRACE AMOUNT.

$$

ABE
