000
CDUS43 KJKL 231019 RRA
CLILOZ

CLIMATE REPORT
NATIONAL WEATHER SERVICE JACKSON KY
519 AM EST FRI DEC 23 2016

...................................

...THE LONDON KY CLIMATE SUMMARY FOR DECEMBER 22 2016...

CLIMATE NORMAL PERIOD 1981 TO 2010
CLIMATE RECORD PERIOD 1954 TO 2016


WEATHER ITEM   OBSERVED TIME   RECORD YEAR NORMAL DEPARTURE LAST
                VALUE   (LST)  VALUE       VALUE  FROM      YEAR
                                                  NORMAL
..................................................................

TEMPERATURE (F)
 YESTERDAY
  MAXIMUM         46    310 PM  70    2013  46      0       62
  MINIMUM         27   1159 PM -11    1989  28     -1       53
  AVERAGE         37                        37      0       58

PRECIPITATION (IN)
  YESTERDAY        0.00          1.64 1990   0.13  -0.13     0.17
  MONTH TO DATE    3.64                      3.10   0.54     3.37
  SINCE DEC 1      3.64                      3.10   0.54     3.37

SNOWFALL (IN)
  YESTERDAY       MM
  MONTH TO DATE   MM
  SINCE DEC 1     MM
  SINCE JUL 1     MM
  SNOW DEPTH      MM

DEGREE DAYS
 HEATING
  YESTERDAY       28                        28      0        7
  MONTH TO DATE  620                       564     56      399
  SINCE DEC 1    620                       564     56      399
  SINCE JUL 1   1211                      1394   -183     1064

 COOLING
  YESTERDAY        0                         0      0        0
  MONTH TO DATE    0                         0      0        0
  SINCE DEC 1      0                         0      0        0
  SINCE JAN 1   1507                      1190    317     1387
..................................................................

WIND (MPH)
  HIGHEST WIND SPEED    15   HIGHEST WIND DIRECTION    NW (330)
  HIGHEST GUST SPEED    18   HIGHEST GUST DIRECTION    NW (320)
  AVERAGE WIND SPEED     5.6


SKY COVER
  POSSIBLE SUNSHINE  MM
  AVERAGE SKY COVER 0.1


WEATHER CONDITIONS
 THE FOLLOWING WEATHER WAS RECORDED YESTERDAY.
  NO SIGNIFICANT WEATHER WAS OBSERVED.


RELATIVE HUMIDITY (PERCENT)
 HIGHEST    78           900 PM
 LOWEST     45          1200 AM
 AVERAGE    62
..........................................................

THE LONDON KY CLIMATE NORMALS FOR TODAY
                         NORMAL    RECORD    YEAR
 MAXIMUM TEMPERATURE (F)   46        67      1970
 MINIMUM TEMPERATURE (F)   28        -9      1989


SUNRISE AND SUNSET
DECEMBER 23 2016......SUNRISE   747 AM EST   SUNSET   524 PM EST
DECEMBER 24 2016......SUNRISE   748 AM EST   SUNSET   525 PM EST


-  INDICATES NEGATIVE NUMBERS.
R  INDICATES RECORD WAS SET OR TIED.
MM INDICATES DATA IS MISSING.
T  INDICATES TRACE AMOUNT.
$$
