000
CDUS43 KJKL 202022
CLILOZ

CLIMATE REPORT
NATIONAL WEATHER SERVICE JACKSON KY
422 PM EDT MON JUL 20 2015

...................................

...THE LONDON KY CLIMATE SUMMARY FOR JULY 20 2015...
VALID TODAY AS OF 0400 PM LOCAL TIME.

CLIMATE NORMAL PERIOD 1981 TO 2010
CLIMATE RECORD PERIOD 1954 TO 2015


WEATHER ITEM   OBSERVED TIME   RECORD YEAR NORMAL DEPARTURE LAST
                VALUE   (LST)  VALUE       VALUE  FROM      YEAR
                                                  NORMAL
..................................................................
TEMPERATURE (F)
 TODAY
  MAXIMUM         91    235 PM  95    2008  86      5       85
  MINIMUM         75    436 AM  54    2009  66      9       69
  AVERAGE         83                        76      7       77

PRECIPITATION (IN)
  TODAY            T             1.23 2001   0.12  -0.12     0.33
                                      1963
  MONTH TO DATE   10.54                      2.63   7.91     5.92
  SINCE JUN 1     15.51                      7.03   8.48     8.63
  SINCE JAN 1     35.43                     27.56   7.87    27.62

SNOWFALL (IN)
  TODAY           MM
  MONTH TO DATE   MM
  SINCE JUN 1     MM
  SINCE JUL 1     MM
  SNOW DEPTH      MM

DEGREE DAYS
 HEATING
  TODAY            0                         0      0        0
  MONTH TO DATE    0                         0      0        0
  SINCE JUN 1      2                         9     -7        0
  SINCE JUL 1      0                         0      0        0

 COOLING
  TODAY           18                        11      7       12
  MONTH TO DATE  246                       220     26      190
  SINCE JUN 1    553                       463     90      472
  SINCE JAN 1    747                       577    170      638
..................................................................


WIND (MPH)
  HIGHEST WIND SPEED    13   HIGHEST WIND DIRECTION     W (260)
  HIGHEST GUST SPEED    19   HIGHEST GUST DIRECTION     W (250)
  AVERAGE WIND SPEED     4.1


SKY COVER
  POSSIBLE SUNSHINE  MM
  AVERAGE SKY COVER 0.5


WEATHER CONDITIONS
 THE FOLLOWING WEATHER WAS RECORDED TODAY.
  THUNDERSTORM
  HAZE


RELATIVE HUMIDITY (PERCENT)
 HIGHEST    87           100 AM
 LOWEST     52           100 PM
 AVERAGE    70

..........................................................


THE LONDON KY CLIMATE NORMALS FOR TOMORROW
                         NORMAL    RECORD    YEAR
 MAXIMUM TEMPERATURE (F)   86        95      2008
 MINIMUM TEMPERATURE (F)   66        54      1971


SUNRISE AND SUNSET
JULY 20 2015..........SUNRISE   632 AM EDT   SUNSET   853 PM EDT
JULY 21 2015..........SUNRISE   632 AM EDT   SUNSET   853 PM EDT


-  INDICATES NEGATIVE NUMBERS.
R  INDICATES RECORD WAS SET OR TIED.
MM INDICATES DATA IS MISSING.
T  INDICATES TRACE AMOUNT.

$$

CARICO
