000
CDUS43 KJKL 112028
CLILOZ

CLIMATE REPORT
NATIONAL WEATHER SERVICE JACKSON KY
428 PM EDT MON MAY 11 2015

...................................

...THE LONDON KY CLIMATE SUMMARY FOR MAY 11 2015...
VALID TODAY AS OF 0400 PM LOCAL TIME.

CLIMATE NORMAL PERIOD 1981 TO 2010
CLIMATE RECORD PERIOD 1954 TO 2015

WEATHER ITEM   OBSERVED TIME   RECORD YEAR NORMAL DEPARTURE LAST
                VALUE   (LST)  VALUE       VALUE  FROM      YEAR
                                                  NORMAL
..................................................................
TEMPERATURE (F)
 TODAY
  MAXIMUM         88R  1225 PM  87    2007  75     13       83
                                      1979
  MINIMUM         64    335 AM  35    1997  52     12       57
  AVERAGE         76                        64     12       70

PRECIPITATION (IN)
  TODAY            0.11          1.90 1958   0.16  -0.05     0.00
  MONTH TO DATE    0.11                      1.78  -1.67     0.75
  SINCE MAR 1     10.99                      9.88   1.11    11.00
  SINCE JAN 1     18.46                     17.13   1.33    17.51

SNOWFALL (IN)
  TODAY           MM
  MONTH TO DATE   MM
  SINCE MAR 1     MM
  SINCE JUL 1     MM
  SNOW DEPTH      MM

DEGREE DAYS
 HEATING
  TODAY            0                         4     -4        0
  MONTH TO DATE   20                        48    -28       29
  SINCE MAR 1    738                       873   -135      859
  SINCE JUL 1   4359                      4149    210     4366

 COOLING
  TODAY           11                         2      9        5
  MONTH TO DATE   59                        17     42       38
  SINCE MAR 1     82                        43     39       63
  SINCE JAN 1     82                        43     39       63
..................................................................

WIND (MPH)
  HIGHEST WIND SPEED    28   HIGHEST WIND DIRECTION     W (280)
  HIGHEST GUST SPEED    39   HIGHEST GUST DIRECTION     W (280)
  AVERAGE WIND SPEED     3.9

SKY COVER
  POSSIBLE SUNSHINE  MM
  AVERAGE SKY COVER 0.3

WEATHER CONDITIONS
 THE FOLLOWING WEATHER WAS RECORDED TODAY.
  THUNDERSTORM
  HEAVY RAIN
  LIGHT RAIN
  FOG
  HAZE

RELATIVE HUMIDITY (PERCENT)
 HIGHEST    87           300 AM
 LOWEST     44          1200 PM
 AVERAGE    66

..........................................................

THE LONDON KY CLIMATE NORMALS FOR TOMORROW
                         NORMAL    RECORD    YEAR
 MAXIMUM TEMPERATURE (F)   75        89      2000
 MINIMUM TEMPERATURE (F)   52        33      1989

SUNRISE AND SUNSET
MAY 11 2015...........SUNRISE   632 AM EDT   SUNSET   834 PM EDT
MAY 12 2015...........SUNRISE   631 AM EDT   SUNSET   835 PM EDT

-  INDICATES NEGATIVE NUMBERS.
R  INDICATES RECORD WAS SET OR TIED.
MM INDICATES DATA IS MISSING.
T  INDICATES TRACE AMOUNT.

$$

CARICO
