000
CDUS43 KJKL 052022
CLILOZ

CLIMATE REPORT
NATIONAL WEATHER SERVICE JACKSON KY
419 PM EDT TUE APR 5 2016


...................................

...THE LONDON KY CLIMATE SUMMARY FOR APRIL 5 2016...
VALID TODAY AS OF 0400 PM LOCAL TIME.

CLIMATE NORMAL PERIOD 1981 TO 2010
CLIMATE RECORD PERIOD 1954 TO 2016


WEATHER ITEM   OBSERVED TIME   RECORD YEAR NORMAL DEPARTURE LAST
                VALUE   (LST)  VALUE       VALUE  FROM      YEAR
                                                  NORMAL
..................................................................
TEMPERATURE (F)
 TODAY
  MAXIMUM         51    257 PM  86    1988  65    -14       69
  MINIMUM         33    642 AM  26    1972  41     -8       30
  AVERAGE         42                        53    -11       50

PRECIPITATION (IN)
  TODAY            0.00          0.78 2012   0.13  -0.13     0.00
  MONTH TO DATE    0.06                      0.64  -0.58     1.05
  SINCE MAR 1      2.19                      4.69  -2.50     6.38

SNOWFALL (IN)
  TODAY           MM
  MONTH TO DATE   MM
  SINCE MAR 1     MM
  SINCE JUL 1     MM
  SNOW DEPTH      MM

DEGREE DAYS
 HEATING
  TODAY           23                        12     11       15
  MONTH TO DATE   71                        63      8       49
  SINCE MAR 1    470                       612   -142      573
  SINCE JUL 1   3386                      3888   -502     4194

 COOLING
  TODAY            0                         0      0        0
  MONTH TO DATE    0                         0      0        0
  SINCE MAR 1      0                         3     -3        0
  SINCE JAN 1      0                         3     -3        0
..................................................................


WIND (MPH)
  HIGHEST WIND SPEED    17   HIGHEST WIND DIRECTION    NE (50)
  HIGHEST GUST SPEED    23   HIGHEST GUST DIRECTION    NE (50)
  AVERAGE WIND SPEED     9.8


SKY COVER
  POSSIBLE SUNSHINE  MM
  AVERAGE SKY COVER 0.3


WEATHER CONDITIONS
 THE FOLLOWING WEATHER WAS RECORDED TODAY.
  NO SIGNIFICANT WEATHER WAS OBSERVED.


RELATIVE HUMIDITY (PERCENT)
 HIGHEST    70           400 AM
 LOWEST     27           300 PM
 AVERAGE    49

..........................................................


THE LONDON KY CLIMATE NORMALS FOR TOMORROW
                         NORMAL    RECORD    YEAR
 MAXIMUM TEMPERATURE (F)   66        88      2010
 MINIMUM TEMPERATURE (F)   42        26      2007


SUNRISE AND SUNSET
APRIL  5 2016.........SUNRISE   715 AM EDT   SUNSET   803 PM EDT
APRIL  6 2016.........SUNRISE   714 AM EDT   SUNSET   804 PM EDT


-  INDICATES NEGATIVE NUMBERS.
R  INDICATES RECORD WAS SET OR TIED.
MM INDICATES DATA IS MISSING.
T  INDICATES TRACE AMOUNT.




$$
