000
CDUS43 KJKL 280839 RRA
CLILOZ

CLIMATE REPORT
NATIONAL WEATHER SERVICE JACKSON KY
439 AM EDT THU SEP 28 2017

...................................

...THE LONDON KY CLIMATE SUMMARY FOR SEPTEMBER 27 2017...

CLIMATE NORMAL PERIOD 1981 TO 2010
CLIMATE RECORD PERIOD 1954 TO 2017


WEATHER ITEM   OBSERVED TIME   RECORD YEAR NORMAL DEPARTURE LAST
                VALUE   (LST)  VALUE       VALUE  FROM      YEAR
                                                  NORMAL
..................................................................

TEMPERATURE (F)
 YESTERDAY
  MAXIMUM         87    412 PM  89    1998  76     11       76
  MINIMUM         60    711 AM  35    1991  52      8       46
  AVERAGE         74                        64     10       61

PRECIPITATION (IN)
  YESTERDAY        0.00          1.12 1976   0.11  -0.11     0.00
  MONTH TO DATE    1.79                      3.03  -1.24     1.06
  SINCE SEP 1      1.79                      3.03  -1.24     1.06

SNOWFALL (IN)
  YESTERDAY       MM
  MONTH TO DATE   MM
  SINCE SEP 1     MM
  SINCE JUL 1     MM
  SNOW DEPTH      MM

DEGREE DAYS
 HEATING
  YESTERDAY        0                         3     -3        4
  MONTH TO DATE   38                        32      6        4
  SINCE SEP 1     38                        32      6        4
  SINCE JUL 1     38                        33      5        4

 COOLING
  YESTERDAY        9                         2      7        0
  MONTH TO DATE  119                       136    -17      232
  SINCE SEP 1    119                       136    -17      232
  SINCE JAN 1   1088                      1160    -72     1455
..................................................................

WIND (MPH)
  HIGHEST WIND SPEED    10   HIGHEST WIND DIRECTION     N (10)
  HIGHEST GUST SPEED    14   HIGHEST GUST DIRECTION     N (20)
  AVERAGE WIND SPEED     2.2


SKY COVER
  POSSIBLE SUNSHINE  MM
  AVERAGE SKY COVER 0.2


WEATHER CONDITIONS
 THE FOLLOWING WEATHER WAS RECORDED YESTERDAY.
  FOG
  FOG W/VISIBILITY <= 1/4 MILE


RELATIVE HUMIDITY (PERCENT)
 HIGHEST   100           200 AM
 LOWEST     42           400 PM
 AVERAGE    71
..........................................................

THE LONDON KY CLIMATE NORMALS FOR TODAY
                         NORMAL    RECORD    YEAR
 MAXIMUM TEMPERATURE (F)   75        89      1998
                                             1959
 MINIMUM TEMPERATURE (F)   52        38      1985


SUNRISE AND SUNSET
SEPTEMBER 28 2017.....SUNRISE   729 AM EDT   SUNSET   724 PM EDT
SEPTEMBER 29 2017.....SUNRISE   730 AM EDT   SUNSET   722 PM EDT


-  INDICATES NEGATIVE NUMBERS.
R  INDICATES RECORD WAS SET OR TIED.
MM INDICATES DATA IS MISSING.
T  INDICATES TRACE AMOUNT.
$$
