000
CDUS43 KJKL 040538
CLILOZ

CLIMATE REPORT
NATIONAL WEATHER SERVICE JACKSON KY
138 AM EDT MON JUL 4 2016

...................................

...THE LONDON KY CLIMATE SUMMARY FOR JULY 3 2016...

CLIMATE NORMAL PERIOD 1981 TO 2010
CLIMATE RECORD PERIOD 1954 TO 2016

WEATHER ITEM   OBSERVED TIME   RECORD YEAR NORMAL DEPARTURE LAST
                VALUE   (LST)  VALUE       VALUE  FROM      YEAR
                                                  NORMAL
..................................................................
TEMPERATURE (F)
 YESTERDAY
  MAXIMUM         89    354 PM  95    2012  86      3       80
                                      1955
  MINIMUM         69    640 AM  56    2009  66      3       68
                                      1967
  AVERAGE         79                        76      3       74

PRECIPITATION (IN)
  YESTERDAY        0.06          3.55 2015   0.13  -0.07     3.55
  MONTH TO DATE    0.08                      0.40  -0.32     4.15
  SINCE JUN 1      2.41                      4.80  -2.39     9.12

SNOWFALL (IN)
  YESTERDAY       MM
  MONTH TO DATE   MM
  SINCE JUN 1     MM
  SINCE JUL 1     MM
  SNOW DEPTH      MM

DEGREE DAYS
 HEATING
  YESTERDAY        0                         0      0        0
  MONTH TO DATE    0                         0      0        0
  SINCE JUN 1      2                         9     -7        2
  SINCE JUL 1      0                         0      0        0

 COOLING
  YESTERDAY       14                        11      3        9
  MONTH TO DATE   31                        33     -2       25
  SINCE JUN 1    330                       276     54      332
  SINCE JAN 1    432                       390     42      526
..................................................................

WIND (MPH)
  HIGHEST WIND SPEED    13   HIGHEST WIND DIRECTION     S (180)
  HIGHEST GUST SPEED    17   HIGHEST GUST DIRECTION     S (190)
  AVERAGE WIND SPEED     3.1

SKY COVER
  POSSIBLE SUNSHINE  MM
  AVERAGE SKY COVER 0.6

WEATHER CONDITIONS
 THE FOLLOWING WEATHER WAS RECORDED YESTERDAY.
  THUNDERSTORM
  RAIN
  LIGHT RAIN
  FOG

RELATIVE HUMIDITY (PERCENT)
 HIGHEST    93          1000 PM
 LOWEST     46           300 PM
 AVERAGE    70
..........................................................

THE LONDON KY CLIMATE NORMALS FOR TODAY
                         NORMAL    RECORD    YEAR
 MAXIMUM TEMPERATURE (F)   86        98      2012
 MINIMUM TEMPERATURE (F)   66        51      1961

SUNRISE AND SUNSET
JULY  4 2016..........SUNRISE   622 AM EDT   SUNSET   900 PM EDT
JULY  5 2016..........SUNRISE   622 AM EDT   SUNSET   859 PM EDT

-  INDICATES NEGATIVE NUMBERS.
R  INDICATES RECORD WAS SET OR TIED.
MM INDICATES DATA IS MISSING.
T  INDICATES TRACE AMOUNT.

$$

ABE
