000
CDUS43 KJKL 222023
CLILOZ

CLIMATE REPORT
NATIONAL WEATHER SERVICE JACKSON KY
423 PM EDT MON JUN 22 2015

...................................

...THE LONDON KY CLIMATE SUMMARY FOR JUNE 22 2015...
VALID TODAY AS OF 0400 PM LOCAL TIME.

CLIMATE NORMAL PERIOD 1981 TO 2010
CLIMATE RECORD PERIOD 1954 TO 2015

WEATHER ITEM   OBSERVED TIME   RECORD YEAR NORMAL DEPARTURE LAST
                VALUE   (LST)  VALUE       VALUE  FROM      YEAR
                                                  NORMAL
..................................................................
TEMPERATURE (F)
 TODAY
  MAXIMUM         90    259 PM  96    1988  85      5       89
  MINIMUM         68    546 AM  43    1992  64      4       66
  AVERAGE         79                        74      5       78

PRECIPITATION (IN)
  TODAY            0.01          1.92 1960   0.15  -0.14     0.00
  MONTH TO DATE    3.26                      3.29  -0.03     1.83
  SINCE JUN 1      3.26                      3.29  -0.03     1.83
  SINCE JAN 1     23.18                     23.82  -0.64    20.82

SNOWFALL (IN)
  TODAY           MM
  MONTH TO DATE   MM
  SINCE JUN 1     MM
  SINCE JUL 1     MM
  SNOW DEPTH      MM

DEGREE DAYS
 HEATING
  TODAY            0                         0      0        0
  MONTH TO DATE    2                         7     -5        0
  SINCE JUN 1      2                         7     -5        0
  SINCE JUL 1   4382                      4203    179     4420

 COOLING
  TODAY           14                        10      4       13
  MONTH TO DATE  227                       161     66      183
  SINCE JUN 1    227                       161     66      183
  SINCE JAN 1    421                       275    146      349
..................................................................

WIND (MPH)
  HIGHEST WIND SPEED    14   HIGHEST WIND DIRECTION     W (250)
  HIGHEST GUST SPEED    18   HIGHEST GUST DIRECTION     W (250)
  AVERAGE WIND SPEED     4.7

SKY COVER
  POSSIBLE SUNSHINE  MM
  AVERAGE SKY COVER 0.1

WEATHER CONDITIONS
 THE FOLLOWING WEATHER WAS RECORDED TODAY.
  FOG
  HAZE

RELATIVE HUMIDITY (PERCENT)
 HIGHEST    84          1200 AM
 LOWEST     44           300 PM
 AVERAGE    64

..........................................................

THE LONDON KY CLIMATE NORMALS FOR TOMORROW
                         NORMAL    RECORD    YEAR
 MAXIMUM TEMPERATURE (F)   85        96      1988
 MINIMUM TEMPERATURE (F)   64        44      1972

SUNRISE AND SUNSET
JUNE 22 2015..........SUNRISE   617 AM EDT   SUNSET   900 PM EDT
JUNE 23 2015..........SUNRISE   617 AM EDT   SUNSET   900 PM EDT

-  INDICATES NEGATIVE NUMBERS.
R  INDICATES RECORD WAS SET OR TIED.
MM INDICATES DATA IS MISSING.
T  INDICATES TRACE AMOUNT.

$$

CARICO
