000
CDUS43 KJKL 090526
CLILOZ

CLIMATE REPORT
NATIONAL WEATHER SERVICE JACKSON KY
1225 AM EST TUE DEC 9 2014

...................................

...THE LONDON KY CLIMATE SUMMARY FOR DECEMBER 8 2014...

CLIMATE NORMAL PERIOD 1981 TO 2010
CLIMATE RECORD PERIOD 1954 TO 2014

WEATHER ITEM   OBSERVED TIME   RECORD YEAR NORMAL DEPARTURE LAST
                VALUE   (LST)  VALUE       VALUE  FROM      YEAR
                                                  NORMAL
..................................................................
TEMPERATURE (F)
 YESTERDAY
  MAXIMUM         50    409 PM  71    1978  50      0       50
  MINIMUM         36    739 AM  11    2006  31      5       31
                                      1958
  AVERAGE         43                        40      3       41

PRECIPITATION (IN)
  YESTERDAY        0.00          3.55 1978   0.14  -0.14     0.65
  MONTH TO DATE    1.83                      1.15   0.68     3.41
  SINCE DEC 1      1.83                      1.15   0.68     3.41
  SINCE JAN 1       MM                      44.05    MM     53.39

SNOWFALL (IN)
  YESTERDAY       MM
  MONTH TO DATE   MM
  SINCE DEC 1     MM
  SINCE JUL 1     MM
  SNOW DEPTH      MM

DEGREE DAYS
 HEATING
  YESTERDAY       22                        25     -3       24
  MONTH TO DATE  144                       191    -47      152
  SINCE DEC 1    144                       191    -47      152
  SINCE JUL 1   1088                      1021     67     1019

 COOLING
  YESTERDAY        0                         0      0        0
  MONTH TO DATE    0                         0      0        0
  SINCE DEC 1      0                         0      0        0
  SINCE JAN 1     MM                      1190     MM     1083
..................................................................

WIND (MPH)
  HIGHEST WIND SPEED    10   HIGHEST WIND DIRECTION     S (180)
  HIGHEST GUST SPEED    13   HIGHEST GUST DIRECTION     S (160)
  AVERAGE WIND SPEED     3.6

SKY COVER
  POSSIBLE SUNSHINE  MM
  AVERAGE SKY COVER 0.3

WEATHER CONDITIONS
 THE FOLLOWING WEATHER WAS RECORDED YESTERDAY.
  NO SIGNIFICANT WEATHER WAS OBSERVED.

RELATIVE HUMIDITY (PERCENT)
 HIGHEST    82           800 AM
 LOWEST     34           200 PM
 AVERAGE    58
..........................................................

THE LONDON KY CLIMATE NORMALS FOR TODAY
                         NORMAL    RECORD    YEAR
 MAXIMUM TEMPERATURE (F)   49        68      2007
 MINIMUM TEMPERATURE (F)   31        10      1976

SUNRISE AND SUNSET
DECEMBER  9 2014......SUNRISE   738 AM EST   SUNSET   519 PM EST
DECEMBER 10 2014......SUNRISE   739 AM EST   SUNSET   519 PM EST

-  INDICATES NEGATIVE NUMBERS.
R  INDICATES RECORD WAS SET OR TIED.
MM INDICATES DATA IS MISSING.
T  INDICATES TRACE AMOUNT.

$$
GREIF
