000
CDUS43 KJKL 270624
CLILOZ

CLIMATE REPORT
NATIONAL WEATHER SERVICE JACKSON KY
124 AM EST FRI FEB 27 2015


...................................

...THE LONDON KY CLIMATE SUMMARY FOR FEBRUARY 26 2015...

CLIMATE NORMAL PERIOD 1981 TO 2010
CLIMATE RECORD PERIOD 1954 TO 2015


WEATHER ITEM   OBSERVED TIME   RECORD YEAR NORMAL DEPARTURE LAST
                VALUE   (LST)  VALUE       VALUE  FROM      YEAR
                                                  NORMAL
..................................................................
TEMPERATURE (F)
 YESTERDAY
  MAXIMUM         41    316 PM  81    1977  53    -12       34
  MINIMUM         26   1159 PM   2    1967  32     -6       21
  AVERAGE         34                        42     -8       28

PRECIPITATION (IN)
  YESTERDAY        T             1.52 1962   0.14  -0.14      T
  MONTH TO DATE    5.09                      3.44   1.65     4.23
  SINCE DEC 1     11.28                     11.22   0.06    12.95
  SINCE JAN 1      7.47                      6.98   0.49     6.51

SNOWFALL (IN)
  YESTERDAY       MM
  MONTH TO DATE   MM
  SINCE DEC 1     MM
  SINCE JUL 1     MM
  SNOW DEPTH      MM

DEGREE DAYS
 HEATING
  YESTERDAY       31                        23      8       37
  MONTH TO DATE  936                       667    269      707
  SINCE DEC 1   2601                      2400    201     2571
  SINCE JUL 1   3545                      3230    315     3438

COOLING
  YESTERDAY        0                         0      0        0
  MONTH TO DATE    0                         0      0        0
  SINCE DEC 1      0                         1     -1        0
  SINCE JAN 1      0                         0      0        0
..................................................................


WIND (MPH)
  HIGHEST WIND SPEED    13   HIGHEST WIND DIRECTION     N (350)
  HIGHEST GUST SPEED    19   HIGHEST GUST DIRECTION     N (340)
  AVERAGE WIND SPEED     6.4


SKY COVER
  POSSIBLE SUNSHINE  MM
  AVERAGE SKY COVER 0.7


WEATHER CONDITIONS
 THE FOLLOWING WEATHER WAS RECORDED YESTERDAY.
  LIGHT SNOW


RELATIVE HUMIDITY (PERCENT)
 HIGHEST    78           200 AM
 LOWEST     40           200 PM
 AVERAGE    59

..........................................................


THE LONDON KY CLIMATE NORMALS FOR TODAY
                         NORMAL    RECORD    YEAR
 MAXIMUM TEMPERATURE (F)   53        75      1996
 MINIMUM TEMPERATURE (F)   32         3      1963


SUNRISE AND SUNSET
FEBRUARY 27 2015......SUNRISE   710 AM EST   SUNSET   628 PM EST
FEBRUARY 28 2015......SUNRISE   709 AM EST   SUNSET   629 PM EST


-  INDICATES NEGATIVE NUMBERS.
R  INDICATES RECORD WAS SET OR TIED.
MM INDICATES DATA IS MISSING.
T  INDICATES TRACE AMOUNT.

$$
