000
CDUS43 KJKL 010539
CLILOZ

CLIMATE REPORT
NATIONAL WEATHER SERVICE JACKSON KY
139 AM EDT MON JUN 1 2015
...................................

...THE LONDON KY CLIMATE SUMMARY FOR MAY 31 2015...

CLIMATE NORMAL PERIOD 1981 TO 2010
CLIMATE RECORD PERIOD 1954 TO 2015

WEATHER ITEM   OBSERVED TIME   RECORD YEAR NORMAL DEPARTURE LAST
                VALUE   (LST)  VALUE       VALUE  FROM      YEAR
                                                  NORMAL
..................................................................

TEMPERATURE (F)
 YESTERDAY
  MAXIMUM         83   1158 AM  90    2011  80      3       86
                                      1991
  MINIMUM         67    552 AM  38    1966  58      9       64
  AVERAGE         75                        69      6       75

PRECIPITATION (IN)
  YESTERDAY        0.03          1.10 2004   0.17  -0.14     0.00
  MONTH TO DATE    1.57                      5.18  -3.61     2.23
  SINCE MAR 1     12.45                     13.28  -0.83    12.48
  SINCE JAN 1     19.92                     20.53  -0.61    18.99

SNOWFALL (IN)
  YESTERDAY       MM
  MONTH TO DATE   MM
  SINCE MAR 1     MM
  SINCE JUL 1     MM
  SNOW DEPTH      MM

DEGREE DAYS
 HEATING
  YESTERDAY        0                         1     -1        0
  MONTH TO DATE   41                        94    -53       83
  SINCE MAR 1    759                       920   -161      913
  SINCE JUL 1   4380                      4196    184     4420

 COOLING
  YESTERDAY       10                         5      5       10
  MONTH TO DATE  171                        88     83      141
  SINCE MAR 1    194                       114     80      166
  SINCE JAN 1    194                       114     80      166
..................................................................

WIND (MPH)
  HIGHEST WIND SPEED    18   HIGHEST WIND DIRECTION     W (250)
  HIGHEST GUST SPEED    23   HIGHEST GUST DIRECTION     W (250)
  AVERAGE WIND SPEED     5.0

SKY COVER
  POSSIBLE SUNSHINE  MM
  AVERAGE SKY COVER 0.6

WEATHER CONDITIONS
 THE FOLLOWING WEATHER WAS RECORDED YESTERDAY.
  THUNDERSTORM
  LIGHT RAIN

RELATIVE HUMIDITY (PERCENT)
 HIGHEST    87           500 AM
 LOWEST     47          1200 PM
 AVERAGE    67
..........................................................

THE LONDON KY CLIMATE NORMALS FOR TODAY
                         NORMAL    RECORD    YEAR
 MAXIMUM TEMPERATURE (F)   80        89      2011
 MINIMUM TEMPERATURE (F)   58        34      1966

SUNRISE AND SUNSET
JUNE  1 2015..........SUNRISE   618 AM EDT   SUNSET   850 PM EDT
JUNE  2 2015..........SUNRISE   618 AM EDT   SUNSET   851 PM EDT

-  INDICATES NEGATIVE NUMBERS.
R  INDICATES RECORD WAS SET OR TIED.
MM INDICATES DATA IS MISSING.
T  INDICATES TRACE AMOUNT.

$$
