000
CDUS43 KJKL 290525
CLILOZ

CLIMATE REPORT
NATIONAL WEATHER SERVICE JACKSON KY
125 AM EDT MON AUG 29 2016

...................................

...THE LONDON KY CLIMATE SUMMARY FOR AUGUST 28 2016...

CLIMATE NORMAL PERIOD 1981 TO 2010
CLIMATE RECORD PERIOD 1954 TO 2016

WEATHER ITEM   OBSERVED TIME   RECORD YEAR NORMAL DEPARTURE LAST
                VALUE   (LST)  VALUE       VALUE  FROM      YEAR
                                                  NORMAL
..................................................................
TEMPERATURE (F)
 YESTERDAY
  MAXIMUM         91    312 PM  95    2007  85      6       85
  MINIMUM         69    624 AM  49    1968  63      6       57
  AVERAGE         80                        74      6       71

PRECIPITATION (IN)
  YESTERDAY        0.01          2.02 2006   0.11  -0.10     0.00
  MONTH TO DATE    4.99                      3.39   1.60     2.76
  SINCE JUN 1     15.71                     11.83   3.88    18.96

SNOWFALL (IN)
  YESTERDAY       MM
  MONTH TO DATE   MM
  SINCE JUN 1     MM
  SINCE JUL 1     MM
  SNOW DEPTH      MM

DEGREE DAYS
 HEATING
  YESTERDAY        0                         0      0        0
  MONTH TO DATE    0                         0      0        0
  SINCE JUN 1      2                         9     -7        2
  SINCE JUL 1      0                         0      0        0

 COOLING
  YESTERDAY       15                         9      6        6
  MONTH TO DATE  364                       292     72      251
  SINCE JUN 1   1078                       885    193      948
  SINCE JAN 1   1180                       999    181     1142
..................................................................

WIND (MPH)
  HIGHEST WIND SPEED    29   HIGHEST WIND DIRECTION     E (90)
  HIGHEST GUST SPEED    39   HIGHEST GUST DIRECTION     E (90)
  AVERAGE WIND SPEED     3.0

SKY COVER
  POSSIBLE SUNSHINE  MM
  AVERAGE SKY COVER 0.1

WEATHER CONDITIONS
 THE FOLLOWING WEATHER WAS RECORDED YESTERDAY.
  THUNDERSTORM
  LIGHT RAIN

RELATIVE HUMIDITY (PERCENT)
 HIGHEST    90           300 AM
 LOWEST     51           100 PM
 AVERAGE    71
..........................................................

THE LONDON KY CLIMATE NORMALS FOR TODAY
                         NORMAL    RECORD    YEAR
 MAXIMUM TEMPERATURE (F)   85        95      2007
 MINIMUM TEMPERATURE (F)   63        44      1986

SUNRISE AND SUNSET
AUGUST 29 2016........SUNRISE   705 AM EDT   SUNSET   808 PM EDT
AUGUST 30 2016........SUNRISE   706 AM EDT   SUNSET   807 PM EDT

-  INDICATES NEGATIVE NUMBERS.
R  INDICATES RECORD WAS SET OR TIED.
MM INDICATES DATA IS MISSING.
T  INDICATES TRACE AMOUNT.

$$

ABE
