000
CDUS43 KJKL 300525
CLILOZ

CLIMATE REPORT
NATIONAL WEATHER SERVICE JACKSON KY
123 AM EDT THU OCT 30 2014

...................................

...THE LONDON KY CLIMATE SUMMARY FOR OCTOBER 29 2014...

CLIMATE NORMAL PERIOD 1981 TO 2010
CLIMATE RECORD PERIOD 1954 TO 2014


WEATHER ITEM   OBSERVED TIME   RECORD YEAR NORMAL DEPARTURE LAST
                VALUE   (LST)  VALUE       VALUE  FROM      YEAR
                                                  NORMAL
..................................................................
TEMPERATURE (F)
 YESTERDAY
  MAXIMUM         64    247 PM  80    1971  65     -1       68
  MINIMUM         44   1127 PM  19    1976  41      3       56
  AVERAGE         54                        53      1       62

PRECIPITATION (IN)
  YESTERDAY        0.32          1.06 1970   0.10   0.22     0.05
  MONTH TO DATE    8.12                      2.81   5.31     3.08
  SINCE SEP 1      9.51                      6.18   3.33     5.69
  SINCE JAN 1        MM                     38.86     MM    46.73

SNOWFALL (IN)
  YESTERDAY       MM
  MONTH TO DATE   MM
  SINCE SEP 1     MM
  SINCE JUL 1     MM
  SNOW DEPTH      MM

DEGREE DAYS
 HEATING
  YESTERDAY       11                        12     -1        3
  MONTH TO DATE  188                       236    -48      229
  SINCE SEP 1    206                       282    -76      244
  SINCE JUL 1    206                       283    -77      244

 COOLING
  YESTERDAY        0                         0      0        0
  MONTH TO DATE   20                        17      3       39
  SINCE SEP 1    193                       160     33      188
  SINCE JAN 1     MM                      1184     MM     1080
..................................................................


WIND (MPH)
  HIGHEST WIND SPEED    16   HIGHEST WIND DIRECTION     W (290)
  HIGHEST GUST SPEED    21   HIGHEST GUST DIRECTION     W (250)
  AVERAGE WIND SPEED     4.4


SKY COVER
  POSSIBLE SUNSHINE  MM
  AVERAGE SKY COVER 0.5


WEATHER CONDITIONS
 THE FOLLOWING WEATHER WAS RECORDED YESTERDAY.
  HEAVY RAIN
  RAIN
  LIGHT RAIN
  FOG


RELATIVE HUMIDITY (PERCENT)
 HIGHEST    89           600 AM
 LOWEST     34           300 PM
 AVERAGE    62

..........................................................


THE LONDON KY CLIMATE NORMALS FOR TODAY
                         NORMAL    RECORD    YEAR
 MAXIMUM TEMPERATURE (F)   65        80      1971
 MINIMUM TEMPERATURE (F)   41        24      1963


SUNRISE AND SUNSET
OCTOBER 30 2014.......SUNRISE   759 AM EDT   SUNSET   641 PM EDT
OCTOBER 31 2014.......SUNRISE   800 AM EDT   SUNSET   640 PM EDT


-  INDICATES NEGATIVE NUMBERS.
R  INDICATES RECORD WAS SET OR TIED.
MM INDICATES DATA IS MISSING.
T  INDICATES TRACE AMOUNT.




$$
