000
CDUS43 KJKL 220531
CLILOZ

CLIMATE REPORT
NATIONAL WEATHER SERVICE JACKSON KY
131 AM EDT TUE APR 22 2014


...................................

...THE LONDON KY CLIMATE SUMMARY FOR APRIL 21 2014...

CLIMATE NORMAL PERIOD 1981 TO 2010
CLIMATE RECORD PERIOD 1954 TO 2014


WEATHER ITEM   OBSERVED TIME   RECORD YEAR NORMAL DEPARTURE LAST
                VALUE   (LST)  VALUE       VALUE  FROM      YEAR
                                                  NORMAL
..................................................................
TEMPERATURE (F)
 YESTERDAY
  MAXIMUM         82    133 PM  87    1963  70     12       63
  MINIMUM         47    626 AM  25    1983  46      1       37
  AVERAGE         65                        58      7       50

PRECIPITATION (IN)
  YESTERDAY        0.00          1.02 2006   0.14  -0.14     0.00
  MONTH TO DATE    1.75                      2.76  -1.01     4.34
  SINCE MAR 1      6.92                      6.81   0.11     9.79
  SINCE JAN 1     13.43                     14.06  -0.63    16.58

SNOWFALL (IN)
  YESTERDAY       MM
  MONTH TO DATE   MM
  SINCE MAR 1     MM
  SINCE JUL 1     MM
  SNOW DEPTH      MM

DEGREE DAYS
 HEATING
  YESTERDAY        0                         8     -8       15
  MONTH TO DATE  146                       218    -72      203
  SINCE MAR 1    797                       767     30      995
  SINCE JUL 1   4304                      4043    261     4343

COOLING
  YESTERDAY        0                         1     -1        0
  MONTH TO DATE   16                        13      3       20
  SINCE MAR 1     16                        16      0       20
  SINCE JAN 1     16                        16      0       20
..................................................................


WIND (MPH)
  HIGHEST WIND SPEED    15   HIGHEST WIND DIRECTION    NW (310)
  HIGHEST GUST SPEED    20   HIGHEST GUST DIRECTION     W (280)
  AVERAGE WIND SPEED     3.7


SKY COVER
  POSSIBLE SUNSHINE  MM
  AVERAGE SKY COVER 0.0


WEATHER CONDITIONS
 THE FOLLOWING WEATHER WAS RECORDED YESTERDAY.
  NO SIGNIFICANT WEATHER WAS OBSERVED.


RELATIVE HUMIDITY (PERCENT)
 HIGHEST    86           400 AM
 LOWEST     26           200 PM
 AVERAGE    56

..........................................................


THE LONDON KY CLIMATE NORMALS FOR TODAY
                         NORMAL    RECORD    YEAR
 MAXIMUM TEMPERATURE (F)   71        87      1963
 MINIMUM TEMPERATURE (F)   47        31      1986


SUNRISE AND SUNSET
APRIL 22 2014.........SUNRISE   653 AM EDT   SUNSET   817 PM EDT
APRIL 23 2014.........SUNRISE   651 AM EDT   SUNSET   818 PM EDT


-  INDICATES NEGATIVE NUMBERS.
R  INDICATES RECORD WAS SET OR TIED.
MM INDICATES DATA IS MISSING.
T  INDICATES TRACE AMOUNT.

$$
