000
CDUS43 KJKL 182020
CLILOZ

CLIMATE REPORT
NATIONAL WEATHER SERVICE JACKSON KY
420 PM EDT MON SEP 18 2017

...................................

...THE LONDON KY CLIMATE SUMMARY FOR SEPTEMBER 18 2017...
VALID TODAY AS OF 0400 PM LOCAL TIME.

CLIMATE NORMAL PERIOD 1981 TO 2010
CLIMATE RECORD PERIOD 1954 TO 2017

WEATHER ITEM   OBSERVED TIME   RECORD YEAR NORMAL DEPARTURE LAST
                VALUE   (LST)  VALUE       VALUE  FROM      YEAR
                                                  NORMAL
..................................................................
TEMPERATURE (F)
 TODAY
  MAXIMUM         83    136 PM  91    1998  79      4       72
  MINIMUM         58    653 AM  41    1961  56      2       68
  AVERAGE         71                        68      3       70

PRECIPITATION (IN)
  TODAY            0.00          2.44 1992   0.11  -0.11     0.80
  MONTH TO DATE    1.71                      2.02  -0.31     1.06
  SINCE SEP 1      1.71                      2.02  -0.31     1.06

SNOWFALL (IN)
  TODAY           MM
  MONTH TO DATE   MM
  SINCE SEP 1     MM
  SINCE JUL 1     MM
  SNOW DEPTH      MM

DEGREE DAYS
 HEATING
  TODAY            0                         2     -2        0
  MONTH TO DATE   38                         9     29        0
  SINCE SEP 1     38                         9     29        0
  SINCE JUL 1     38                        10     28        0

 COOLING
  TODAY            6                         4      2        5
  MONTH TO DATE   37                       109    -72      166
  SINCE SEP 1     37                       109    -72      166
  SINCE JAN 1   1006                      1133   -127     1389
..................................................................

WIND (MPH)
  HIGHEST WIND SPEED     8   HIGHEST WIND DIRECTION     E (90)
  HIGHEST GUST SPEED    11   HIGHEST GUST DIRECTION    NE (40)
  AVERAGE WIND SPEED     1.0

SKY COVER
  POSSIBLE SUNSHINE  MM
  AVERAGE SKY COVER 0.3

WEATHER CONDITIONS
 THE FOLLOWING WEATHER WAS RECORDED TODAY.
  FOG
  FOG W/VISIBILITY <= 1/4 MILE

RELATIVE HUMIDITY (PERCENT)
 HIGHEST   100           700 AM
 LOWEST     51           200 PM
 AVERAGE    76
..........................................................

THE LONDON KY CLIMATE NORMALS FOR TOMORROW
                         NORMAL    RECORD    YEAR
 MAXIMUM TEMPERATURE (F)   79        92      2005
                                             1978
 MINIMUM TEMPERATURE (F)   56        39      1956

SUNRISE AND SUNSET
SEPTEMBER 18 2017.....SUNRISE   721 AM EDT   SUNSET   739 PM EDT
SEPTEMBER 19 2017.....SUNRISE   722 AM EDT   SUNSET   737 PM EDT

-  INDICATES NEGATIVE NUMBERS.
R  INDICATES RECORD WAS SET OR TIED.
MM INDICATES DATA IS MISSING.
T  INDICATES TRACE AMOUNT.

$$

TAB
