000
CDUS43 KJKL 300554
CLILOZ

CLIMATE REPORT
NATIONAL WEATHER SERVICE JACKSON KY
154 AM EDT TUE JUN 30 2015
...................................

...THE LONDON KY CLIMATE SUMMARY FOR JUNE 29 2015...

CLIMATE NORMAL PERIOD 1981 TO 2010
CLIMATE RECORD PERIOD 1954 TO 2015

WEATHER ITEM   OBSERVED TIME   RECORD YEAR NORMAL DEPARTURE LAST
                VALUE   (LST)  VALUE       VALUE  FROM      YEAR
                                                  NORMAL
..................................................................
TEMPERATURE (F)
 YESTERDAY
  MAXIMUM         83    333 PM 105    2012  86     -3       84
  MINIMUM         57    417 AM  52    1973  65     -8       68
  AVERAGE         70                        76     -6       76

PRECIPITATION (IN)
  YESTERDAY        0.60          1.13 1986   0.15   0.45     0.07
  MONTH TO DATE    4.95                      4.26   0.69     2.70
  SINCE JUN 1      4.95                      4.26   0.69     2.70
  SINCE JAN 1     24.87                     24.79   0.08    21.69

SNOWFALL (IN)
  YESTERDAY       MM
  MONTH TO DATE   MM
  SINCE JUN 1     MM
  SINCE JUL 1     MM
  SNOW DEPTH      MM

DEGREE DAYS
 HEATING
  YESTERDAY        0                         0      0        0
  MONTH TO DATE    2                         7     -5        0
  SINCE JUN 1      2                         7     -5        0
  SINCE JUL 1   4382                      4203    179     4420

 COOLING
  YESTERDAY        5                        11     -6       11
  MONTH TO DATE  298                       233     65      270
  SINCE JUN 1    298                       233     65      270
  SINCE JAN 1    492                       347    145      436
..................................................................

WIND (MPH)
  HIGHEST WIND SPEED    25   HIGHEST WIND DIRECTION     W (250)
  HIGHEST GUST SPEED    32   HIGHEST GUST DIRECTION     W (270)
  AVERAGE WIND SPEED     6.0

SKY COVER
  POSSIBLE SUNSHINE  MM
  AVERAGE SKY COVER 0.5

WEATHER CONDITIONS
 THE FOLLOWING WEATHER WAS RECORDED YESTERDAY.
  THUNDERSTORM
  HEAVY RAIN
  RAIN
  LIGHT RAIN

RELATIVE HUMIDITY (PERCENT)
 HIGHEST    86           200 AM
 LOWEST     51           100 PM
 AVERAGE    69
..........................................................

THE LONDON KY CLIMATE NORMALS FOR TODAY
                         NORMAL    RECORD    YEAR
 MAXIMUM TEMPERATURE (F)   86       104      2012
 MINIMUM TEMPERATURE (F)   65        53      1962

SUNRISE AND SUNSET
JUNE 30 2015..........SUNRISE   620 AM EDT   SUNSET   900 PM EDT
JULY  1 2015..........SUNRISE   620 AM EDT   SUNSET   900 PM EDT

-  INDICATES NEGATIVE NUMBERS.
R  INDICATES RECORD WAS SET OR TIED.
MM INDICATES DATA IS MISSING.
T  INDICATES TRACE AMOUNT.

$$
