000
CDUS43 KJKL 290543
CLILOZ

CLIMATE REPORT
NATIONAL WEATHER SERVICE JACKSON KY
128 AM EDT SAT AUG 29 2015

...................................

...THE LONDON KY CLIMATE SUMMARY FOR AUGUST 28 2015...

CLIMATE NORMAL PERIOD 1981 TO 2010
CLIMATE RECORD PERIOD 1954 TO 2015

WEATHER ITEM   OBSERVED TIME   RECORD YEAR NORMAL DEPARTURE LAST
                VALUE   (LST)  VALUE       VALUE  FROM      YEAR
                                                  NORMAL
..................................................................
TEMPERATURE (F)
 YESTERDAY
  MAXIMUM         85    412 PM  95    2007  85      0       89
  MINIMUM         57    635 AM  49    1968  63     -6       68
  AVERAGE         71                        74     -3       79

PRECIPITATION (IN)
  YESTERDAY        0.00          2.02 2006   0.11  -0.11     0.00
  MONTH TO DATE    2.76                      3.39  -0.63     3.51
  SINCE JUN 1     18.96                     11.83   7.13    13.22
  SINCE JAN 1     38.88                     32.36   6.52    32.21

SNOWFALL (IN)
  YESTERDAY       MM
  MONTH TO DATE   MM
  SINCE JUN 1     MM
  SINCE JUL 1     MM
  SNOW DEPTH      MM

DEGREE DAYS
 HEATING
  YESTERDAY        0                         0      0        0
  MONTH TO DATE    0                         0      0        0
  SINCE JUN 1      2                         9     -7        0
  SINCE JUL 1      0                         0      0        0

 COOLING
  YESTERDAY        6                         9     -3       14
  MONTH TO DATE  251                       292    -41      292
  SINCE JUN 1    948                       885     63      849
  SINCE JAN 1   1142                       999    143     1015
..................................................................

WIND (MPH)
  HIGHEST WIND SPEED     9   HIGHEST WIND DIRECTION     W (270)
  HIGHEST GUST SPEED    14   HIGHEST GUST DIRECTION    NW (320)
  AVERAGE WIND SPEED     1.4

SKY COVER
  POSSIBLE SUNSHINE  MM
  AVERAGE SKY COVER 0.2

WEATHER CONDITIONS
 THE FOLLOWING WEATHER WAS RECORDED YESTERDAY.
  FOG
  HAZE

RELATIVE HUMIDITY (PERCENT)
 HIGHEST    86           400 AM
 LOWEST     43           200 PM
 AVERAGE    65
..........................................................

THE LONDON KY CLIMATE NORMALS FOR TODAY
                         NORMAL    RECORD    YEAR
 MAXIMUM TEMPERATURE (F)   85        95      2007
 MINIMUM TEMPERATURE (F)   63        44      1986

SUNRISE AND SUNSET
AUGUST 29 2015........SUNRISE   704 AM EDT   SUNSET   810 PM EDT
AUGUST 30 2015........SUNRISE   705 AM EDT   SUNSET   808 PM EDT

-  INDICATES NEGATIVE NUMBERS.
R  INDICATES RECORD WAS SET OR TIED.
MM INDICATES DATA IS MISSING.
T  INDICATES TRACE AMOUNT.

$$

SHALLENBERGER
