000
CDUS43 KJKL 152121
CLILOZ

CLIMATE REPORT
NATIONAL WEATHER SERVICE JACKSON KY
420 PM EST MON DEC 15 2014

...................................

...THE LONDON KY CLIMATE SUMMARY FOR DECEMBER 15 2014...
VALID TODAY AS OF 0400 PM LOCAL TIME.

CLIMATE NORMAL PERIOD 1981 TO 2010
CLIMATE RECORD PERIOD 1954 TO 2014

WEATHER ITEM   OBSERVED TIME   RECORD YEAR NORMAL DEPARTURE LAST
                VALUE   (LST)  VALUE       VALUE  FROM      YEAR
                                                  NORMAL
..................................................................
TEMPERATURE (F)
 TODAY
  MAXIMUM         55    336 PM  72    1971  47      8       39
  MINIMUM         36   1016 AM   2    2010  29      7       31
  AVERAGE         46                        38      8       35

PRECIPITATION (IN)
  TODAY            0.00          1.19 1982   0.14  -0.14      T
  MONTH TO DATE    1.84                      2.18  -0.34     4.07
  SINCE DEC 1      1.84                      2.18  -0.34     4.07
  SINCE JAN 1        MM                        MM     MM    54.05

SNOWFALL (IN)
  TODAY           MM
  MONTH TO DATE   MM
  SINCE DEC 1     MM
  SINCE JUL 1     MM
  SNOW DEPTH      MM

DEGREE DAYS
 HEATING
  TODAY           19                        27     -8       30
  MONTH TO DATE  334                       372    -38      362
  SINCE DEC 1    334                       372    -38      362
  SINCE JUL 1   1278                      1202     76     1229

 COOLING
  TODAY            0                         0      0        0
  MONTH TO DATE    0                         0      0        0
  SINCE DEC 1      0                         0      0        0
  SINCE JAN 1     MM                        MM     MM     1083
..................................................................

WIND (MPH)
  HIGHEST WIND SPEED    10   HIGHEST WIND DIRECTION     S (200)
  HIGHEST GUST SPEED    13   HIGHEST GUST DIRECTION    SW (230)
  AVERAGE WIND SPEED     5.0

SKY COVER
  POSSIBLE SUNSHINE  MM
  AVERAGE SKY COVER 0.7

WEATHER CONDITIONS
 THE FOLLOWING WEATHER WAS RECORDED TODAY.
  NO SIGNIFICANT WEATHER WAS OBSERVED.

RELATIVE HUMIDITY (PERCENT)
 HIGHEST    82           800 AM
 LOWEST     41           300 PM
 AVERAGE    62
..........................................................

THE LONDON KY CLIMATE NORMALS FOR TOMORROW
                         NORMAL    RECORD    YEAR
 MAXIMUM TEMPERATURE (F)   47        68      2006
 MINIMUM TEMPERATURE (F)   29        -3      1989

SUNRISE AND SUNSET
DECEMBER 15 2014......SUNRISE   742 AM EST   SUNSET   520 PM EST
DECEMBER 16 2014......SUNRISE   743 AM EST   SUNSET   521 PM EST

-  INDICATES NEGATIVE NUMBERS.
R  INDICATES RECORD WAS SET OR TIED.
MM INDICATES DATA IS MISSING.
T  INDICATES TRACE AMOUNT.

$$

TAB
