000
CDUS43 KJKL 190530
CLILOZ

CLIMATE REPORT
NATIONAL WEATHER SERVICE JACKSON KY
130 AM EDT SUN OCT 19 2014
...................................

...THE LONDON KY CLIMATE SUMMARY FOR OCTOBER 18 2014...

CLIMATE NORMAL PERIOD 1981 TO 2010
CLIMATE RECORD PERIOD 1954 TO 2014

WEATHER ITEM   OBSERVED TIME   RECORD YEAR NORMAL DEPARTURE LAST
                VALUE   (LST)  VALUE       VALUE  FROM      YEAR
                                                  NORMAL
..................................................................
TEMPERATURE (F)
 YESTERDAY
  MAXIMUM         59   1148 AM  81    1963  69    -10       62
  MINIMUM         47    724 AM  25    1969  44      3       44
  AVERAGE         53                        57     -4       53

PRECIPITATION (IN)
  YESTERDAY        T             2.01 2004   0.09  -0.09     0.00
  MONTH TO DATE    6.73                      1.69   5.04     2.70
  SINCE SEP 1      8.12                      5.06   3.06     5.31
  SINCE JAN 1        MM                     37.74     MM    46.35

SNOWFALL (IN)
  YESTERDAY       MM
  MONTH TO DATE   MM
  SINCE SEP 1     MM
  SINCE JUL 1     MM
  SNOW DEPTH      MM

DEGREE DAYS
 HEATING
  YESTERDAY       12                         9      3       12
  MONTH TO DATE   85                       120    -35       45
  SINCE SEP 1    103                       166    -63       60
  SINCE JUL 1    103                       167    -64       60

 COOLING
  YESTERDAY        0                         0      0        0
  MONTH TO DATE   20                        17      3       39
  SINCE SEP 1    193                       160     33      188
  SINCE JAN 1     MM                      1184     MM     1080
..................................................................

WIND (MPH)
  HIGHEST WIND SPEED    17   HIGHEST WIND DIRECTION    NW (330)
  HIGHEST GUST SPEED    23   HIGHEST GUST DIRECTION    NW (320)
  AVERAGE WIND SPEED     5.8

SKY COVER
  POSSIBLE SUNSHINE  MM
  AVERAGE SKY COVER 0.6

WEATHER CONDITIONS
 THE FOLLOWING WEATHER WAS RECORDED YESTERDAY.
  LIGHT RAIN

RELATIVE HUMIDITY (PERCENT)
 HIGHEST    93           700 AM
 LOWEST     62           100 PM
 AVERAGE    78
..........................................................

THE LONDON KY CLIMATE NORMALS FOR TODAY
                         NORMAL    RECORD    YEAR
 MAXIMUM TEMPERATURE (F)   69        84      2005
 MINIMUM TEMPERATURE (F)   44        29      2009

SUNRISE AND SUNSET
OCTOBER 19 2014.......SUNRISE   748 AM EDT   SUNSET   654 PM EDT
OCTOBER 20 2014.......SUNRISE   749 AM EDT   SUNSET   653 PM EDT

-  INDICATES NEGATIVE NUMBERS.
R  INDICATES RECORD WAS SET OR TIED.
MM INDICATES DATA IS MISSING.
T  INDICATES TRACE AMOUNT.

$$
