000
CDUS43 KJKL 180541
CLILOZ

CLIMATE REPORT
NATIONAL WEATHER SERVICE JACKSON KY
140 AM EDT WED OCT 18 2017

...................................

...THE LONDON KY CLIMATE SUMMARY FOR OCTOBER 17 2017...

CLIMATE NORMAL PERIOD 1981 TO 2010
CLIMATE RECORD PERIOD 1954 TO 2017


WEATHER ITEM   OBSERVED TIME   RECORD YEAR NORMAL DEPARTURE LAST
                VALUE   (LST)  VALUE       VALUE  FROM      YEAR
                                                  NORMAL
..................................................................
TEMPERATURE (F)
 YESTERDAY
  MAXIMUM         65    436 PM  82    2016  69     -4       82
                                      1965
  MINIMUM         37    647 AM  29    1991  45     -8       53
  AVERAGE         51                        57     -6       68

PRECIPITATION (IN)
  YESTERDAY        0.00          3.71 1989   0.09  -0.09     0.00
  MONTH TO DATE    3.45                      1.60   1.85     0.08
  SINCE SEP 1      5.24                      4.97   0.27     1.26

SNOWFALL (IN)
  YESTERDAY       MM
  MONTH TO DATE   MM
  SINCE SEP 1     MM
  SINCE JUL 1     MM
  SNOW DEPTH      MM

DEGREE DAYS
 HEATING
  YESTERDAY       14                         9      5        0
  MONTH TO DATE   34                       111    -77       46
  SINCE SEP 1     75                       157    -82       67
  SINCE JUL 1     75                       158    -83       67

 COOLING
  YESTERDAY        0                         0      0        3
  MONTH TO DATE   42                        17     25       22
  SINCE SEP 1    166                       160      6      254
  SINCE JAN 1   1135                      1184    -49     1477
..................................................................


WIND (MPH)
  HIGHEST WIND SPEED    10   HIGHEST WIND DIRECTION     E (100)
  HIGHEST GUST SPEED    16   HIGHEST GUST DIRECTION     E (70)
  AVERAGE WIND SPEED     1.1


SKY COVER
  POSSIBLE SUNSHINE  MM
  AVERAGE SKY COVER 0.0


WEATHER CONDITIONS
 THE FOLLOWING WEATHER WAS RECORDED YESTERDAY.
  NO SIGNIFICANT WEATHER WAS OBSERVED.


RELATIVE HUMIDITY (PERCENT)
 HIGHEST   100           600 AM
 LOWEST     34           400 PM
 AVERAGE    67

..........................................................


THE LONDON KY CLIMATE NORMALS FOR TODAY
                         NORMAL    RECORD    YEAR
 MAXIMUM TEMPERATURE (F)   69        85      2016
 MINIMUM TEMPERATURE (F)   44        25      1969


SUNRISE AND SUNSET
OCTOBER 18 2017.......SUNRISE   747 AM EDT   SUNSET   655 PM EDT
OCTOBER 19 2017.......SUNRISE   748 AM EDT   SUNSET   654 PM EDT


-  INDICATES NEGATIVE NUMBERS.
R  INDICATES RECORD WAS SET OR TIED.
MM INDICATES DATA IS MISSING.
T  INDICATES TRACE AMOUNT.




$$
