265
CDUS43 KJKL 150531
CLILOZ

CLIMATE REPORT
NATIONAL WEATHER SERVICE JACKSON KY
1231 AM EST FRI DEC 15 2017

...................................

...THE LONDON KY CLIMATE SUMMARY FOR DECEMBER 14 2017...

CLIMATE NORMAL PERIOD 1981 TO 2010
CLIMATE RECORD PERIOD 1954 TO 2017

WEATHER ITEM   OBSERVED TIME   RECORD YEAR NORMAL DEPARTURE LAST
                VALUE   (LST)  VALUE       VALUE  FROM      YEAR
                                                  NORMAL
..................................................................
TEMPERATURE (F)
 YESTERDAY
  MAXIMUM         45    113 AM  72    1984  48     -3       37
  MINIMUM         32   1159 PM   6    2010  30      2       30
  AVERAGE         39                        39      0       34

PRECIPITATION (IN)
  YESTERDAY        0.00          1.14 1956   0.14  -0.14     0.00
  MONTH TO DATE    0.66                      2.04  -1.38     2.16
  SINCE DEC 1      0.66                      2.04  -1.38     2.16

SNOWFALL (IN)
  YESTERDAY       MM
  MONTH TO DATE   MM
  SINCE DEC 1     MM
  SINCE JUL 1     MM
  SNOW DEPTH      MM

DEGREE DAYS
 HEATING
  YESTERDAY       26                        26      0       31
  MONTH TO DATE  371                       345     26      387
  SINCE DEC 1    371                       345     26      387
  SINCE JUL 1   1152                      1175    -23      978

 COOLING
  YESTERDAY        0                         0      0        0
  MONTH TO DATE    0                         0      0        0
  SINCE DEC 1      0                         0      0        0
  SINCE JAN 1   1141                      1190    -49     1507
..................................................................

WIND (MPH)
  HIGHEST WIND SPEED    21   HIGHEST WIND DIRECTION     W (280)
  HIGHEST GUST SPEED    34   HIGHEST GUST DIRECTION     W (280)
  AVERAGE WIND SPEED     7.5

SKY COVER
  POSSIBLE SUNSHINE  MM
  AVERAGE SKY COVER 0.9

WEATHER CONDITIONS
 THE FOLLOWING WEATHER WAS RECORDED YESTERDAY.
  NO SIGNIFICANT WEATHER WAS OBSERVED.

RELATIVE HUMIDITY (PERCENT)
 HIGHEST    64           500 AM
 LOWEST     37          1200 AM
 AVERAGE    51

..........................................................

THE LONDON KY CLIMATE NORMALS FOR TODAY
                         NORMAL    RECORD    YEAR
 MAXIMUM TEMPERATURE (F)   47        72      1971
 MINIMUM TEMPERATURE (F)   29         2      2010

SUNRISE AND SUNSET
DECEMBER 15 2017......SUNRISE   743 AM EST   SUNSET   521 PM EST
DECEMBER 16 2017......SUNRISE   743 AM EST   SUNSET   521 PM EST

-  INDICATES NEGATIVE NUMBERS.
R  INDICATES RECORD WAS SET OR TIED.
MM INDICATES DATA IS MISSING.
T  INDICATES TRACE AMOUNT.

$$
