000
CDUS43 KJKL 022022
CLILOZ

CLIMATE REPORT
NATIONAL WEATHER SERVICE JACKSON KY
422 PM EDT WED SEP 2 2015

...................................

...THE LONDON KY CLIMATE SUMMARY FOR SEPTEMBER 2 2015...
VALID TODAY AS OF 0400 PM LOCAL TIME.

CLIMATE NORMAL PERIOD 1981 TO 2010
CLIMATE RECORD PERIOD 1954 TO 2015

WEATHER ITEM   OBSERVED TIME   RECORD YEAR NORMAL DEPARTURE LAST
                VALUE   (LST)  VALUE       VALUE  FROM      YEAR
                                                  NORMAL
..................................................................
TEMPERATURE (F)
 TODAY
  MAXIMUM         92    150 PM  96    2011  84      8       91
  MINIMUM         66    652 AM  46    1987  62      4       70
  AVERAGE         79                        73      6       81

PRECIPITATION (IN)
  TODAY            0.00          1.72 2012   0.11  -0.11     0.37
  MONTH TO DATE    0.00                      0.21  -0.21     0.37
  SINCE SEP 1      0.00                      0.21  -0.21     0.37
  SINCE JAN 1     38.88                     32.89   5.99    35.17

SNOWFALL (IN)
  TODAY           MM
  MONTH TO DATE   MM
  SINCE SEP 1     MM
  SINCE JUL 1     MM
  SNOW DEPTH      MM

DEGREE DAYS
 HEATING
  TODAY            0                         0      0        0
  MONTH TO DATE    0                         0      0        0
  SINCE SEP 1      0                         0      0        0
  SINCE JUL 1      0                         1     -1        0

 COOLING
  TODAY           14                         8      6       16
  MONTH TO DATE   26                        16     10       32
  SINCE SEP 1     26                        16     10       32
  SINCE JAN 1   1197                      1040    157     1086
..................................................................

WIND (MPH)
  HIGHEST WIND SPEED     8   HIGHEST WIND DIRECTION     N (10)
  HIGHEST GUST SPEED    11   HIGHEST GUST DIRECTION    NE (30)
  AVERAGE WIND SPEED     0.5

SKY COVER
  POSSIBLE SUNSHINE  MM
  AVERAGE SKY COVER 0.1

WEATHER CONDITIONS
 THE FOLLOWING WEATHER WAS RECORDED TODAY.
  FOG
  HAZE

RELATIVE HUMIDITY (PERCENT)
 HIGHEST    87           300 AM
 LOWEST     36           300 PM
 AVERAGE    62

..........................................................

THE LONDON KY CLIMATE NORMALS FOR TOMORROW
                         NORMAL    RECORD    YEAR
 MAXIMUM TEMPERATURE (F)   84        96      2011
 MINIMUM TEMPERATURE (F)   62        47      1967

SUNRISE AND SUNSET
SEPTEMBER  2 2015.....SUNRISE   708 AM EDT   SUNSET   804 PM EDT
SEPTEMBER  3 2015.....SUNRISE   708 AM EDT   SUNSET   802 PM EDT

-  INDICATES NEGATIVE NUMBERS.
R  INDICATES RECORD WAS SET OR TIED.
MM INDICATES DATA IS MISSING.
T  INDICATES TRACE AMOUNT.

$$

CARICO
