000
CDUS43 KJKL 280532
CLILOZ

CLIMATE REPORT
NATIONAL WEATHER SERVICE JACKSON KY
132 AM EDT WED JUN 28 2017

...................................

...THE LONDON KY CLIMATE SUMMARY FOR JUNE 27 2017...

CLIMATE NORMAL PERIOD 1981 TO 2010
CLIMATE RECORD PERIOD 1954 TO 2017


WEATHER ITEM   OBSERVED TIME   RECORD YEAR NORMAL DEPARTURE LAST
                VALUE   (LST)  VALUE       VALUE  FROM      YEAR
                                                  NORMAL
..................................................................

TEMPERATURE (F)
 YESTERDAY
  MAXIMUM         78    329 PM  95    1978  86     -8       89
  MINIMUM         55    605 AM  48    1961  65    -10       70
  AVERAGE         67                        75     -8       80

PRECIPITATION (IN)
  YESTERDAY        0.00          1.33 2013   0.14  -0.14     0.04
  MONTH TO DATE    4.48                      3.97   0.51     2.33
  SINCE JUN 1      4.48                      3.97   0.51     2.33

SNOWFALL (IN)
  YESTERDAY       MM
  MONTH TO DATE   MM
  SINCE JUN 1     MM
  SINCE JUL 1     MM
  SNOW DEPTH      MM

DEGREE DAYS
 HEATING
  YESTERDAY        0                         0      0        0
  MONTH TO DATE    3                         7     -4        2
  SINCE JUN 1      3                         7     -4        2
  SINCE JUL 1   3322                      4203   -881     3676

 COOLING
  YESTERDAY        2                        10     -8       15
  MONTH TO DATE  168                       211    -43      273
  SINCE JUN 1    168                       211    -43      273
  SINCE JAN 1    319                       325     -6      375
..................................................................

WIND (MPH)
  HIGHEST WIND SPEED    14   HIGHEST WIND DIRECTION     N (340)
  HIGHEST GUST SPEED    20   HIGHEST GUST DIRECTION     S (170)
  AVERAGE WIND SPEED     3.7


SKY COVER
  POSSIBLE SUNSHINE  MM
  AVERAGE SKY COVER 0.1


WEATHER CONDITIONS
 THE FOLLOWING WEATHER WAS RECORDED YESTERDAY.
  NO SIGNIFICANT WEATHER WAS OBSERVED.


RELATIVE HUMIDITY (PERCENT)
 HIGHEST    93           300 AM
 LOWEST     31           300 PM
 AVERAGE    62
..........................................................

THE LONDON KY CLIMATE NORMALS FOR TODAY
                         NORMAL    RECORD    YEAR
 MAXIMUM TEMPERATURE (F)   86        99      2012
 MINIMUM TEMPERATURE (F)   65        50      1970


SUNRISE AND SUNSET
JUNE 28 2017..........SUNRISE   619 AM EDT   SUNSET   900 PM EDT
JUNE 29 2017..........SUNRISE   619 AM EDT   SUNSET   900 PM EDT


-  INDICATES NEGATIVE NUMBERS.
R  INDICATES RECORD WAS SET OR TIED.
MM INDICATES DATA IS MISSING.
T  INDICATES TRACE AMOUNT.
$$
