000
CDUS43 KJKL 170523
CLILOZ

CLIMATE REPORT
NATIONAL WEATHER SERVICE JACKSON KY
1223 AM EST SUN DEC 17 2017

...................................

...THE LONDON KY CLIMATE SUMMARY FOR DECEMBER 16 2017...

CLIMATE NORMAL PERIOD 1981 TO 2010
CLIMATE RECORD PERIOD 1954 TO 2017

WEATHER ITEM   OBSERVED TIME   RECORD YEAR NORMAL DEPARTURE LAST
                VALUE   (LST)  VALUE       VALUE  FROM      YEAR
                                                  NORMAL
..................................................................
TEMPERATURE (F)
 YESTERDAY
  MAXIMUM         50    405 PM  69    2015  47      3       46
  MINIMUM         25    309 AM  -3    1989  29     -4       15
  AVERAGE         38                        38      0       31

PRECIPITATION (IN)
  YESTERDAY        0.00          2.30 2000   0.14  -0.14     0.00
  MONTH TO DATE    0.66                      2.32  -1.66     2.16
  SINCE DEC 1      0.66                      2.32  -1.66     2.16

SNOWFALL (IN)
  YESTERDAY       MM
  MONTH TO DATE   MM
  SINCE DEC 1     MM
  SINCE JUL 1     MM
  SNOW DEPTH      MM

DEGREE DAYS
 HEATING
  YESTERDAY       27                        27      0       34
  MONTH TO DATE  432                       399     33      463
  SINCE DEC 1    432                       399     33      463
  SINCE JUL 1   1213                      1229    -16     1054

 COOLING
  YESTERDAY        0                         0      0        0
  MONTH TO DATE    0                         0      0        0
  SINCE DEC 1      0                         0      0        0
  SINCE JAN 1   1141                      1190    -49     1507
..................................................................

WIND (MPH)
  HIGHEST WIND SPEED    18   HIGHEST WIND DIRECTION    SW (240)
  HIGHEST GUST SPEED    25   HIGHEST GUST DIRECTION    SW (240)
  AVERAGE WIND SPEED     5.1

SKY COVER
  POSSIBLE SUNSHINE  MM
  AVERAGE SKY COVER 0.1

WEATHER CONDITIONS
 THE FOLLOWING WEATHER WAS RECORDED YESTERDAY.
  NO SIGNIFICANT WEATHER WAS OBSERVED.

RELATIVE HUMIDITY (PERCENT)
 HIGHEST    81           300 AM
 LOWEST     42           200 PM
 AVERAGE    62
..........................................................

THE LONDON KY CLIMATE NORMALS FOR TODAY
                         NORMAL    RECORD    YEAR
 MAXIMUM TEMPERATURE (F)   47        70      2006
 MINIMUM TEMPERATURE (F)   29         2      1989

SUNRISE AND SUNSET
DECEMBER 17 2017......SUNRISE   744 AM EST   SUNSET   521 PM EST
DECEMBER 18 2017......SUNRISE   745 AM EST   SUNSET   522 PM EST

-  INDICATES NEGATIVE NUMBERS.
R  INDICATES RECORD WAS SET OR TIED.
MM INDICATES DATA IS MISSING.
T  INDICATES TRACE AMOUNT.

$$

GEOGERIAN
