000
CDUS43 KJKL 110551
CLILOZ

CLIMATE REPORT
NATIONAL WEATHER SERVICE JACKSON KY
147 AM EDT FRI APR 11 2014

...................................

...THE LONDON KY CLIMATE SUMMARY FOR APRIL 10 2014...

CLIMATE NORMAL PERIOD 1981 TO 2010
CLIMATE RECORD PERIOD 1954 TO 2014


WEATHER ITEM   OBSERVED TIME   RECORD YEAR NORMAL DEPARTURE LAST
                VALUE   (LST)  VALUE       VALUE  FROM      YEAR
                                                  NORMAL
..................................................................
TEMPERATURE (F)
 YESTERDAY
  MAXIMUM         75    402 PM  90    1995  67      8       85
  MINIMUM         36    623 AM  24    1960  43     -7       53
  AVERAGE         56                        55      1       69

PRECIPITATION (IN)
  YESTERDAY        0.00          1.27 1994   0.13  -0.13     0.00
  MONTH TO DATE    1.35                      1.29   0.06     0.25
  SINCE MAR 1      6.52                      5.34   1.18     5.70
  SINCE JAN 1     13.03                     12.59   0.44    12.49

SNOWFALL (IN)
  YESTERDAY       MM
  MONTH TO DATE   MM
  SINCE MAR 1     MM
  SINCE JUL 1     MM
  SNOW DEPTH      MM

DEGREE DAYS
 HEATING
  YESTERDAY        9                        11     -2        0
  MONTH TO DATE   80                       119    -39      124
  SINCE MAR 1    731                       668     63      916
  SINCE JUL 1   4238                      3944    294     4264

 COOLING
  YESTERDAY        0                         1     -1        4
  MONTH TO DATE    4                         2      2        5
  SINCE MAR 1      4                         5     -1        5
  SINCE JAN 1      4                         5     -1        5
..................................................................


WIND (MPH)
  HIGHEST WIND SPEED    22   HIGHEST WIND DIRECTION    SW (210)
  HIGHEST GUST SPEED    28   HIGHEST GUST DIRECTION     S (200)
  AVERAGE WIND SPEED     7.2


SKY COVER
  POSSIBLE SUNSHINE  MM
  AVERAGE SKY COVER 0.0


WEATHER CONDITIONS
 THE FOLLOWING WEATHER WAS RECORDED YESTERDAY.
  NO SIGNIFICANT WEATHER WAS OBSERVED.


RELATIVE HUMIDITY (PERCENT)
 HIGHEST    85           500 AM
 LOWEST     20           200 PM
 AVERAGE    53

..........................................................


THE LONDON KY CLIMATE NORMALS FOR TODAY
                         NORMAL    RECORD    YEAR
 MAXIMUM TEMPERATURE (F)   67        86      1977
 MINIMUM TEMPERATURE (F)   43        22      1960


SUNRISE AND SUNSET
APRIL 11 2014.........SUNRISE   708 AM EDT   SUNSET   808 PM EDT
APRIL 12 2014.........SUNRISE   706 AM EDT   SUNSET   809 PM EDT


-  INDICATES NEGATIVE NUMBERS.
R  INDICATES RECORD WAS SET OR TIED.
MM INDICATES DATA IS MISSING.
T  INDICATES TRACE AMOUNT.




$$
