000
CDUS43 KJKL 182121
CLILOZ

CLIMATE REPORT
NATIONAL WEATHER SERVICE JACKSON KY
421 PM EST SAT FEB 18 2017

...................................

...THE LONDON KY CLIMATE SUMMARY FOR FEBRUARY 18 2017...
VALID TODAY AS OF 0400 PM LOCAL TIME.

CLIMATE NORMAL PERIOD 1981 TO 2010
CLIMATE RECORD PERIOD 1954 TO 2017

WEATHER ITEM   OBSERVED TIME   RECORD YEAR NORMAL DEPARTURE LAST
                VALUE   (LST)  VALUE       VALUE  FROM      YEAR
                                                  NORMAL
..................................................................
TEMPERATURE (F)
 TODAY
  MAXIMUM         55   1206 PM  71    1986  51      4       51
  MINIMUM         38    414 AM  -4    1958  30      8       31
  AVERAGE         47                        40      7       41

PRECIPITATION (IN)
  TODAY            0.01          1.30 1991   0.13  -0.12     0.00
  MONTH TO DATE    0.71                      2.34  -1.63     4.65
  SINCE DEC 1     11.09                     10.12   0.97    12.18
  SINCE JAN 1      4.79                      5.88  -1.09     6.73

SNOWFALL (IN)
  TODAY           MM
  MONTH TO DATE   MM
  SINCE DEC 1     MM
  SINCE JUL 1     MM
  SNOW DEPTH      MM

DEGREE DAYS
 HEATING
  TODAY           18                        25     -7       24
  MONTH TO DATE  395                       479    -84      555
  SINCE DEC 1   1881                      2212   -331     2061
  SINCE JUL 1   2472                      3042   -570     2726

 COOLING
  TODAY            0                         0      0        0
  MONTH TO DATE    0                         0      0        0
  SINCE DEC 1      0                         1     -1        0
  SINCE JAN 1      0                         0      0        0
..................................................................

WIND (MPH)
  HIGHEST WIND SPEED    17   HIGHEST WIND DIRECTION    SW (230)
  HIGHEST GUST SPEED    23   HIGHEST GUST DIRECTION    SW (230)
  AVERAGE WIND SPEED     2.4

SKY COVER
  POSSIBLE SUNSHINE  MM
  AVERAGE SKY COVER 0.5

WEATHER CONDITIONS
 THE FOLLOWING WEATHER WAS RECORDED TODAY.
  LIGHT RAIN

RELATIVE HUMIDITY (PERCENT)
 HIGHEST    70           800 AM
 LOWEST     46          1100 AM
 AVERAGE    58
..........................................................

THE LONDON KY CLIMATE NORMALS FOR TOMORROW
                         NORMAL    RECORD    YEAR
 MAXIMUM TEMPERATURE (F)   51        72      1994
 MINIMUM TEMPERATURE (F)   30        -9      2015

SUNRISE AND SUNSET
FEBRUARY 18 2017......SUNRISE   721 AM EST   SUNSET   620 PM EST
FEBRUARY 19 2017......SUNRISE   720 AM EST   SUNSET   621 PM EST

-  INDICATES NEGATIVE NUMBERS.
R  INDICATES RECORD WAS SET OR TIED.
MM INDICATES DATA IS MISSING.
T  INDICATES TRACE AMOUNT.

$$

TAB
