000
CDUS43 KJKL 210528
CLILOZ

CLIMATE REPORT
NATIONAL WEATHER SERVICE JACKSON KY
128 AM EDT SUN MAY 21 2017

...................................

...THE LONDON KY CLIMATE SUMMARY FOR MAY 20 2017...

CLIMATE NORMAL PERIOD 1981 TO 2010
CLIMATE RECORD PERIOD 1954 TO 2017

WEATHER ITEM   OBSERVED TIME   RECORD YEAR NORMAL DEPARTURE LAST
                VALUE   (LST)  VALUE       VALUE  FROM      YEAR
                                                  NORMAL
..................................................................
TEMPERATURE (F)
 YESTERDAY
  MAXIMUM         86    508 PM  90    1977  77      9       70
  MINIMUM         64    535 AM  37    2002  54     10       51
  AVERAGE         75                        66      9       61

PRECIPITATION (IN)
  YESTERDAY        0.08          1.72 1991   0.16  -0.08     1.02
  MONTH TO DATE    4.92                      3.32   1.60     4.64
  SINCE MAR 1     15.28                     11.42   3.86     9.67

SNOWFALL (IN)
  YESTERDAY       MM
  MONTH TO DATE   MM
  SINCE MAR 1     MM
  SINCE JUL 1     MM
  SNOW DEPTH      MM

DEGREE DAYS
 HEATING
  YESTERDAY        0                         3     -3        4
  MONTH TO DATE   75                        76     -1      120
  SINCE MAR 1    712                       901   -189      750
  SINCE JUL 1   3307                      4177   -870     3666

 COOLING
  YESTERDAY       10                         3      7        0
  MONTH TO DATE   62                        42     20       25
  SINCE MAR 1    119                        68     51       47
  SINCE JAN 1    119                        68     51       47
..................................................................

WIND (MPH)
  HIGHEST WIND SPEED    22   HIGHEST WIND DIRECTION     W (250)
  HIGHEST GUST SPEED    28   HIGHEST GUST DIRECTION     W (250)
  AVERAGE WIND SPEED     5.0

SKY COVER
  POSSIBLE SUNSHINE  MM
  AVERAGE SKY COVER 0.2

WEATHER CONDITIONS
 THE FOLLOWING WEATHER WAS RECORDED YESTERDAY.
  THUNDERSTORM

RELATIVE HUMIDITY (PERCENT)
 HIGHEST    93           500 AM
 LOWEST     35           500 PM
 AVERAGE    64

..........................................................

THE LONDON KY CLIMATE NORMALS FOR TODAY
                         NORMAL    RECORD    YEAR
 MAXIMUM TEMPERATURE (F)   77        88      1962
 MINIMUM TEMPERATURE (F)   55        38      2002

SUNRISE AND SUNSET
MAY 21 2017...........SUNRISE   623 AM EDT   SUNSET   843 PM EDT
MAY 22 2017...........SUNRISE   623 AM EDT   SUNSET   844 PM EDT

-  INDICATES NEGATIVE NUMBERS.
R  INDICATES RECORD WAS SET OR TIED.
MM INDICATES DATA IS MISSING.
T  INDICATES TRACE AMOUNT.

$$
