000
CDUS43 KJKL 240558
CLILOZ

CLIMATE REPORT
NATIONAL WEATHER SERVICE JACKSON KY
1258 AM EST WED DEC 24 2014

...................................

...THE LONDON KY CLIMATE SUMMARY FOR DECEMBER 23 2014...

CLIMATE NORMAL PERIOD 1981 TO 2010
CLIMATE RECORD PERIOD 1954 TO 2014

WEATHER ITEM   OBSERVED TIME   RECORD YEAR NORMAL DEPARTURE LAST
                VALUE   (LST)  VALUE       VALUE  FROM      YEAR
                                                  NORMAL
..................................................................
TEMPERATURE (F)
 YESTERDAY
  MAXIMUM         60   1227 PM  67    1970  46     14       56
  MINIMUM         50    151 AM  -9    1989  28     22       32
  AVERAGE         55                        37     18       44

PRECIPITATION (IN)
  YESTERDAY        1.02          1.41 1990   0.14   0.88     0.01
  MONTH TO DATE    2.94                      3.24  -0.30     5.58
  SINCE DEC 1      2.94                      3.24  -0.30     5.58
  SINCE JAN 1        MM                     46.14     MM    55.56

SNOWFALL (IN)
  YESTERDAY       MM
  MONTH TO DATE   MM
  SINCE DEC 1     MM
  SINCE JUL 1     MM
  SNOW DEPTH      MM

DEGREE DAYS
 HEATING
  YESTERDAY       10                        28    -18       21
  MONTH TO DATE  531                       592    -61      493
  SINCE DEC 1    531                       592    -61      493
  SINCE JUL 1   1475                      1422     53     1360

 COOLING
  YESTERDAY        0                         0      0        0
  MONTH TO DATE    0                         0      0        0
  SINCE DEC 1      0                         0      0        0
  SINCE JAN 1     MM                      1190     MM     1083
..................................................................

WIND (MPH)
  HIGHEST WIND SPEED    15   HIGHEST WIND DIRECTION     S (190)
  HIGHEST GUST SPEED    20   HIGHEST GUST DIRECTION     S (170)
  AVERAGE WIND SPEED     5.3

SKY COVER
  POSSIBLE SUNSHINE  MM
  AVERAGE SKY COVER 1.0

WEATHER CONDITIONS
 THE FOLLOWING WEATHER WAS RECORDED YESTERDAY.
  HEAVY RAIN
  RAIN
  LIGHT RAIN
  FOG

RELATIVE HUMIDITY (PERCENT)
 HIGHEST    80          1100 AM
 LOWEST     75          1200 PM
 AVERAGE    78

..........................................................


THE LONDON KY CLIMATE NORMALS FOR TODAY
                         NORMAL    RECORD    YEAR
 MAXIMUM TEMPERATURE (F)   46        72      1964
 MINIMUM TEMPERATURE (F)   28        -7      1983

SUNRISE AND SUNSET
DECEMBER 24 2014......SUNRISE   747 AM EST   SUNSET   525 PM EST
DECEMBER 25 2014......SUNRISE   748 AM EST   SUNSET   525 PM EST

-  INDICATES NEGATIVE NUMBERS.
R  INDICATES RECORD WAS SET OR TIED.
MM INDICATES DATA IS MISSING.
T  INDICATES TRACE AMOUNT.

$$
