000
CDUS43 KJKL 160551
CLILOZ

CLIMATE REPORT
NATIONAL WEATHER SERVICE JACKSON KY
151 AM EDT SUN JUL 16 2017
...................................

...THE LONDON KY CLIMATE SUMMARY FOR JULY 15 2017...

CLIMATE NORMAL PERIOD 1981 TO 2010
CLIMATE RECORD PERIOD 1954 TO 2017

WEATHER ITEM   OBSERVED TIME   RECORD YEAR NORMAL DEPARTURE LAST
                VALUE   (LST)  VALUE       VALUE  FROM      YEAR
                                                  NORMAL
..................................................................
TEMPERATURE (F)
 YESTERDAY
  MAXIMUM         86    439 PM  95    1988  87     -1       87
  MINIMUM         65   1159 PM  48    1967  66     -1       68
  AVERAGE         76                        76      0       78

PRECIPITATION (IN)
  YESTERDAY        0.00          2.28 1979   0.14  -0.14     0.00
  MONTH TO DATE    3.40                      1.98   1.42     5.43
  SINCE JUN 1      7.88                      6.38   1.50     7.76

SNOWFALL (IN)
  YESTERDAY       MM
  MONTH TO DATE   MM
  SINCE JUN 1     MM
  SINCE JUL 1     MM
  SNOW DEPTH      MM

DEGREE DAYS
 HEATING
  YESTERDAY        0                         0      0        0
  MONTH TO DATE    0                         0      0        0
  SINCE JUN 1      3                         9     -6        2
  SINCE JUL 1      0                         0      0        0

 COOLING
  YESTERDAY       11                        11      0       13
  MONTH TO DATE  176                       165     11      185
  SINCE JUN 1    363                       408    -45      484
  SINCE JAN 1    514                       522     -8      586
..................................................................

WIND (MPH)
  HIGHEST WIND SPEED    12   HIGHEST WIND DIRECTION    NW (310)
  HIGHEST GUST SPEED    16   HIGHEST GUST DIRECTION     W (290)
  AVERAGE WIND SPEED     3.6

SKY COVER
  POSSIBLE SUNSHINE  MM
  AVERAGE SKY COVER 0.4

WEATHER CONDITIONS
 THE FOLLOWING WEATHER WAS RECORDED YESTERDAY.
  FOG

RELATIVE HUMIDITY (PERCENT)
 HIGHEST    87          1200 AM
 LOWEST     44           400 PM
 AVERAGE    66
..........................................................

THE LONDON KY CLIMATE NORMALS FOR TODAY
                         NORMAL    RECORD    YEAR
 MAXIMUM TEMPERATURE (F)   87       100      1980
 MINIMUM TEMPERATURE (F)   66        50      1967

SUNRISE AND SUNSET
JULY 16 2017..........SUNRISE   629 AM EDT   SUNSET   855 PM EDT
JULY 17 2017..........SUNRISE   630 AM EDT   SUNSET   855 PM EDT

-  INDICATES NEGATIVE NUMBERS.
R  INDICATES RECORD WAS SET OR TIED.
MM INDICATES DATA IS MISSING.
T  INDICATES TRACE AMOUNT.

$$
