000
CDUS43 KJKL 190544
CLILOZ

CLIMATE REPORT
NATIONAL WEATHER SERVICE JACKSON KY
1244 AM EST WED NOV 19 2014
...................................

...THE LONDON KY CLIMATE SUMMARY FOR NOVEMBER 18 2014...

CLIMATE NORMAL PERIOD 1981 TO 2010
CLIMATE RECORD PERIOD 1954 TO 2014

WEATHER ITEM   OBSERVED TIME   RECORD YEAR NORMAL DEPARTURE LAST
                VALUE   (LST)  VALUE       VALUE  FROM      YEAR
                                                  NORMAL
..................................................................
TEMPERATURE (F)
 YESTERDAY
  MAXIMUM         27    423 PM  76    1958  58    -31       61
  MINIMUM         17   1159 PM  13    1959  36    -19       42
  AVERAGE         22                        47    -25       52

PRECIPITATION (IN)
 YESTERDAY        0.01      2.28  1957    0.14  -0.13     0.00
 MONTH TO DATE    2.61                    2.14   0.47     1.29
 SINCE SEP 1     12.35                    8.53   3.82     7.45
 SINCE JAN 1        MM                   41.21     MM    48.49

SNOWFALL (IN)
  YESTERDAY       MM
  MONTH TO DATE   MM
  SINCE SEP 1     MM
  SINCE JUL 1     MM
  SNOW DEPTH      MM

DEGREE DAYS
 HEATING
  YESTERDAY       43                        18     25       13
  MONTH TO DATE  428                       279    149      290
  SINCE SEP 1    673                       584     89      534
  SINCE JUL 1    673                       585     88      534

 COOLING
  YESTERDAY        0                         0      0        0
  MONTH TO DATE    0                         0      0        0
  SINCE SEP 1    193                       164     29      191
  SINCE JAN 1     MM                      1188     MM     1083
..................................................................

WIND (MPH)
  HIGHEST WIND SPEED    21   HIGHEST WIND DIRECTION     W (260)
  HIGHEST GUST SPEED    27   HIGHEST GUST DIRECTION     W (260)
  AVERAGE WIND SPEED     9.3

SKY COVER
  POSSIBLE SUNSHINE  MM
  AVERAGE SKY COVER 0.4

WEATHER CONDITIONS
 THE FOLLOWING WEATHER WAS RECORDED YESTERDAY.
  LIGHT SNOW

RELATIVE HUMIDITY (PERCENT)
 HIGHEST    80          1100 PM
 LOWEST     42           300 PM
 AVERAGE    61
..........................................................

THE LONDON KY CLIMATE NORMALS FOR TODAY
                         NORMAL    RECORD    YEAR
 MAXIMUM TEMPERATURE (F)   57        77      1985
 MINIMUM TEMPERATURE (F)   36        18      2008

SUNRISE AND SUNSET
NOVEMBER 19 2014......SUNRISE   719 AM EST   SUNSET   524 PM EST
NOVEMBER 20 2014......SUNRISE   720 AM EST   SUNSET   523 PM EST

-  INDICATES NEGATIVE NUMBERS.
R  INDICATES RECORD WAS SET OR TIED.
MM INDICATES DATA IS MISSING.
T  INDICATES TRACE AMOUNT.

$$
