000
CDUS43 KJKL 152022
CLILOZ

CLIMATE REPORT
NATIONAL WEATHER SERVICE JACKSON KY
420 PM EDT WED MAR 15 2017


...................................

...THE LONDON KY CLIMATE SUMMARY FOR MARCH 15 2017...
VALID TODAY AS OF 0400 PM LOCAL TIME.

CLIMATE NORMAL PERIOD 1981 TO 2010
CLIMATE RECORD PERIOD 1954 TO 2017


WEATHER ITEM   OBSERVED TIME   RECORD YEAR NORMAL DEPARTURE LAST
                VALUE   (LST)  VALUE       VALUE  FROM      YEAR
                                                  NORMAL
..................................................................
TEMPERATURE (F)
 TODAY
  MAXIMUM         32    222 PM  84    1977  58    -26       79
  MINIMUM         17    645 AM   1    1993  36    -19       48
  AVERAGE         25                        47    -22       64

PRECIPITATION (IN)
  TODAY            0.00          0.99 1982   0.13  -0.13     0.00
  MONTH TO DATE    2.49                      1.96   0.53     1.05
  SINCE MAR 1      2.49                      1.96   0.53     1.05

SNOWFALL (IN)
  TODAY           MM
  MONTH TO DATE   MM
  SINCE MAR 1     MM
  SINCE JUL 1     MM
  SNOW DEPTH      MM

DEGREE DAYS
 HEATING
  TODAY           40                        18     22        1
  MONTH TO DATE  333                       299     34      200
  SINCE MAR 1    333                       299     34      200
  SINCE JUL 1   2928                      3575   -647     3116

 COOLING
  TODAY            0                         0      0        0
  MONTH TO DATE    0                         0      0        0
  SINCE MAR 1      0                         0      0        0
  SINCE JAN 1      0                         0      0        0
..................................................................


WIND (MPH)
  HIGHEST WIND SPEED    18   HIGHEST WIND DIRECTION    NW (300)
  HIGHEST GUST SPEED    28   HIGHEST GUST DIRECTION     N (340)
  AVERAGE WIND SPEED    10.9


SKY COVER
  POSSIBLE SUNSHINE  MM
  AVERAGE SKY COVER 0.5


WEATHER CONDITIONS
 THE FOLLOWING WEATHER WAS RECORDED TODAY.
  NO SIGNIFICANT WEATHER WAS OBSERVED.


RELATIVE HUMIDITY (PERCENT)
 HIGHEST    68          1200 AM
 LOWEST     36           200 PM
 AVERAGE    52

..........................................................


THE LONDON KY CLIMATE NORMALS FOR TOMORROW
                         NORMAL    RECORD    YEAR
 MAXIMUM TEMPERATURE (F)   59        77      1995
                                             1982
 MINIMUM TEMPERATURE (F)   36        10      1970


SUNRISE AND SUNSET
MARCH 15 2017.........SUNRISE   747 AM EDT   SUNSET   744 PM EDT
MARCH 16 2017.........SUNRISE   745 AM EDT   SUNSET   745 PM EDT


-  INDICATES NEGATIVE NUMBERS.
R  INDICATES RECORD WAS SET OR TIED.
MM INDICATES DATA IS MISSING.
T  INDICATES TRACE AMOUNT.




$$
