209
CDUS43 KJKL 200525
CLILOZ

CLIMATE REPORT
NATIONAL WEATHER SERVICE JACKSON KY
125 AM EDT THU APR 20 2017

...................................

...THE LONDON KY CLIMATE SUMMARY FOR APRIL 19 2017...

CLIMATE NORMAL PERIOD 1981 TO 2010
CLIMATE RECORD PERIOD 1954 TO 2017

WEATHER ITEM   OBSERVED TIME   RECORD YEAR NORMAL DEPARTURE LAST
                VALUE   (LST)  VALUE       VALUE  FROM      YEAR
                                                  NORMAL
..................................................................
TEMPERATURE (F)
 YESTERDAY
  MAXIMUM         77    216 PM  87    2002  70      7       83
                                      1970
  MINIMUM         61   1159 PM  24    1983  46     15       48
  AVERAGE         69                        58     11       66

PRECIPITATION (IN)
  YESTERDAY        0.31          1.14 2013   0.14   0.17     0.00
  MONTH TO DATE    1.86                      2.48  -0.62     0.98
  SINCE MAR 1      6.89                      6.53   0.36     3.11

SNOWFALL (IN)
  YESTERDAY       MM
  MONTH TO DATE   MM
  SINCE MAR 1     MM
  SINCE JUL 1     MM
  SNOW DEPTH      MM

DEGREE DAYS
 HEATING
  YESTERDAY        0                         8     -8        0
  MONTH TO DATE   90                       202   -112      216
  SINCE MAR 1    603                       751   -148      615
  SINCE JUL 1   3198                      4027   -829     3531

 COOLING
  YESTERDAY        4                         1      3        1
  MONTH TO DATE   20                        11      9        2
  SINCE MAR 1     23                        14      9        2
  SINCE JAN 1     23                        14      9        2
..................................................................

WIND (MPH)
  HIGHEST WIND SPEED    15   HIGHEST WIND DIRECTION    SW (230)
  HIGHEST GUST SPEED    23   HIGHEST GUST DIRECTION     W (250)
  AVERAGE WIND SPEED     4.5

SKY COVER
  POSSIBLE SUNSHINE  MM
  AVERAGE SKY COVER 0.7

WEATHER CONDITIONS
 THE FOLLOWING WEATHER WAS RECORDED YESTERDAY.
  THUNDERSTORM
  RAIN
  LIGHT RAIN
  FOG

RELATIVE HUMIDITY (PERCENT)
 HIGHEST    90          1100 PM
 LOWEST     58           200 PM
 AVERAGE    74
..........................................................

THE LONDON KY CLIMATE NORMALS FOR TODAY
                         NORMAL    RECORD    YEAR
 MAXIMUM TEMPERATURE (F)   70        88      1964
 MINIMUM TEMPERATURE (F)   46        23      1983

SUNRISE AND SUNSET
APRIL 20 2017.........SUNRISE   655 AM EDT   SUNSET   816 PM EDT
APRIL 21 2017.........SUNRISE   654 AM EDT   SUNSET   817 PM EDT

-  INDICATES NEGATIVE NUMBERS.
R  INDICATES RECORD WAS SET OR TIED.
MM INDICATES DATA IS MISSING.
T  INDICATES TRACE AMOUNT.

$$
GREIF
