000
CDUS43 KJKL 250647
CLILOZ

CLIMATE REPORT
NATIONAL WEATHER SERVICE JACKSON KY
146 AM EST TUE NOV 25 2014


...................................

...THE LONDON KY CLIMATE SUMMARY FOR NOVEMBER 24 2014...

CLIMATE NORMAL PERIOD 1981 TO 2010
CLIMATE RECORD PERIOD 1954 TO 2014


WEATHER ITEM   OBSERVED TIME   RECORD YEAR NORMAL DEPARTURE LAST
                VALUE   (LST)  VALUE       VALUE  FROM      YEAR
                                                  NORMAL
..................................................................
TEMPERATURE (F)
 YESTERDAY
  MAXIMUM         70   1153 AM  74    1973  55     15       32
  MINIMUM         44   1150 PM   9    1970  34     10       19
  AVERAGE         57                        45     12       26

PRECIPITATION (IN)
  YESTERDAY        T             1.25 2001   0.13  -0.13      T
  MONTH TO DATE    2.82                      2.97  -0.15     1.60
  SINCE SEP 1     12.56                      9.36   3.20     7.76
  SINCE JAN 1        MM                     42.04     MM    48.80

SNOWFALL (IN)
  YESTERDAY       MM
  MONTH TO DATE   MM
  SINCE SEP 1     MM
  SINCE JUL 1     MM
  SNOW DEPTH      MM

DEGREE DAYS
 HEATING
  YESTERDAY        8                        20    -12       39
  MONTH TO DATE  564                       396    168      432
  SINCE SEP 1    809                       701    108      676
  SINCE JUL 1    809                       702    107      676

COOLING
  YESTERDAY        0                         0      0        0
  MONTH TO DATE    0                         0      0        0
  SINCE SEP 1    193                       164     29      191
  SINCE JAN 1     MM                      1188     MM     1083
..................................................................


WIND (MPH)
  HIGHEST WIND SPEED    33   HIGHEST WIND DIRECTION    SW (220)
  HIGHEST GUST SPEED    55   HIGHEST GUST DIRECTION    SW (230)
  AVERAGE WIND SPEED    15.7


SKY COVER
  POSSIBLE SUNSHINE  MM
  AVERAGE SKY COVER 0.4


WEATHER CONDITIONS
 THE FOLLOWING WEATHER WAS RECORDED YESTERDAY.
  LIGHT RAIN


RELATIVE HUMIDITY (PERCENT)
 HIGHEST    72           100 AM
 LOWEST     37          1200 PM
 AVERAGE    55

..........................................................


THE LONDON KY CLIMATE NORMALS FOR TODAY
                         NORMAL    RECORD    YEAR
 MAXIMUM TEMPERATURE (F)   55        74      1987
 MINIMUM TEMPERATURE (F)   34        10      1970


SUNRISE AND SUNSET
NOVEMBER 25 2014......SUNRISE   725 AM EST   SUNSET   521 PM EST
NOVEMBER 26 2014......SUNRISE   726 AM EST   SUNSET   521 PM EST


-  INDICATES NEGATIVE NUMBERS.
R  INDICATES RECORD WAS SET OR TIED.
MM INDICATES DATA IS MISSING.
T  INDICATES TRACE AMOUNT.

$$
