000
CDUS43 KJKL 202023 RRA
CLILOZ

CLIMATE REPORT
NATIONAL WEATHER SERVICE JACKSON KY
419 PM EDT TUE SEP 20 2016


...................................

...THE LONDON KY CLIMATE SUMMARY FOR SEPTEMBER 20 2016...
VALID TODAY AS OF 0400 PM LOCAL TIME.

CLIMATE NORMAL PERIOD 1981 TO 2010
CLIMATE RECORD PERIOD 1954 TO 2016


WEATHER ITEM   OBSERVED TIME   RECORD YEAR NORMAL DEPARTURE LAST
                VALUE   (LST)  VALUE       VALUE  FROM      YEAR
                                                  NORMAL
..................................................................
TEMPERATURE (F)
 TODAY
  MAXIMUM         85    229 PM  92    1955  78      7       75
  MINIMUM         58    616 AM  40    1956  55      3       60
  AVERAGE         72                        67      5       68

PRECIPITATION (IN)
  TODAY            0.00          1.62 1958   0.11  -0.11     0.00
  MONTH TO DATE    1.06                      2.24  -1.18     2.31
  SINCE SEP 1      1.06                      2.24  -1.18     2.31

SNOWFALL (IN)
  TODAY           MM
  MONTH TO DATE   MM
  SINCE SEP 1     MM
  SINCE JUL 1     MM
  SNOW DEPTH      MM

DEGREE DAYS
 HEATING
  TODAY            0                         2     -2        0
  MONTH TO DATE    0                        13    -13       12
  SINCE SEP 1      0                        13    -13       12
  SINCE JUL 1      0                        14    -14       12

 COOLING
  TODAY            7                         4      3        3
  MONTH TO DATE  181                       117     64      151
  SINCE SEP 1    181                       117     64      151
  SINCE JAN 1   1404                      1141    263     1322
..................................................................


WIND (MPH)
  HIGHEST WIND SPEED    13   HIGHEST WIND DIRECTION    NE (30)
  HIGHEST GUST SPEED    17   HIGHEST GUST DIRECTION    NE (30)
  AVERAGE WIND SPEED     2.2


SKY COVER
  POSSIBLE SUNSHINE  MM
  AVERAGE SKY COVER 0.3


WEATHER CONDITIONS
 THE FOLLOWING WEATHER WAS RECORDED TODAY.
  FOG
  FOG W/VISIBILITY <= 1/4 MILE


RELATIVE HUMIDITY (PERCENT)
 HIGHEST    97           400 AM
 LOWEST     43           100 PM
 AVERAGE    70

..........................................................


THE LONDON KY CLIMATE NORMALS FOR TOMORROW
                         NORMAL    RECORD    YEAR
 MAXIMUM TEMPERATURE (F)   78        93      1955
 MINIMUM TEMPERATURE (F)   55        35      1956


SUNRISE AND SUNSET
SEPTEMBER 20 2016.....SUNRISE   723 AM EDT   SUNSET   736 PM EDT
SEPTEMBER 21 2016.....SUNRISE   724 AM EDT   SUNSET   734 PM EDT


-  INDICATES NEGATIVE NUMBERS.
R  INDICATES RECORD WAS SET OR TIED.
MM INDICATES DATA IS MISSING.
T  INDICATES TRACE AMOUNT.




$$
