921
CDUS43 KJKL 262021
CLILOZ

CLIMATE REPORT
NATIONAL WEATHER SERVICE JACKSON KY
422 PM EDT THU MAY 26 2016

...................................

...THE LONDON KY CLIMATE SUMMARY FOR MAY 26 2016...
VALID TODAY AS OF 0400 PM LOCAL TIME.

CLIMATE NORMAL PERIOD 1981 TO 2010
CLIMATE RECORD PERIOD 1954 TO 2016

WEATHER ITEM   OBSERVED TIME   RECORD YEAR NORMAL DEPARTURE LAST
                VALUE   (LST)  VALUE       VALUE  FROM      YEAR
                                                  NORMAL
..................................................................
TEMPERATURE (F)
 TODAY
  MAXIMUM         78    259 PM  88    2012  79     -1       87
                                      1955
  MINIMUM         63    653 AM  38    1979  56      7       67
  AVERAGE         71                        67      4       77

PRECIPITATION (IN)
  TODAY            0.36          2.55 2004   0.17   0.19     0.29
  MONTH TO DATE    5.16                      4.32   0.84     0.93
  SINCE MAR 1     10.19                     12.42  -2.23    11.81

SNOWFALL (IN)
  TODAY           MM
  MONTH TO DATE   MM
  SINCE MAR 1     MM
  SINCE JUL 1     MM
  SNOW DEPTH      MM

DEGREE DAYS
 HEATING
  TODAY            0                         2     -2        0
  MONTH TO DATE  128                        88     40       41
  SINCE MAR 1    758                       913   -155      759
  SINCE JUL 1   3674                      4189   -515     4380

 COOLING
  TODAY            6                         4      2       12
  MONTH TO DATE   35                        65    -30      128
  SINCE MAR 1     57                        91    -34      151
  SINCE JAN 1     57                        91    -34      151
..................................................................

WIND (MPH)
  HIGHEST WIND SPEED    18   HIGHEST WIND DIRECTION     W (270)
  HIGHEST GUST SPEED    25   HIGHEST GUST DIRECTION     W (260)
  AVERAGE WIND SPEED     3.8

SKY COVER
  POSSIBLE SUNSHINE  MM
  AVERAGE SKY COVER 0.7

WEATHER CONDITIONS
 THE FOLLOWING WEATHER WAS RECORDED TODAY.
  HEAVY RAIN
  RAIN
  LIGHT RAIN
  FOG

RELATIVE HUMIDITY (PERCENT)
 HIGHEST    93           600 AM
 LOWEST     64           300 PM
 AVERAGE    79
..........................................................

THE LONDON KY CLIMATE NORMALS FOR TOMORROW
                         NORMAL    RECORD    YEAR
 MAXIMUM TEMPERATURE (F)   79        90      2012
 MINIMUM TEMPERATURE (F)   56        31      1961

SUNRISE AND SUNSET
MAY 26 2016...........SUNRISE   620 AM EDT   SUNSET   847 PM EDT
MAY 27 2016...........SUNRISE   620 AM EDT   SUNSET   848 PM EDT

-  INDICATES NEGATIVE NUMBERS.
R  INDICATES RECORD WAS SET OR TIED.
MM INDICATES DATA IS MISSING.
T  INDICATES TRACE AMOUNT.

$$

TAB
