000
CDUS43 KJKL 220611
CLILOZ

CLIMATE REPORT
NATIONAL WEATHER SERVICE JACKSON KY
111 AM EST MON DEC 22 2014


...................................

...THE LONDON KY CLIMATE SUMMARY FOR DECEMBER 21 2014...

CLIMATE NORMAL PERIOD 1981 TO 2010
CLIMATE RECORD PERIOD 1954 TO 2014


WEATHER ITEM   OBSERVED TIME   RECORD YEAR NORMAL DEPARTURE LAST
                VALUE   (LST)  VALUE       VALUE  FROM      YEAR
                                                  NORMAL
..................................................................
TEMPERATURE (F)
 YESTERDAY
  MAXIMUM         50    420 PM  72    2013  46      4       72
                                      1967
  MINIMUM         22    807 AM   0    1960  28     -6       56
  AVERAGE         36                        37     -1       64

PRECIPITATION (IN)
  YESTERDAY        0.00          1.47 1981   0.13  -0.13     0.15
  MONTH TO DATE    1.92                      2.97  -1.05     4.22
  SINCE DEC 1      1.92                      2.97  -1.05     4.22
  SINCE JAN 1        MM                     45.87     MM    54.20

SNOWFALL (IN)
  YESTERDAY       MM
  MONTH TO DATE   MM
  SINCE DEC 1     MM
  SINCE JUL 1     MM
  SNOW DEPTH      MM

DEGREE DAYS
 HEATING
  YESTERDAY       29                        28      1        1
  MONTH TO DATE  499                       536    -37      470
  SINCE DEC 1    499                       536    -37      470
  SINCE JUL 1   1448                      1366     82     1337

COOLING
  YESTERDAY        0                         0      0        0
  MONTH TO DATE    0                         0      0        0
  SINCE DEC 1      0                         0      0        0
  SINCE JAN 1     MM                       1190    MM     1083
..................................................................


WIND (MPH)
  HIGHEST WIND SPEED     8   HIGHEST WIND DIRECTION     E (100)
  HIGHEST GUST SPEED    11   HIGHEST GUST DIRECTION     E (80)
  AVERAGE WIND SPEED     2.2


SKY COVER
  POSSIBLE SUNSHINE  MM
  AVERAGE SKY COVER 0.1


WEATHER CONDITIONS
 THE FOLLOWING WEATHER WAS RECORDED YESTERDAY.
  HAZE


RELATIVE HUMIDITY (PERCENT)
 HIGHEST    78          1000 AM
 LOWEST     46           300 PM
 AVERAGE    62

..........................................................


THE LONDON KY CLIMATE NORMALS FOR TODAY
                         NORMAL    RECORD    YEAR
 MAXIMUM TEMPERATURE (F)   46        70      2013
 MINIMUM TEMPERATURE (F)   28       -11      1989


SUNRISE AND SUNSET
DECEMBER 22 2014......SUNRISE   747 AM EST   SUNSET   523 PM EST
DECEMBER 23 2014......SUNRISE   747 AM EST   SUNSET   524 PM EST


-  INDICATES NEGATIVE NUMBERS.
R  INDICATES RECORD WAS SET OR TIED.
MM INDICATES DATA IS MISSING.
T  INDICATES TRACE AMOUNT.

$$
