000
CDUS43 KJKL 252025
CLILOZ

CLIMATE REPORT
NATIONAL WEATHER SERVICE JACKSON KY
425 PM EDT THU SEP 25 2014

...................................

...THE LONDON KY CLIMATE SUMMARY FOR SEPTEMBER 25 2014...
VALID TODAY AS OF 0400 PM LOCAL TIME.

CLIMATE NORMAL PERIOD 1981 TO 2010
CLIMATE RECORD PERIOD 1954 TO 2014

WEATHER ITEM   OBSERVED TIME   RECORD YEAR NORMAL DEPARTURE LAST
                VALUE   (LST)  VALUE       VALUE  FROM      YEAR
                                                  NORMAL
..................................................................
TEMPERATURE (F)
 TODAY
  MAXIMUM         82    259 PM  90    2007  76      6       74
                                      1961
  MINIMUM         53    614 AM  35    1965  53      0       63
  AVERAGE         68                        65      3       69

PRECIPITATION (IN)
  TODAY            0.00          1.42 2000   0.11  -0.11     0.37
  MONTH TO DATE    1.38                      2.80  -1.42     2.61
  SINCE SEP 1      1.38                      2.80  -1.42     2.61
  SINCE JAN 1       MM                      35.48    MM     43.65

SNOWFALL (IN)
  TODAY           MM
  MONTH TO DATE   MM
  SINCE SEP 1     MM
  SINCE JUL 1     MM
  SNOW DEPTH      MM

DEGREE DAYS
 HEATING
  TODAY            0                         3     -3        0
  MONTH TO DATE   18                        26     -8       14
  SINCE SEP 1     18                        26     -8       14
  SINCE JUL 1     18                        27     -9       14

 COOLING
  TODAY            3                         3      0        4
  MONTH TO DATE  147                       132     15      143
  SINCE SEP 1    147                       132     15      143
  SINCE JAN 1     MM                      1156     MM     1035
..................................................................

WIND (MPH)
  HIGHEST WIND SPEED    10   HIGHEST WIND DIRECTION     E (80)
  HIGHEST GUST SPEED    15   HIGHEST GUST DIRECTION    NE (30)
  AVERAGE WIND SPEED     1.1

SKY COVER
  POSSIBLE SUNSHINE  MM
  AVERAGE SKY COVER 0.1

WEATHER CONDITIONS
 THE FOLLOWING WEATHER WAS RECORDED TODAY.
  NO SIGNIFICANT WEATHER WAS OBSERVED.

RELATIVE HUMIDITY (PERCENT)
 HIGHEST    93           100 AM
 LOWEST     50          1200 PM
 AVERAGE    72

..........................................................

THE LONDON KY CLIMATE NORMALS FOR TOMORROW
                         NORMAL    RECORD    YEAR
 MAXIMUM TEMPERATURE (F)   76        90      2007
                                             1958
 MINIMUM TEMPERATURE (F)   53        34      2001

SUNRISE AND SUNSET
SEPTEMBER 25 2014.....SUNRISE   727 AM EDT   SUNSET   729 PM EDT
SEPTEMBER 26 2014.....SUNRISE   727 AM EDT   SUNSET   727 PM EDT

-  INDICATES NEGATIVE NUMBERS.
R  INDICATES RECORD WAS SET OR TIED.
MM INDICATES DATA IS MISSING.
T  INDICATES TRACE AMOUNT.

$$

CARICO
