000
CDUS43 KJKL 242019 RRA
CLILOZ

CLIMATE REPORT
NATIONAL WEATHER SERVICE JACKSON KY
420 PM EDT FRI JUL 24 2015

...................................

...THE LONDON KY CLIMATE SUMMARY FOR JULY 24 2015...
VALID TODAY AS OF 0400 PM LOCAL TIME.

CLIMATE NORMAL PERIOD 1981 TO 2010
CLIMATE RECORD PERIOD 1954 TO 2015

WEATHER ITEM   OBSERVED TIME   RECORD YEAR NORMAL DEPARTURE LAST
                VALUE   (LST)  VALUE       VALUE  FROM      YEAR
                                                  NORMAL
..................................................................
TEMPERATURE (F)
 TODAY
  MAXIMUM         85    244 PM  96    1987  86     -1       75
  MINIMUM         67    626 AM  57    2008  66      1       60
                                      2003
                                      1962
  AVERAGE         76                        76      0       68

PRECIPITATION (IN)
  TODAY            0.00          1.01 1992   0.14  -0.14     0.21
  MONTH TO DATE   10.96                      3.17   7.79     6.60
  SINCE JUN 1     15.93                      7.57   8.36     9.31
  SINCE JAN 1     35.85                     28.10   7.75    28.30

SNOWFALL (IN)
  TODAY           MM
  MONTH TO DATE   MM
  SINCE JUN 1     MM
  SINCE JUL 1     MM
  SNOW DEPTH      MM

DEGREE DAYS
 HEATING
  TODAY            0                         0      0        0
  MONTH TO DATE    0                         0      0        0
  SINCE JUN 1      2                         9     -7        0
  SINCE JUL 1      0                         0      0        0

 COOLING
  TODAY           11                        11      0        3
  MONTH TO DATE  296                       264     32      236
  SINCE JUN 1    603                       507     96      518
  SINCE JAN 1    797                       621    176      684
..................................................................

WIND (MPH)
  HIGHEST WIND SPEED     9   HIGHEST WIND DIRECTION    NE (60)
  HIGHEST GUST SPEED    14   HIGHEST GUST DIRECTION     N (20)
  AVERAGE WIND SPEED     4.5

SKY COVER
  POSSIBLE SUNSHINE  MM
  AVERAGE SKY COVER 0.3

WEATHER CONDITIONS
 THE FOLLOWING WEATHER WAS RECORDED TODAY.
  NO SIGNIFICANT WEATHER WAS OBSERVED.

RELATIVE HUMIDITY (PERCENT)
 HIGHEST    84           100 AM
 LOWEST     44           200 PM
 AVERAGE    64
..........................................................

THE LONDON KY CLIMATE NORMALS FOR TOMORROW
                         NORMAL    RECORD    YEAR
 MAXIMUM TEMPERATURE (F)   86        96      1987
 MINIMUM TEMPERATURE (F)   66        55      1966

SUNRISE AND SUNSET
JULY 24 2015..........SUNRISE   635 AM EDT   SUNSET   850 PM EDT
JULY 25 2015..........SUNRISE   636 AM EDT   SUNSET   850 PM EDT

-  INDICATES NEGATIVE NUMBERS.
R  INDICATES RECORD WAS SET OR TIED.
MM INDICATES DATA IS MISSING.
T  INDICATES TRACE AMOUNT.

$$

TAB
