000
CDUS43 KJKL 230555
CLILOZ

CLIMATE REPORT
NATIONAL WEATHER SERVICE JACKSON KY
1253 AM EST SUN NOV 23 2014

...................................

...THE LONDON KY CLIMATE SUMMARY FOR NOVEMBER 22 2014...

CLIMATE NORMAL PERIOD 1981 TO 2010
CLIMATE RECORD PERIOD 1954 TO 2014


WEATHER ITEM   OBSERVED TIME   RECORD YEAR NORMAL DEPARTURE LAST
                VALUE   (LST)  VALUE       VALUE  FROM      YEAR
                                                  NORMAL
..................................................................
TEMPERATURE (F)
 YESTERDAY
  MAXIMUM         60    202 PM  75    1963  56      4       61
  MINIMUM         26    210 AM  11    1964  35     -9       44
  AVERAGE         43                        45     -2       53

PRECIPITATION (IN)
  YESTERDAY        0.00          2.18 1991   0.14  -0.14     0.31
  MONTH TO DATE    2.61                      2.70  -0.09     1.60
  SINCE SEP 1     12.35                      9.09   3.26     7.76
  SINCE JAN 1        MM                     41.77     MM    48.80

SNOWFALL (IN)
  YESTERDAY       MM
  MONTH TO DATE   MM
  SINCE SEP 1     MM
  SINCE JUL 1     MM
  SNOW DEPTH      MM

DEGREE DAYS
 HEATING
  YESTERDAY       22                        20      2       12
  MONTH TO DATE  544                       356    188      363
  SINCE SEP 1    789                       661    128      607
  SINCE JUL 1    789                       662    127      607

 COOLING
  YESTERDAY        0                         0      0        0
  MONTH TO DATE    0                         0      0        0
  SINCE SEP 1    193                       164     29      191
  SINCE JAN 1     MM                      1188     MM     1083
..................................................................


WIND (MPH)
  HIGHEST WIND SPEED    16   HIGHEST WIND DIRECTION     S (190)
  HIGHEST GUST SPEED    21   HIGHEST GUST DIRECTION     S (180)
  AVERAGE WIND SPEED     4.7


SKY COVER
  POSSIBLE SUNSHINE  MM
  AVERAGE SKY COVER 0.2


WEATHER CONDITIONS
 THE FOLLOWING WEATHER WAS RECORDED YESTERDAY.
  NO SIGNIFICANT WEATHER WAS OBSERVED.


RELATIVE HUMIDITY (PERCENT)
 HIGHEST    75           200 AM
 LOWEST     28           200 PM
 AVERAGE    52

..........................................................


THE LONDON KY CLIMATE NORMALS FOR TODAY
                         NORMAL    RECORD    YEAR
 MAXIMUM TEMPERATURE (F)   55        74      1999
 MINIMUM TEMPERATURE (F)   35        13      1970


SUNRISE AND SUNSET
NOVEMBER 23 2014......SUNRISE   723 AM EST   SUNSET   522 PM EST
NOVEMBER 24 2014......SUNRISE   724 AM EST   SUNSET   522 PM EST


-  INDICATES NEGATIVE NUMBERS.
R  INDICATES RECORD WAS SET OR TIED.
MM INDICATES DATA IS MISSING.
T  INDICATES TRACE AMOUNT.




$$
