000
CDUS43 KJKL 130536 RRA
CLILOZ

CLIMATE REPORT
NATIONAL WEATHER SERVICE JACKSON KY
136 AM EDT FRI OCT 13 2017

...................................

...THE LONDON KY CLIMATE SUMMARY FOR OCTOBER 12 2017...

CLIMATE NORMAL PERIOD 1981 TO 2010
CLIMATE RECORD PERIOD 1954 TO 2017


WEATHER ITEM   OBSERVED TIME   RECORD YEAR NORMAL DEPARTURE LAST
                VALUE   (LST)  VALUE       VALUE  FROM      YEAR
                                                  NORMAL
..................................................................
TEMPERATURE (F)
 YESTERDAY
  MAXIMUM         70    442 PM  85    2008  71     -1       76
  MINIMUM         55   1159 PM  30    1964  46      9       43
                                      1988
  AVERAGE         63                        58      5       60

PRECIPITATION (IN)
  YESTERDAY        0.00          0.84 1986   0.09  -0.09     0.00
  MONTH TO DATE    2.80                      1.14   1.66     0.00
  SINCE SEP 1      4.59                      4.51   0.08     1.18

SNOWFALL (IN)
  YESTERDAY       MM
  MONTH TO DATE   MM
  SINCE SEP 1     MM
  SINCE JUL 1     MM
  SNOW DEPTH      MM

DEGREE DAYS
 HEATING
  YESTERDAY        2                         7     -5        5
  MONTH TO DATE    6                        70    -64       42
  SINCE SEP 1     47                       116    -69       63
  SINCE JUL 1     47                       117    -70       63

 COOLING
  YESTERDAY        0                         1     -1        0
  MONTH TO DATE   36                        14     22       14
  SINCE SEP 1    160                       157      3      246
  SINCE JAN 1   1129                      1181    -52     1469
..................................................................


WIND (MPH)
  HIGHEST WIND SPEED     9   HIGHEST WIND DIRECTION     N (20)
  HIGHEST GUST SPEED    12   HIGHEST GUST DIRECTION    NE (30)
  AVERAGE WIND SPEED     3.5


SKY COVER
  POSSIBLE SUNSHINE  MM
  AVERAGE SKY COVER 0.6


WEATHER CONDITIONS
 THE FOLLOWING WEATHER WAS RECORDED YESTERDAY.
  NO SIGNIFICANT WEATHER WAS OBSERVED.


RELATIVE HUMIDITY (PERCENT)
 HIGHEST    93           900 PM
 LOWEST     57           400 PM
 AVERAGE    75

..........................................................


THE LONDON KY CLIMATE NORMALS FOR TODAY
                         NORMAL    RECORD    YEAR
 MAXIMUM TEMPERATURE (F)   70        86      2008
 MINIMUM TEMPERATURE (F)   46        26      1988


SUNRISE AND SUNSET
OCTOBER 13 2017.......SUNRISE   742 AM EDT   SUNSET   702 PM EDT
OCTOBER 14 2017.......SUNRISE   743 AM EDT   SUNSET   701 PM EDT


-  INDICATES NEGATIVE NUMBERS.
R  INDICATES RECORD WAS SET OR TIED.
MM INDICATES DATA IS MISSING.
T  INDICATES TRACE AMOUNT.




$$
