000
CDUS43 KJKL 150544
CLILOZ

CLIMATE REPORT
NATIONAL WEATHER SERVICE JACKSON KY
1244 AM EST MON DEC 15 2014
...................................

...THE LONDON KY CLIMATE SUMMARY FOR DECEMBER 14 2014...

CLIMATE NORMAL PERIOD 1981 TO 2010
CLIMATE RECORD PERIOD 1954 TO 2014

WEATHER ITEM   OBSERVED TIME   RECORD YEAR NORMAL DEPARTURE LAST
                VALUE   (LST)  VALUE       VALUE  FROM      YEAR
                                                  NORMAL
..................................................................
TEMPERATURE (F)
 YESTERDAY
  MAXIMUM         45    340 PM  72    1984  48     -3       50
  MINIMUM         37    738 AM   6    2010  30      7       38
  AVERAGE         41                        39      2       44

PRECIPITATION (IN)
  YESTERDAY        0.00          1.14 1956   0.14  -0.14     0.49
  MONTH TO DATE    1.84                      2.04  -0.20     4.07
  SINCE DEC 1      1.84                      2.04  -0.20     4.07
  SINCE JAN 1        MM                     44.94     MM    54.05

SNOWFALL (IN)
  YESTERDAY       MM
  MONTH TO DATE   MM
  SINCE DEC 1     MM
  SINCE JUL 1     MM
  SNOW DEPTH      MM

DEGREE DAYS
 HEATING
  YESTERDAY       24                        26     -2       21
  MONTH TO DATE  315                       345    -30      332
  SINCE DEC 1    315                       345    -30      332
  SINCE JUL 1   1259                      1175     84     1199

 COOLING
  YESTERDAY        0                         0      0        0
  MONTH TO DATE    0                         0      0        0
  SINCE DEC 1      0                         0      0        0
  SINCE JAN 1     MM                      1190     MM     1083
..................................................................

WIND (MPH)
  HIGHEST WIND SPEED     8   HIGHEST WIND DIRECTION     E (110)
  HIGHEST GUST SPEED    12   HIGHEST GUST DIRECTION     E (90)
  AVERAGE WIND SPEED     2.0

SKY COVER
  POSSIBLE SUNSHINE  MM
  AVERAGE SKY COVER 1.0

WEATHER CONDITIONS
 THE FOLLOWING WEATHER WAS RECORDED YESTERDAY.
  NO SIGNIFICANT WEATHER WAS OBSERVED.

RELATIVE HUMIDITY (PERCENT)
 HIGHEST    82           200 AM
 LOWEST     65           300 PM
 AVERAGE    74
..........................................................

THE LONDON KY CLIMATE NORMALS FOR TODAY
                         NORMAL    RECORD    YEAR
 MAXIMUM TEMPERATURE (F)   47        72      1971
 MINIMUM TEMPERATURE (F)   29         2      2010

SUNRISE AND SUNSET
DECEMBER 15 2014......SUNRISE   742 AM EST   SUNSET   520 PM EST
DECEMBER 16 2014......SUNRISE   743 AM EST   SUNSET   521 PM EST

-  INDICATES NEGATIVE NUMBERS.
R  INDICATES RECORD WAS SET OR TIED.
MM INDICATES DATA IS MISSING.
T  INDICATES TRACE AMOUNT.

$$
