000
CDUS43 KJKL 130926 RRA
CLILOZ

CLIMATE REPORT
NATIONAL WEATHER SERVICE JACKSON KY
426 AM EST MON NOV 13 2017

...................................

...THE LONDON KY CLIMATE SUMMARY FOR NOVEMBER 12 2017...

CLIMATE NORMAL PERIOD 1981 TO 2010
CLIMATE RECORD PERIOD 1954 TO 2017


WEATHER ITEM   OBSERVED TIME   RECORD YEAR NORMAL DEPARTURE LAST
                VALUE   (LST)  VALUE       VALUE  FROM      YEAR
                                                  NORMAL
..................................................................

TEMPERATURE (F)
 YESTERDAY
  MAXIMUM         56    221 PM  76    1978  60     -4       56
  MINIMUM         42   1222 AM  20    1976  38      4       33
  AVERAGE         49                        49      0       45

PRECIPITATION (IN)
  YESTERDAY        0.05          3.53 1975   0.12  -0.07     0.00
  MONTH TO DATE    1.31                      1.36  -0.05     0.07
  SINCE SEP 1      8.40                      7.75   0.65     2.15

SNOWFALL (IN)
  YESTERDAY       MM
  MONTH TO DATE   MM
  SINCE SEP 1     MM
  SINCE JUL 1     MM
  SNOW DEPTH      MM

DEGREE DAYS
 HEATING
  YESTERDAY       16                        16      0       20
  MONTH TO DATE  136                       174    -38      133
  SINCE SEP 1    403                       479    -76      269
  SINCE JUL 1    403                       480    -77      269

 COOLING
  YESTERDAY        0                         0      0        0
  MONTH TO DATE    6                         0      6        7
  SINCE SEP 1    172                       164      8      284
  SINCE JAN 1   1141                      1188    -47     1507
..................................................................

WIND (MPH)
  HIGHEST WIND SPEED    12   HIGHEST WIND DIRECTION    SW (210)
  HIGHEST GUST SPEED    16   HIGHEST GUST DIRECTION    SW (220)
  AVERAGE WIND SPEED     4.5


SKY COVER
  POSSIBLE SUNSHINE  MM
  AVERAGE SKY COVER 0.9


WEATHER CONDITIONS
 THE FOLLOWING WEATHER WAS RECORDED YESTERDAY.
  RAIN
  LIGHT RAIN
  FOG


RELATIVE HUMIDITY (PERCENT)
 HIGHEST    83           900 PM
 LOWEST     61           500 AM
 AVERAGE    72
..........................................................

THE LONDON KY CLIMATE NORMALS FOR TODAY
                         NORMAL    RECORD    YEAR
 MAXIMUM TEMPERATURE (F)   60        77      1978
 MINIMUM TEMPERATURE (F)   37        13      1976


SUNRISE AND SUNSET
NOVEMBER 13 2017......SUNRISE   713 AM EST   SUNSET   528 PM EST
NOVEMBER 14 2017......SUNRISE   714 AM EST   SUNSET   527 PM EST


-  INDICATES NEGATIVE NUMBERS.
R  INDICATES RECORD WAS SET OR TIED.
MM INDICATES DATA IS MISSING.
T  INDICATES TRACE AMOUNT.
$$
