000
CDUS43 KJKL 132121
CLILOZ

CLIMATE REPORT
NATIONAL WEATHER SERVICE JACKSON KY
421 PM EST WED DEC 13 2017

...................................

...THE LONDON KY CLIMATE SUMMARY FOR DECEMBER 13 2017...
VALID TODAY AS OF 0400 PM LOCAL TIME.

CLIMATE NORMAL PERIOD 1981 TO 2010
CLIMATE RECORD PERIOD 1954 TO 2017

WEATHER ITEM   OBSERVED TIME   RECORD YEAR NORMAL DEPARTURE LAST
                VALUE   (LST)  VALUE       VALUE  FROM      YEAR
                                                  NORMAL
..................................................................
TEMPERATURE (F)
 TODAY
  MAXIMUM         44    323 PM  67    2015  48     -4       43
                                      2007
                                      1984
  MINIMUM         17    759 AM -17    1962  30    -13       34
  AVERAGE         31                        39     -8       39

PRECIPITATION (IN)
  TODAY            0.00          1.86 1956   0.14  -0.14     0.01
  MONTH TO DATE    0.66                      1.90  -1.24     2.16
  SINCE DEC 1      0.66                      1.90  -1.24     2.16

SNOWFALL (IN)
  TODAY           MM
  MONTH TO DATE   MM
  SINCE DEC 1     MM
  SINCE JUL 1     MM
  SNOW DEPTH      MM

DEGREE DAYS
 HEATING
  TODAY           34                        26      8       26
  MONTH TO DATE  345                       319     26      356
  SINCE DEC 1    345                       319     26      356
  SINCE JUL 1   1126                      1149    -23      947

 COOLING
  TODAY            0                         0      0        0
  MONTH TO DATE    0                         0      0        0
  SINCE DEC 1      0                         0      0        0
  SINCE JAN 1   1141                      1190    -49     1507
..................................................................

WIND (MPH)
  HIGHEST WIND SPEED    21   HIGHEST WIND DIRECTION     S (200)
  HIGHEST GUST SPEED    28   HIGHEST GUST DIRECTION    SW (230)
  AVERAGE WIND SPEED     7.1

SKY COVER
  POSSIBLE SUNSHINE  MM
  AVERAGE SKY COVER 0.1

WEATHER CONDITIONS
 THE FOLLOWING WEATHER WAS RECORDED TODAY.
  NO SIGNIFICANT WEATHER WAS OBSERVED.

RELATIVE HUMIDITY (PERCENT)
 HIGHEST    74           600 AM
 LOWEST     18           200 PM
 AVERAGE    46

..........................................................

THE LONDON KY CLIMATE NORMALS FOR TOMORROW
                         NORMAL    RECORD    YEAR
 MAXIMUM TEMPERATURE (F)   48        72      1984
 MINIMUM TEMPERATURE (F)   30         6      2010

SUNRISE AND SUNSET
DECEMBER 13 2017......SUNRISE   741 AM EST   SUNSET   520 PM EST
DECEMBER 14 2017......SUNRISE   742 AM EST   SUNSET   520 PM EST

-  INDICATES NEGATIVE NUMBERS.
R  INDICATES RECORD WAS SET OR TIED.
MM INDICATES DATA IS MISSING.
T  INDICATES TRACE AMOUNT.

$$

CARICO
