000
CDUS43 KJKL 300529
CLILOZ

CLIMATE REPORT
NATIONAL WEATHER SERVICE JACKSON KY
129 AM EDT MON MAR 30 2015

...................................

...THE LONDON KY CLIMATE SUMMARY FOR MARCH 29 2015...

CLIMATE NORMAL PERIOD 1981 TO 2010
CLIMATE RECORD PERIOD 1954 TO 2015


WEATHER ITEM   OBSERVED TIME   RECORD YEAR NORMAL DEPARTURE LAST
                VALUE   (LST)  VALUE       VALUE  FROM      YEAR
                                                  NORMAL
..................................................................
TEMPERATURE (F)
 YESTERDAY
  MAXIMUM         59    452 PM  82    1998  63     -4       54
                                      1977
  MINIMUM         21    648 AM  17    1966  39    -18       34
  AVERAGE         40                        51    -11       44

PRECIPITATION (IN)
  YESTERDAY        0.00          1.74 2014   0.13  -0.13     1.74
  MONTH TO DATE    5.23                      3.78   1.45     5.17
  SINCE MAR 1      5.23                      3.78   1.45     5.17
  SINCE JAN 1     12.70                     11.03   1.67    11.68

SNOWFALL (IN)
  YESTERDAY       MM
  MONTH TO DATE   MM
  SINCE MAR 1     MM
  SINCE JUL 1     MM
  SNOW DEPTH      MM

DEGREE DAYS
 HEATING
  YESTERDAY       25                        14     11       21
  MONTH TO DATE  503                       521    -18      617
  SINCE MAR 1    503                       521    -18      617
  SINCE JUL 1   4124                      3797    327     4124

 COOLING
  YESTERDAY        0                         0      0        0
  MONTH TO DATE    0                         0      0        0
  SINCE MAR 1      0                         0      0        0
  SINCE JAN 1      0                         0      0        0
..................................................................

WIND (MPH)
  HIGHEST WIND SPEED    20   HIGHEST WIND DIRECTION     S (180)
  HIGHEST GUST SPEED    24   HIGHEST GUST DIRECTION     S (180)
  AVERAGE WIND SPEED     6.5


SKY COVER
  POSSIBLE SUNSHINE  MM
  AVERAGE SKY COVER 0.0


WEATHER CONDITIONS
 THE FOLLOWING WEATHER WAS RECORDED YESTERDAY.
  NO SIGNIFICANT WEATHER WAS OBSERVED.


RELATIVE HUMIDITY (PERCENT)
 HIGHEST    77           500 AM
 LOWEST     13           500 PM
 AVERAGE    45

..........................................................

THE LONDON KY CLIMATE NORMALS FOR TODAY
                         NORMAL    RECORD    YEAR
 MAXIMUM TEMPERATURE (F)   63        83      1963
 MINIMUM TEMPERATURE (F)   40        19      1964


SUNRISE AND SUNSET
MARCH 30 2015.........SUNRISE   725 AM EDT   SUNSET   757 PM EDT
MARCH 31 2015.........SUNRISE   724 AM EDT   SUNSET   758 PM EDT


-  INDICATES NEGATIVE NUMBERS.
R  INDICATES RECORD WAS SET OR TIED.
MM INDICATES DATA IS MISSING.
T  INDICATES TRACE AMOUNT.


$$
