000
CDUS43 KJKL 220527
CLILOZ

CLIMATE REPORT
NATIONAL WEATHER SERVICE JACKSON KY
120 AM EDT FRI JUL 22 2016

...................................

...THE LONDON KY CLIMATE SUMMARY FOR JULY 21 2016...

CLIMATE NORMAL PERIOD 1981 TO 2010
CLIMATE RECORD PERIOD 1954 TO 2016

WEATHER ITEM   OBSERVED TIME   RECORD YEAR NORMAL DEPARTURE LAST
                VALUE   (LST)  VALUE       VALUE  FROM      YEAR
                                                  NORMAL
..................................................................

TEMPERATURE (F)
 YESTERDAY
  MAXIMUM         92    238 PM  95    2008  86      6       85
  MINIMUM         69    418 AM  54    1971  66      3       74
  AVERAGE         81                        76      5       80

PRECIPITATION (IN)
  YESTERDAY        0.00          0.73 1961   0.13  -0.13     0.17
  MONTH TO DATE    5.55                      2.76   2.79    10.88
  SINCE JUN 1      7.88                      7.16   0.72    15.85

SNOWFALL (IN)
  YESTERDAY       MM
  MONTH TO DATE   MM
  SINCE JUN 1     MM
  SINCE JUL 1     MM
  SNOW DEPTH      MM

DEGREE DAYS
 HEATING
  YESTERDAY        0                         0      0        0
  MONTH TO DATE    0                         0      0        0
  SINCE JUN 1      2                         9     -7        2
  SINCE JUL 1      0                         0      0        0

 COOLING
  YESTERDAY       16                        11      5       15
  MONTH TO DATE  269                       231     38      260
  SINCE JUN 1    568                       474     94      567
  SINCE JAN 1    670                       588     82      761
..................................................................

WIND (MPH)
  HIGHEST WIND SPEED     8   HIGHEST WIND DIRECTION    NE (30)
  HIGHEST GUST SPEED    12   HIGHEST GUST DIRECTION    NE (40)
  AVERAGE WIND SPEED     2.5

SKY COVER
  POSSIBLE SUNSHINE  MM
  AVERAGE SKY COVER 0.2

WEATHER CONDITIONS
 THE FOLLOWING WEATHER WAS RECORDED YESTERDAY.
  NO SIGNIFICANT WEATHER WAS OBSERVED.

RELATIVE HUMIDITY (PERCENT)
 HIGHEST    90           500 AM
 LOWEST     32           500 PM
 AVERAGE    61
..........................................................

THE LONDON KY CLIMATE NORMALS FOR TODAY
                         NORMAL    RECORD    YEAR
 MAXIMUM TEMPERATURE (F)   86        94      1978
 MINIMUM TEMPERATURE (F)   66        56      2007
                                             1966

SUNRISE AND SUNSET
JULY 22 2016..........SUNRISE   634 AM EDT   SUNSET   851 PM EDT
JULY 23 2016..........SUNRISE   635 AM EDT   SUNSET   851 PM EDT

-  INDICATES NEGATIVE NUMBERS.
R  INDICATES RECORD WAS SET OR TIED.
MM INDICATES DATA IS MISSING.
T  INDICATES TRACE AMOUNT.


$$
