000
CDUS43 KJKL 310533
CLILOZ

CLIMATE REPORT
NATIONAL WEATHER SERVICE JACKSON KY
1224 AM EST SAT JAN 31 2015

...................................

...THE LONDON KY CLIMATE SUMMARY FOR JANUARY 30 2015...

CLIMATE NORMAL PERIOD 1981 TO 2010
CLIMATE RECORD PERIOD 1954 TO 2015

WEATHER ITEM   OBSERVED TIME   RECORD YEAR NORMAL DEPARTURE LAST
                VALUE   (LST)  VALUE       VALUE  FROM      YEAR
                                                  NORMAL
..................................................................
TEMPERATURE (F)
 YESTERDAY
  MAXIMUM         40    213 PM  72    2002  46     -6       39
  MINIMUM         24   1159 PM -13    1966  27     -3        3
  AVERAGE         32                        36     -4       21

PRECIPITATION (IN)
  YESTERDAY        T             1.71 2013   0.12  -0.12     0.00
  MONTH TO DATE    2.38                      3.41  -1.03     2.28
  SINCE DEC 1      6.19                      7.65  -1.46     8.72
  SINCE JAN 1      2.38                      3.41  -1.03     2.28

SNOWFALL (IN)
  YESTERDAY       MM
  MONTH TO DATE   MM
  SINCE DEC 1     MM
  SINCE JUL 1     MM
  SNOW DEPTH      MM

DEGREE DAYS
 HEATING
  YESTERDAY       33                        29      4       44
  MONTH TO DATE  909                       887     22     1093
  SINCE DEC 1   1632                      1709    -77     1833
  SINCE JUL 1   2576                      2539     37     2700

 COOLING
  YESTERDAY        0                         0      0        0
  MONTH TO DATE    0                         0      0        0
  SINCE DEC 1      0                         1     -1        0
  SINCE JAN 1      0                         0      0        0
..................................................................

WIND (MPH)
  HIGHEST WIND SPEED    20   HIGHEST WIND DIRECTION    NW (300)
  HIGHEST GUST SPEED    26   HIGHEST GUST DIRECTION    NW (300)
  AVERAGE WIND SPEED     7.9

SKY COVER
  POSSIBLE SUNSHINE  MM
  AVERAGE SKY COVER 0.6

WEATHER CONDITIONS
 THE FOLLOWING WEATHER WAS RECORDED YESTERDAY.
  LIGHT RAIN

RELATIVE HUMIDITY (PERCENT)
 HIGHEST    75          1200 AM
 LOWEST     37           500 PM
 AVERAGE    56
..........................................................

THE LONDON KY CLIMATE NORMALS FOR TODAY
                         NORMAL    RECORD    YEAR
 MAXIMUM TEMPERATURE (F)   46        74      2002
 MINIMUM TEMPERATURE (F)   27       -11      1966

SUNRISE AND SUNSET
JANUARY 31 2015.......SUNRISE   740 AM EST   SUNSET   600 PM EST
FEBRUARY  1 2015......SUNRISE   739 AM EST   SUNSET   601 PM EST

-  INDICATES NEGATIVE NUMBERS.
R  INDICATES RECORD WAS SET OR TIED.
MM INDICATES DATA IS MISSING.
T  INDICATES TRACE AMOUNT.

$$

SHALLENBERGER
