000
CDUS43 KJKL 230553
CLILOZ

CLIMATE REPORT
NATIONAL WEATHER SERVICE JACKSON KY
155 AM EDT WED JUL 23 2014

...................................

...THE LONDON KY CLIMATE SUMMARY FOR JULY 22 2014...

CLIMATE NORMAL PERIOD 1981 TO 2010
CLIMATE RECORD PERIOD 1954 TO 2014

WEATHER ITEM   OBSERVED TIME   RECORD YEAR NORMAL DEPARTURE LAST
                VALUE   (LST)  VALUE       VALUE  FROM      YEAR
                                                  NORMAL
..................................................................
TEMPERATURE (F)
 YESTERDAY
  MAXIMUM         91    414 PM  94    1978  86      5       78
  MINIMUM         69    548 AM  56    2007  66      3       70
                                      1966
  AVERAGE         80                        76      4       74

PRECIPITATION (IN)
  YESTERDAY        0.01          0.99 1977   0.13  -0.12     0.21
  MONTH TO DATE    5.94                      2.89   3.05     6.79
  SINCE JUN 1       MM                       7.29    MM     14.03
  SINCE JAN 1       MM                      27.82    MM     37.04

SNOWFALL (IN)
  YESTERDAY       MM
  MONTH TO DATE   MM
  SINCE JUN 1     MM
  SINCE JUL 1     MM
  SNOW DEPTH      MM

DEGREE DAYS
 HEATING
  YESTERDAY        0                         0      0        0
  MONTH TO DATE    0                         0      0        0
  SINCE JUN 1      0                         9     -9        0
  SINCE JUL 1      0                         0      0        0

 COOLING
  YESTERDAY       15                        11      4        9
  MONTH TO DATE  218                       242    -24      225
  SINCE JUN 1     MM                       485     MM      456
  SINCE JAN 1     MM                       599     MM      556
..................................................................

WIND (MPH)
  HIGHEST WIND SPEED    15   HIGHEST WIND DIRECTION     W (280)
  HIGHEST GUST SPEED    19   HIGHEST GUST DIRECTION     W (290)
  AVERAGE WIND SPEED     2.1

SKY COVER
  POSSIBLE SUNSHINE  MM
  AVERAGE SKY COVER 0.4

WEATHER CONDITIONS
 THE FOLLOWING WEATHER WAS RECORDED YESTERDAY.
  LIGHT RAIN

RELATIVE HUMIDITY (PERCENT)
 HIGHEST    90           300 AM
 LOWEST     47           400 PM
 AVERAGE    69
..........................................................

THE LONDON KY CLIMATE NORMALS FOR TODAY
                         NORMAL    RECORD    YEAR
 MAXIMUM TEMPERATURE (F)   86        95      1999
                                             1983
 MINIMUM TEMPERATURE (F)   66        58      2003

SUNRISE AND SUNSET
JULY 23 2014..........SUNRISE   634 AM EDT   SUNSET   851 PM EDT
JULY 24 2014..........SUNRISE   635 AM EDT   SUNSET   850 PM EDT

-  INDICATES NEGATIVE NUMBERS.
R  INDICATES RECORD WAS SET OR TIED.
MM INDICATES DATA IS MISSING.
T  INDICATES TRACE AMOUNT.

$$
GREIF
