000
CDUS43 KJKL 130536
CLILOZ

CLIMATE REPORT
NATIONAL WEATHER SERVICE JACKSON KY
136 AM EDT WED JUL 13 2016


...................................

...THE LONDON KY CLIMATE SUMMARY FOR JULY 12 2016...

CLIMATE NORMAL PERIOD 1981 TO 2010
CLIMATE RECORD PERIOD 1954 TO 2016


WEATHER ITEM   OBSERVED TIME   RECORD YEAR NORMAL DEPARTURE LAST
                VALUE   (LST)  VALUE       VALUE  FROM      YEAR
                                                  NORMAL
..................................................................
TEMPERATURE (F)
 YESTERDAY
  MAXIMUM         84   1134 AM  95    1980  87     -3       85
  MINIMUM         69    521 AM  52    1963  66      3       68
  AVERAGE         77                        76      1       77

PRECIPITATION (IN)
  YESTERDAY        0.69          1.79 1964   0.13   0.56     0.23
  MONTH TO DATE    5.33                      1.59   3.74     6.79
  SINCE JUN 1      7.66                      5.99   1.67    11.76

SNOWFALL (IN)
  YESTERDAY       MM
  MONTH TO DATE   MM
  SINCE JUN 1     MM
  SINCE JUL 1     MM
  SNOW DEPTH      MM

DEGREE DAYS
 HEATING
  YESTERDAY        0                         0      0        0
  MONTH TO DATE    0                         0      0        0
  SINCE JUN 1      2                         9     -7        2
  SINCE JUL 1      0                         0      0        0

COOLING
  YESTERDAY       12                        11      1       12
  MONTH TO DATE  143                       132     11      131
  SINCE JUN 1    442                       375     67      438
  SINCE JAN 1    544                       489     55      632
..................................................................


WIND (MPH)
  HIGHEST WIND SPEED    25   HIGHEST WIND DIRECTION     W (260)
  HIGHEST GUST SPEED    30   HIGHEST GUST DIRECTION     W (280)
  AVERAGE WIND SPEED     4.4


SKY COVER
  POSSIBLE SUNSHINE  MM
  AVERAGE SKY COVER 0.3


WEATHER CONDITIONS
 THE FOLLOWING WEATHER WAS RECORDED YESTERDAY.
  THUNDERSTORM
  HEAVY RAIN
  RAIN
  LIGHT RAIN
  FOG


RELATIVE HUMIDITY (PERCENT)
 HIGHEST    97           500 AM
 LOWEST     63          1100 AM
 AVERAGE    80

..........................................................


THE LONDON KY CLIMATE NORMALS FOR TODAY
                         NORMAL    RECORD    YEAR
 MAXIMUM TEMPERATURE (F)   87        95      1966
 MINIMUM TEMPERATURE (F)   66        55      1974


SUNRISE AND SUNSET
JULY 13 2016..........SUNRISE   627 AM EDT   SUNSET   857 PM EDT
JULY 14 2016..........SUNRISE   628 AM EDT   SUNSET   856 PM EDT


-  INDICATES NEGATIVE NUMBERS.
R  INDICATES RECORD WAS SET OR TIED.
MM INDICATES DATA IS MISSING.
T  INDICATES TRACE AMOUNT.




$$
