000
CDUS43 KJKL 250954
CLILOZ

CLIMATE REPORT
NATIONAL WEATHER SERVICE JACKSON KY
554 AM EDT THU SEP 25 2014

...................................

...THE LONDON KY CLIMATE SUMMARY FOR SEPTEMBER 24 2014...

CLIMATE NORMAL PERIOD 1981 TO 2010
CLIMATE RECORD PERIOD 1954 TO 2014


WEATHER ITEM   OBSERVED TIME   RECORD YEAR NORMAL DEPARTURE LAST
                VALUE   (LST)  VALUE       VALUE  FROM      YEAR
                                                  NORMAL
..................................................................

TEMPERATURE (F)
 YESTERDAY
  MAXIMUM         79    350 PM  94    2007  77      2       79
  MINIMUM         49    650 AM  32    1983  53     -4       53
  AVERAGE         64                        65     -1       66

PRECIPITATION (IN)
  YESTERDAY        0.00          0.87 1988   0.11  -0.11     0.00
  MONTH TO DATE    1.38                      2.69  -1.31     2.24
  SINCE SEP 1      1.38                      2.69  -1.31     2.24
  SINCE JAN 1     MM                        35.37  MM       43.28

SNOWFALL (IN)
  YESTERDAY       MM
  MONTH TO DATE   MM
  SINCE SEP 1     MM
  SINCE JUL 1     MM
  SNOW DEPTH      MM

DEGREE DAYS
 HEATING
  YESTERDAY        1                         3     -2        0
  MONTH TO DATE   18                        23     -5       14
  SINCE SEP 1     18                        23     -5       14
  SINCE JUL 1     18                        24     -6       14

 COOLING
  YESTERDAY        0                         3     -3        1
  MONTH TO DATE  144                       129     15      139
  SINCE SEP 1    144                       129     15      139
  SINCE JAN 1     MM                      1153     MM     1031
..................................................................

WIND (MPH)
  HIGHEST WIND SPEED     8   HIGHEST WIND DIRECTION     E (90)
  HIGHEST GUST SPEED    26   HIGHEST GUST DIRECTION    SE (150)
  AVERAGE WIND SPEED     2.4


SKY COVER
  POSSIBLE SUNSHINE  MM
  AVERAGE SKY COVER 0.0


WEATHER CONDITIONS
 THE FOLLOWING WEATHER WAS RECORDED YESTERDAY.
  NO SIGNIFICANT WEATHER WAS OBSERVED.


RELATIVE HUMIDITY (PERCENT)
 HIGHEST    89           200 AM
 LOWEST     32           400 PM
 AVERAGE    61
..........................................................

THE LONDON KY CLIMATE NORMALS FOR TODAY
                         NORMAL    RECORD    YEAR
 MAXIMUM TEMPERATURE (F)   76        90      2007
                                             1961
 MINIMUM TEMPERATURE (F)   53        35      1965


SUNRISE AND SUNSET
SEPTEMBER 25 2014.....SUNRISE   727 AM EDT   SUNSET   729 PM EDT
SEPTEMBER 26 2014.....SUNRISE   727 AM EDT   SUNSET   727 PM EDT


-  INDICATES NEGATIVE NUMBERS.
R  INDICATES RECORD WAS SET OR TIED.
MM INDICATES DATA IS MISSING.
T  INDICATES TRACE AMOUNT.
$$
