000
CDUS43 KJKL 140530
CLILOZ

CLIMATE REPORT
NATIONAL WEATHER SERVICE JACKSON KY
1230 AM EST TUE FEB 14 2017


...................................

...THE LONDON KY CLIMATE SUMMARY FOR FEBRUARY 13 2017...

CLIMATE NORMAL PERIOD 1981 TO 2010
CLIMATE RECORD PERIOD 1954 TO 2017


WEATHER ITEM   OBSERVED TIME   RECORD YEAR NORMAL DEPARTURE LAST
                VALUE   (LST)  VALUE       VALUE  FROM      YEAR
                                                  NORMAL
..................................................................
TEMPERATURE (F)
 YESTERDAY
  MAXIMUM         51    347 PM  78    1962  49      2       26
  MINIMUM         31   1159 PM  -9    1955  29      2       15
  AVERAGE         41                        39      2       21

PRECIPITATION (IN)
  YESTERDAY        0.00          1.47 1976   0.12  -0.12      T
  MONTH TO DATE    0.36                      1.68  -1.32     1.68
  SINCE DEC 1     10.74                      9.46   1.28     9.21
  SINCE JAN 1      4.44                      5.22  -0.78     3.76

SNOWFALL (IN)
  YESTERDAY       MM
  MONTH TO DATE   MM
  SINCE DEC 1     MM
  SINCE JUL 1     MM
  SNOW DEPTH      MM

DEGREE DAYS
 HEATING
  YESTERDAY       24                        26     -2       44
  MONTH TO DATE  282                       353    -71      392
  SINCE DEC 1   1768                      2086   -318     1898
  SINCE JUL 1   2359                      2916   -557     2563

COOLING
  YESTERDAY        0                         0      0        0
  MONTH TO DATE    0                         0      0        0
  SINCE DEC 1      0                         1     -1        0
  SINCE JAN 1      0                         0      0        0
..................................................................


WIND (MPH)
  HIGHEST WIND SPEED    14   HIGHEST WIND DIRECTION     N (340)
  HIGHEST GUST SPEED    18   HIGHEST GUST DIRECTION    NW (330)
  AVERAGE WIND SPEED     3.8


SKY COVER
  POSSIBLE SUNSHINE  MM
  AVERAGE SKY COVER 0.0


WEATHER CONDITIONS
 THE FOLLOWING WEATHER WAS RECORDED YESTERDAY.
  NO SIGNIFICANT WEATHER WAS OBSERVED.


RELATIVE HUMIDITY (PERCENT)
 HIGHEST    61          1100 PM
 LOWEST     20           400 PM
 AVERAGE    41

..........................................................


THE LONDON KY CLIMATE NORMALS FOR TODAY
                         NORMAL    RECORD    YEAR
 MAXIMUM TEMPERATURE (F)   49        70      1959
 MINIMUM TEMPERATURE (F)   29         3      1960


SUNRISE AND SUNSET
FEBRUARY 14 2017......SUNRISE   726 AM EST   SUNSET   616 PM EST
FEBRUARY 15 2017......SUNRISE   725 AM EST   SUNSET   617 PM EST


-  INDICATES NEGATIVE NUMBERS.
R  INDICATES RECORD WAS SET OR TIED.
MM INDICATES DATA IS MISSING.
T  INDICATES TRACE AMOUNT.




$$
