000
CDUS43 KJKL 160531
CLILOZ

CLIMATE REPORT
NATIONAL WEATHER SERVICE JACKSON KY
1231 AM EST THU FEB 16 2017

...................................

...THE LONDON KY CLIMATE SUMMARY FOR FEBRUARY 15 2017...

CLIMATE NORMAL PERIOD 1981 TO 2010
CLIMATE RECORD PERIOD 1954 TO 2017

WEATHER ITEM   OBSERVED TIME   RECORD YEAR NORMAL DEPARTURE LAST
                VALUE   (LST)  VALUE       VALUE  FROM      YEAR
                                                  NORMAL
..................................................................
TEMPERATURE (F)
 YESTERDAY
  MAXIMUM         46    303 PM  69    1989  50     -4       39
  MINIMUM         31   1159 PM  -4    1960  29      2       25
  AVERAGE         39                        40     -1       32

PRECIPITATION (IN)
  YESTERDAY        0.17          2.00 2016   0.13   0.04     2.00
  MONTH TO DATE    0.70                      1.95  -1.25     4.12
  SINCE DEC 1     11.08                      9.73   1.35    11.65
  SINCE JAN 1      4.78                      5.49  -0.71     6.20

SNOWFALL (IN)
  YESTERDAY       MM
  MONTH TO DATE   MM
  SINCE DEC 1     MM
  SINCE JUL 1     MM
  SNOW DEPTH      MM

DEGREE DAYS
 HEATING
  YESTERDAY       26                        25      1       33
  MONTH TO DATE  336                       404    -68      470
  SINCE DEC 1   1822                      2137   -315     1976
  SINCE JUL 1   2413                      2967   -554     2641

 COOLING
  YESTERDAY        0                         0      0        0
  MONTH TO DATE    0                         0      0        0
  SINCE DEC 1      0                         1     -1        0
  SINCE JAN 1      0                         0      0        0
..................................................................

WIND (MPH)
  HIGHEST WIND SPEED    18   HIGHEST WIND DIRECTION    NW (320)
  HIGHEST GUST SPEED    24   HIGHEST GUST DIRECTION    NW (330)
  AVERAGE WIND SPEED     7.8

SKY COVER
  POSSIBLE SUNSHINE  MM
  AVERAGE SKY COVER 0.5

WEATHER CONDITIONS
 THE FOLLOWING WEATHER WAS RECORDED YESTERDAY.
  RAIN
  LIGHT RAIN
  FOG

RELATIVE HUMIDITY (PERCENT)
 HIGHEST    92          1200 AM
 LOWEST     33           500 PM
 AVERAGE    63
..........................................................

THE LONDON KY CLIMATE NORMALS FOR TODAY
                         NORMAL    RECORD    YEAR
 MAXIMUM TEMPERATURE (F)   50        69      2006
 MINIMUM TEMPERATURE (F)   30         0      1958

SUNRISE AND SUNSET
FEBRUARY 16 2017......SUNRISE   724 AM EST   SUNSET   618 PM EST
FEBRUARY 17 2017......SUNRISE   722 AM EST   SUNSET   619 PM EST

-  INDICATES NEGATIVE NUMBERS.
R  INDICATES RECORD WAS SET OR TIED.
MM INDICATES DATA IS MISSING.
T  INDICATES TRACE AMOUNT.

$$

GEOGERIAN
