000
CDUS43 KJKL 102120
CLILOZ

CLIMATE REPORT
NATIONAL WEATHER SERVICE JACKSON KY
420 PM EST FRI NOV 10 2017

...................................

...THE LONDON KY CLIMATE SUMMARY FOR NOVEMBER 10 2017...
VALID TODAY AS OF 0400 PM LOCAL TIME.

CLIMATE NORMAL PERIOD 1981 TO 2010
CLIMATE RECORD PERIOD 1954 TO 2017

WEATHER ITEM   OBSERVED TIME   RECORD YEAR NORMAL DEPARTURE LAST
                VALUE   (LST)  VALUE       VALUE  FROM      YEAR
                                                  NORMAL
..................................................................
TEMPERATURE (F)
 TODAY
  MAXIMUM         45    339 PM  78    2006  61    -16       62
                                      2002
  MINIMUM         34    917 AM  17    1957  38     -4       31
  AVERAGE         40                        50    -10       47

PRECIPITATION (IN)
  TODAY            0.00          1.18 1987   0.11  -0.11     0.00
  MONTH TO DATE    1.26                      1.13   0.13     0.07
  SINCE SEP 1      8.35                      7.52   0.83     2.15

SNOWFALL (IN)
  TODAY           MM
  MONTH TO DATE   MM
  SINCE SEP 1     MM
  SINCE JUL 1     MM
  SNOW DEPTH      MM

DEGREE DAYS
 HEATING
  TODAY           25                        16      9       18
  MONTH TO DATE   95                       142    -47       95
  SINCE SEP 1    362                       447    -85      231
  SINCE JUL 1    362                       448    -86      231

 COOLING
  TODAY            0                         0      0        0
  MONTH TO DATE    6                         0      6        7
  SINCE SEP 1    172                       164      8      284
  SINCE JAN 1   1141                      1188    -47     1507
..................................................................

WIND (MPH)
  HIGHEST WIND SPEED    16   HIGHEST WIND DIRECTION     N (20)
  HIGHEST GUST SPEED    21   HIGHEST GUST DIRECTION    NE (30)
  AVERAGE WIND SPEED     6.6

SKY COVER
  POSSIBLE SUNSHINE  MM
  AVERAGE SKY COVER 0.1

WEATHER CONDITIONS
 THE FOLLOWING WEATHER WAS RECORDED TODAY.
  NO SIGNIFICANT WEATHER WAS OBSERVED.

RELATIVE HUMIDITY (PERCENT)
 HIGHEST    92           100 AM
 LOWEST     33           300 PM
 AVERAGE    63
..........................................................

THE LONDON KY CLIMATE NORMALS FOR TOMORROW
                         NORMAL    RECORD    YEAR
 MAXIMUM TEMPERATURE (F)   61        73      2010
                                             1989
 MINIMUM TEMPERATURE (F)   38        16      1957

SUNRISE AND SUNSET
NOVEMBER 10 2017......SUNRISE   710 AM EST   SUNSET   530 PM EST
NOVEMBER 11 2017......SUNRISE   711 AM EST   SUNSET   529 PM EST

-  INDICATES NEGATIVE NUMBERS.
R  INDICATES RECORD WAS SET OR TIED.
MM INDICATES DATA IS MISSING.
T  INDICATES TRACE AMOUNT.

$$

TAB
