000
CDUS43 KJKL 140616
CLILOZ

CLIMATE REPORT
NATIONAL WEATHER SERVICE JACKSON KY
215 AM EDT TUE OCT 14 2014

...................................

...THE LONDON KY CLIMATE SUMMARY FOR OCTOBER 13 2014...

CLIMATE NORMAL PERIOD 1981 TO 2010
CLIMATE RECORD PERIOD 1954 TO 2014

WEATHER ITEM   OBSERVED TIME   RECORD YEAR NORMAL DEPARTURE LAST
                VALUE   (LST)  VALUE       VALUE  FROM      YEAR
                                                  NORMAL
..................................................................
TEMPERATURE (F)
 YESTERDAY
  MAXIMUM         80    440 PM  86    2008  70     10       80
  MINIMUM         65    116 AM  26    1988  46     19       54
  AVERAGE         73                        58     15       67

PRECIPITATION (IN)
  YESTERDAY        T             1.29 1983   0.09  -0.09     0.00
  MONTH TO DATE    4.39                      1.23   3.16     2.11
  SINCE SEP 1      5.78                      4.60   1.18     4.72
  SINCE JAN 1        MM                     37.28     MM    45.76

SNOWFALL (IN)
  YESTERDAY       MM
  MONTH TO DATE   MM
  SINCE SEP 1     MM
  SINCE JUL 1     MM
  SNOW DEPTH      MM

DEGREE DAYS
 HEATING
  YESTERDAY        0                         8     -8        0
  MONTH TO DATE   50                        78    -28       21
  SINCE SEP 1     68                       124    -56       36
  SINCE JUL 1     68                       125    -57       36

 COOLING
  YESTERDAY        8                         1      7        2
  MONTH TO DATE   19                        15      4       33
  SINCE SEP 1    192                       158     34      182
  SINCE JAN 1     MM                      1182     MM     1074
..................................................................

WIND (MPH)
  HIGHEST WIND SPEED    23   HIGHEST WIND DIRECTION     S (190)
  HIGHEST GUST SPEED    30   HIGHEST GUST DIRECTION     S (180)
  AVERAGE WIND SPEED     7.3

SKY COVER
  POSSIBLE SUNSHINE  MM
  AVERAGE SKY COVER 0.5

WEATHER CONDITIONS
 THE FOLLOWING WEATHER WAS RECORDED YESTERDAY.
  NO SIGNIFICANT WEATHER WAS OBSERVED.

RELATIVE HUMIDITY (PERCENT)
 HIGHEST    87          1200 AM
 LOWEST     52           500 PM
 AVERAGE    70

..........................................................

THE LONDON KY CLIMATE NORMALS FOR TODAY
                         NORMAL    RECORD    YEAR
 MAXIMUM TEMPERATURE (F)   70        83      1962
 MINIMUM TEMPERATURE (F)   46        25      1988

SUNRISE AND SUNSET
OCTOBER 14 2014.......SUNRISE   743 AM EDT   SUNSET   701 PM EDT
OCTOBER 15 2014.......SUNRISE   744 AM EDT   SUNSET   700 PM EDT

-  INDICATES NEGATIVE NUMBERS.
R  INDICATES RECORD WAS SET OR TIED.
MM INDICATES DATA IS MISSING.
T  INDICATES TRACE AMOUNT.

$$
