000
CDUS43 KJKL 141619
CLILOZ

CLIMATE REPORT...RETRANSMITTAL
NATIONAL WEATHER SERVICE JACKSON KY
1219 PM EDT SUN SEP 14 2014


...................................

...THE LONDON KY CLIMATE SUMMARY FOR SEPTEMBER 13 2014...

CLIMATE NORMAL PERIOD 1981 TO 2010
CLIMATE RECORD PERIOD 1954 TO 2014


WEATHER ITEM   OBSERVED TIME   RECORD YEAR NORMAL DEPARTURE LAST
                VALUE   (LST)  VALUE       VALUE  FROM      YEAR
                                                  NORMAL
..................................................................
TEMPERATURE (F)
 YESTERDAY
  MAXIMUM         65    413 PM  94    1998  81    -16       74
  MINIMUM         56   1159 PM  43    1964  58     -2       52
  AVERAGE         61                        69     -8       63

PRECIPITATION (IN)
  YESTERDAY        T             2.02 1966   0.12  -0.12     0.00
  MONTH TO DATE    1.36                      1.44  -0.08     0.81
  SINCE SEP 1      1.36                      1.44  -0.08     0.81
  SINCE JAN 1      MM                       34.12    MM     41.85

SNOWFALL (IN)
  YESTERDAY       MM
  MONTH TO DATE   MM
  SINCE SEP 1     MM
  SINCE JUL 1     MM
  SNOW DEPTH      MM

DEGREE DAYS
 HEATING
  YESTERDAY        4                         1      3        2
  MONTH TO DATE    4                         3      1        2
  SINCE SEP 1      4                         3      1        2
  SINCE JUL 1      4                         4      0        2

 COOLING
  YESTERDAY        0                         5     -5        0
  MONTH TO DATE  126                        87     39      117
  SINCE SEP 1    126                        87     39      117
  SINCE JAN 1     MM                      1111     MM     1009
..................................................................

WIND (MPH)
  HIGHEST WIND SPEED    13   HIGHEST WIND DIRECTION     N (350)
  HIGHEST GUST SPEED    17   HIGHEST GUST DIRECTION     N (20)
  AVERAGE WIND SPEED     5.6

SKY COVER
  POSSIBLE SUNSHINE  MM
  AVERAGE SKY COVER 0.9

WEATHER CONDITIONS
 THE FOLLOWING WEATHER WAS RECORDED YESTERDAY.
  LIGHT RAIN
  FOG
  HAZE

RELATIVE HUMIDITY (PERCENT)
 HIGHEST    93          1200 AM
 LOWEST     67           200 PM
 AVERAGE    80

..........................................................

THE LONDON KY CLIMATE NORMALS FOR TODAY
                         NORMAL    RECORD    YEAR
 MAXIMUM TEMPERATURE (F)   80        93      1998
                                             1980
 MINIMUM TEMPERATURE (F)   58        36      1964

SUNRISE AND SUNSET
SEPTEMBER 14 2014.....SUNRISE   718 AM EDT   SUNSET   745 PM EDT
SEPTEMBER 15 2014.....SUNRISE   718 AM EDT   SUNSET   744 PM EDT

-  INDICATES NEGATIVE NUMBERS.
R  INDICATES RECORD WAS SET OR TIED.
MM INDICATES DATA IS MISSING.
T  INDICATES TRACE AMOUNT.

$$

...RETRANSMITTED...

CARICO
