000
CDUS43 KJKL 180521 RRA
CLILOZ

CLIMATE REPORT
NATIONAL WEATHER SERVICE JACKSON KY
1220 AM EST SAT NOV 18 2017

...................................

...THE LONDON KY CLIMATE SUMMARY FOR NOVEMBER 17 2017...

CLIMATE NORMAL PERIOD 1981 TO 2010
CLIMATE RECORD PERIOD 1954 TO 2017


WEATHER ITEM   OBSERVED TIME   RECORD YEAR NORMAL DEPARTURE LAST
                VALUE   (LST)  VALUE       VALUE  FROM      YEAR
                                                  NORMAL
..................................................................
TEMPERATURE (F)
 YESTERDAY
  MAXIMUM         60    433 PM  79    1958  58      2       75
  MINIMUM         33    752 AM  15    1959  36     -3       33
  AVERAGE         47                        47      0       54

PRECIPITATION (IN)
  YESTERDAY        0.00          1.46 1980   0.13  -0.13     0.00
  MONTH TO DATE    1.40                      2.00  -0.60     0.07
  SINCE SEP 1      8.49                      8.39   0.10     2.15

SNOWFALL (IN)
  YESTERDAY       MM
  MONTH TO DATE   MM
  SINCE SEP 1     MM
  SINCE JUL 1     MM
  SNOW DEPTH      MM

DEGREE DAYS
 HEATING
  YESTERDAY       18                        18      0       11
  MONTH TO DATE  236                       261    -25      219
  SINCE SEP 1    503                       566    -63      355
  SINCE JUL 1    503                       567    -64      355

 COOLING
  YESTERDAY        0                         0      0        0
  MONTH TO DATE    6                         0      6        7
  SINCE SEP 1    172                       164      8      284
  SINCE JAN 1   1141                      1188    -47     1507
..................................................................


WIND (MPH)
  HIGHEST WIND SPEED     9   HIGHEST WIND DIRECTION     E (80)
  HIGHEST GUST SPEED    14   HIGHEST GUST DIRECTION     S (160)
  AVERAGE WIND SPEED     4.5


SKY COVER
  POSSIBLE SUNSHINE  MM
  AVERAGE SKY COVER 0.4


WEATHER CONDITIONS
 THE FOLLOWING WEATHER WAS RECORDED YESTERDAY.
  NO SIGNIFICANT WEATHER WAS OBSERVED.


RELATIVE HUMIDITY (PERCENT)
 HIGHEST    89           300 AM
 LOWEST     36           300 PM
 AVERAGE    63

..........................................................


THE LONDON KY CLIMATE NORMALS FOR TODAY
                         NORMAL    RECORD    YEAR
 MAXIMUM TEMPERATURE (F)   58        78      2016
 MINIMUM TEMPERATURE (F)   36        13      1959


SUNRISE AND SUNSET
NOVEMBER 18 2017......SUNRISE   718 AM EST   SUNSET   524 PM EST
NOVEMBER 19 2017......SUNRISE   719 AM EST   SUNSET   524 PM EST


-  INDICATES NEGATIVE NUMBERS.
R  INDICATES RECORD WAS SET OR TIED.
MM INDICATES DATA IS MISSING.
T  INDICATES TRACE AMOUNT.




$$
