000
CDUS43 KJKL 080704
CLILOZ

CLIMATE REPORT
NATIONAL WEATHER SERVICE JACKSON KY
205 AM EST THU FEB 8 2018

...................................

...THE LONDON KY CLIMATE SUMMARY FOR FEBRUARY 7 2018...

CLIMATE NORMAL PERIOD 1981 TO 2010
CLIMATE RECORD PERIOD 1954 TO 2018

WEATHER ITEM   OBSERVED TIME   RECORD YEAR NORMAL DEPARTURE LAST
                VALUE   (LST)  VALUE       VALUE  FROM      YEAR
                                                  NORMAL
..................................................................
TEMPERATURE (F)
 YESTERDAY
  MAXIMUM         50    805 AM  68    2017  48      2       68
  MINIMUM         29   1159 PM -10    1978  28      1       51
  AVERAGE         40                        38      2       60

PRECIPITATION (IN)
  YESTERDAY        0.95R         0.65 1991   0.13   0.82     0.14
  MONTH TO DATE    2.21                      0.90   1.31     0.18
  SINCE DEC 1      6.63                      8.68  -2.05    10.56
  SINCE JAN 1      3.72                      4.44  -0.72     4.26

SNOWFALL (IN)
  YESTERDAY       MM
  MONTH TO DATE   MM
  SINCE DEC 1     MM
  SINCE JUL 1     MM
  SNOW DEPTH      MM

DEGREE DAYS
 HEATING
  YESTERDAY       25                        27     -2        5
  MONTH TO DATE  228                       194     34      166

 COOLING
  YESTERDAY        0                         0      0        0
  MONTH TO DATE    0                         0      0        0
  SINCE DEC 1      0                         1     -1        0
  SINCE JAN 1      0                         0      0        0
..................................................................

WIND (MPH)
  HIGHEST WIND SPEED    21   HIGHEST WIND DIRECTION    NW (300)
  HIGHEST GUST SPEED    29   HIGHEST GUST DIRECTION     W (280)
  AVERAGE WIND SPEED     7.8

SKY COVER
  POSSIBLE SUNSHINE  MM
  AVERAGE SKY COVER 1.0

WEATHER CONDITIONS
 THE FOLLOWING WEATHER WAS RECORDED YESTERDAY.
  HEAVY RAIN
  RAIN
  LIGHT RAIN
  FOG

RELATIVE HUMIDITY (PERCENT)
 HIGHEST   100           100 AM
 LOWEST     72           900 PM
 AVERAGE    86

..........................................................

THE LONDON KY CLIMATE NORMALS FOR TODAY
                         NORMAL    RECORD    YEAR
 MAXIMUM TEMPERATURE (F)   48        70      2009
 MINIMUM TEMPERATURE (F)   28        -3      1967

SUNRISE AND SUNSET
FEBRUARY  8 2018......SUNRISE   733 AM EST   SUNSET   609 PM EST
FEBRUARY  9 2018......SUNRISE   732 AM EST   SUNSET   610 PM EST

-  INDICATES NEGATIVE NUMBERS.
R  INDICATES RECORD WAS SET OR TIED.
MM INDICATES DATA IS MISSING.
T  INDICATES TRACE AMOUNT.

$$
