117
CDUS43 KJKL 190555
CLILOZ

CLIMATE REPORT
NATIONAL WEATHER SERVICE JACKSON KY
155 AM EDT SUN MAR 19 2017

...................................

...THE LONDON KY CLIMATE SUMMARY FOR MARCH 18 2017...

CLIMATE NORMAL PERIOD 1981 TO 2010
CLIMATE RECORD PERIOD 1954 TO 2017

WEATHER ITEM   OBSERVED TIME   RECORD YEAR NORMAL DEPARTURE LAST
                VALUE   (LST)  VALUE       VALUE  FROM      YEAR
                                                  NORMAL
..................................................................
TEMPERATURE (F)
 YESTERDAY
  MAXIMUM         60   1230 PM  83    1982  59      1       68
  MINIMUM         39   1159 PM  13    1967  37      2       34
  AVERAGE         50                        48      2       51

PRECIPITATION (IN)
  YESTERDAY        0.03          1.66 2013   0.13  -0.10     0.00
  MONTH TO DATE    3.18                      2.35   0.83     1.05
  SINCE MAR 1      3.18                      2.35   0.83     1.05

SNOWFALL (IN)
  YESTERDAY       MM
  MONTH TO DATE   MM
  SINCE MAR 1     MM
  SINCE JUL 1     MM
  SNOW DEPTH      MM

DEGREE DAYS
 HEATING
  YESTERDAY       15                        17     -2       14
  MONTH TO DATE  410                       351     59      232
  SINCE MAR 1    410                       351     59      232
  SINCE JUL 1   3005                      3627   -622     3148

 COOLING
  YESTERDAY        0                         0      0        0
  MONTH TO DATE    0                         0      0        0
  SINCE MAR 1      0                         0      0        0
  SINCE JAN 1      0                         0      0        0
..................................................................

WIND (MPH)
  HIGHEST WIND SPEED    28   HIGHEST WIND DIRECTION     W (280)
  HIGHEST GUST SPEED    35   HIGHEST GUST DIRECTION     W (280)
  AVERAGE WIND SPEED    10.0

SKY COVER
  POSSIBLE SUNSHINE  MM
  AVERAGE SKY COVER 0.8

WEATHER CONDITIONS
 THE FOLLOWING WEATHER WAS RECORDED YESTERDAY.
  LIGHT RAIN
  FOG
  FOG W/VISIBILITY <= 1/4 MILE
  HAZE

RELATIVE HUMIDITY (PERCENT)
 HIGHEST    93          1200 AM
 LOWEST     30           100 PM
 AVERAGE    62

..........................................................

THE LONDON KY CLIMATE NORMALS FOR TODAY
                         NORMAL    RECORD    YEAR
 MAXIMUM TEMPERATURE (F)   60        81      2012
                                             1982
 MINIMUM TEMPERATURE (F)   37        19      1967

SUNRISE AND SUNSET
MARCH 19 2017.........SUNRISE   741 AM EDT   SUNSET   748 PM EDT
MARCH 20 2017.........SUNRISE   740 AM EDT   SUNSET   748 PM EDT

-  INDICATES NEGATIVE NUMBERS.
R  INDICATES RECORD WAS SET OR TIED.
MM INDICATES DATA IS MISSING.
T  INDICATES TRACE AMOUNT.

$$
