000
CDUS43 KJKL 180921
CLILOZ

CLIMATE REPORT
NATIONAL WEATHER SERVICE JACKSON KY
521 AM EDT MON MAY 18 2015

...................................

...THE LONDON KY CLIMATE SUMMARY FOR MAY 17 2015...

CLIMATE NORMAL PERIOD 1981 TO 2010
CLIMATE RECORD PERIOD 1954 TO 2015


WEATHER ITEM   OBSERVED TIME   RECORD YEAR NORMAL DEPARTURE LAST
                VALUE   (LST)  VALUE       VALUE  FROM      YEAR
                                                  NORMAL
..................................................................

TEMPERATURE (F)
 YESTERDAY
  MAXIMUM         79    226 PM  89    1962  77      2       58
  MINIMUM         64    405 AM  36    1983  54     10       40
  AVERAGE         72                        65      7       49

PRECIPITATION (IN)
  YESTERDAY        0.42          1.89 1963   0.17   0.25      T
  MONTH TO DATE    0.55                      2.84  -2.29     1.43
  SINCE MAR 1     11.43                     10.94   0.49    11.68
  SINCE JAN 1     18.90                     18.19   0.71    18.19

SNOWFALL (IN)
  YESTERDAY       MM
  MONTH TO DATE   MM
  SINCE MAR 1     MM
  SINCE JUL 1     MM
  SNOW DEPTH      MM

DEGREE DAYS
 HEATING
  YESTERDAY        0                         3     -3       16
  MONTH TO DATE   24                        67    -43       66
  SINCE MAR 1    742                       892   -150      896
  SINCE JUL 1   4363                      4168    195     4403

 COOLING
  YESTERDAY        7                         3      4        0
  MONTH TO DATE   90                        33     57       66
  SINCE MAR 1    113                        59     54       91
  SINCE JAN 1    113                        59     54       91
..................................................................

WIND (MPH)
  HIGHEST WIND SPEED    21   HIGHEST WIND DIRECTION     W (270)
  HIGHEST GUST SPEED    27   HIGHEST GUST DIRECTION     W (270)
  AVERAGE WIND SPEED     3.9


SKY COVER
  POSSIBLE SUNSHINE  MM
  AVERAGE SKY COVER 0.5


WEATHER CONDITIONS
 THE FOLLOWING WEATHER WAS RECORDED YESTERDAY.
  HEAVY RAIN
  RAIN
  LIGHT RAIN
  FOG
  HAZE

RELATIVE HUMIDITY (PERCENT)
 HIGHEST    87           100 AM
 LOWEST     58          1200 PM
 AVERAGE    73
..........................................................

THE LONDON KY CLIMATE NORMALS FOR TODAY
                         NORMAL    RECORD    YEAR
 MAXIMUM TEMPERATURE (F)   77        90      1962
 MINIMUM TEMPERATURE (F)   54        33      1973


SUNRISE AND SUNSET
MAY 18 2015...........SUNRISE   626 AM EDT   SUNSET   840 PM EDT
MAY 19 2015...........SUNRISE   625 AM EDT   SUNSET   841 PM EDT


-  INDICATES NEGATIVE NUMBERS.
R  INDICATES RECORD WAS SET OR TIED.
MM INDICATES DATA IS MISSING.
T  INDICATES TRACE AMOUNT.
$$
