000
CDUS43 KJKL 240539
CLILOZ

CLIMATE REPORT
NATIONAL WEATHER SERVICE JACKSON KY
139 AM EDT WED JUN 24 2015

...................................

...THE LONDON KY CLIMATE SUMMARY FOR JUNE 23 2015...

CLIMATE NORMAL PERIOD 1981 TO 2010
CLIMATE RECORD PERIOD 1954 TO 2015


WEATHER ITEM   OBSERVED TIME   RECORD YEAR NORMAL DEPARTURE LAST
                VALUE   (LST)  VALUE       VALUE  FROM      YEAR
                                                  NORMAL
..................................................................
TEMPERATURE (F)
 YESTERDAY
  MAXIMUM         91    257 PM  96    1988  85      6       89
  MINIMUM         74    552 AM  44    1972  64     10       65
  AVERAGE         83                        75      8       77

PRECIPITATION (IN)
  YESTERDAY        T             2.01 1969   0.14  -0.14     0.12
  MONTH TO DATE    3.26                      3.43  -0.17     1.95
  SINCE JUN 1      3.26                      3.43  -0.17     1.95
  SINCE JAN 1     23.18                     23.96  -0.78    20.94

SNOWFALL (IN)
  YESTERDAY       MM
  MONTH TO DATE   MM
  SINCE JUN 1     MM
  SINCE JUL 1     MM
  SNOW DEPTH      MM

DEGREE DAYS
 HEATING
  YESTERDAY        0                         0      0        0
  MONTH TO DATE    2                         7     -5        0
  SINCE JUN 1      2                         7     -5        0
  SINCE JUL 1   4382                      4203    179     4420

 COOLING
  YESTERDAY       18                        10      8       12
  MONTH TO DATE  246                       171     75      195
  SINCE JUN 1    246                       171     75      195
  SINCE JAN 1    440                       285    155      361
..................................................................

WIND (MPH)
  HIGHEST WIND SPEED    16   HIGHEST WIND DIRECTION     W (260)
  HIGHEST GUST SPEED    20   HIGHEST GUST DIRECTION     W (250)
  AVERAGE WIND SPEED     8.4

SKY COVER
  POSSIBLE SUNSHINE  MM
  AVERAGE SKY COVER 0.3

WEATHER CONDITIONS
 THE FOLLOWING WEATHER WAS RECORDED YESTERDAY.
  LIGHT RAIN

RELATIVE HUMIDITY (PERCENT)
 HIGHEST    85          1100 PM
 LOWEST     52           200 PM
 AVERAGE    69

..........................................................

THE LONDON KY CLIMATE NORMALS FOR TODAY
                         NORMAL    RECORD    YEAR
 MAXIMUM TEMPERATURE (F)   85        94      2012
                                             1988
 MINIMUM TEMPERATURE (F)   64        47      1961

SUNRISE AND SUNSET
JUNE 24 2015..........SUNRISE   617 AM EDT   SUNSET   900 PM EDT
JUNE 25 2015..........SUNRISE   618 AM EDT   SUNSET   900 PM EDT

-  INDICATES NEGATIVE NUMBERS.
R  INDICATES RECORD WAS SET OR TIED.
MM INDICATES DATA IS MISSING.
T  INDICATES TRACE AMOUNT.

$$
