004
CDUS43 KJKL 130541
CLILOZ

CLIMATE REPORT
NATIONAL WEATHER SERVICE JACKSON KY
141 AM EDT SUN AUG 13 2017
...................................

...THE LONDON KY CLIMATE SUMMARY FOR AUGUST 12 2017...

CLIMATE NORMAL PERIOD 1981 TO 2010
CLIMATE RECORD PERIOD 1954 TO 2017

WEATHER ITEM   OBSERVED TIME   RECORD YEAR NORMAL DEPARTURE LAST
                VALUE   (LST)  VALUE       VALUE  FROM      YEAR
                                                  NORMAL
..................................................................
TEMPERATURE (F)
 YESTERDAY
  MAXIMUM         82    120 PM  95    2007  86     -4       92
  MINIMUM         69   1159 PM  52    1967  65      4       73
  AVERAGE         76                        76      0       83

PRECIPITATION (IN)
  YESTERDAY        0.09          0.98 2004   0.13  -0.04     0.00
  MONTH TO DATE    4.07                      1.55   2.52     1.84
  SINCE JUN 1     15.13                      9.99   5.14    12.56

SNOWFALL (IN)
  YESTERDAY       MM
  MONTH TO DATE   MM
  SINCE JUN 1     MM
  SINCE JUL 1     MM
  SNOW DEPTH      MM

DEGREE DAYS
 HEATING
  YESTERDAY        0                         0      0        0
  MONTH TO DATE    0                         0      0        0
  SINCE JUN 1      3                         9     -6        2
  SINCE JUL 1      0                         0      0        0

 COOLING
  YESTERDAY       11                        11      0       18
  MONTH TO DATE   91                       132    -41      173
  SINCE JUN 1    652                       725    -73      887
  SINCE JAN 1    803                       839    -36      989
..................................................................

WIND (MPH)
  HIGHEST WIND SPEED    13   HIGHEST WIND DIRECTION     N (10)
  HIGHEST GUST SPEED    20   HIGHEST GUST DIRECTION     W (280)
  AVERAGE WIND SPEED     3.2

SKY COVER
  POSSIBLE SUNSHINE  MM
  AVERAGE SKY COVER 0.5

WEATHER CONDITIONS
 THE FOLLOWING WEATHER WAS RECORDED YESTERDAY.
  THUNDERSTORM
  RAIN
  LIGHT RAIN
  FOG

RELATIVE HUMIDITY (PERCENT)
 HIGHEST    97           600 AM
 LOWEST     62           100 PM
 AVERAGE    80
..........................................................

THE LONDON KY CLIMATE NORMALS FOR TODAY
                         NORMAL    RECORD    YEAR
 MAXIMUM TEMPERATURE (F)   86        97      1999
 MINIMUM TEMPERATURE (F)   65        45      1964

SUNRISE AND SUNSET
AUGUST 13 2017........SUNRISE   652 AM EDT   SUNSET   830 PM EDT
AUGUST 14 2017........SUNRISE   652 AM EDT   SUNSET   829 PM EDT

-  INDICATES NEGATIVE NUMBERS.
R  INDICATES RECORD WAS SET OR TIED.
MM INDICATES DATA IS MISSING.
T  INDICATES TRACE AMOUNT.

$$
