000
CDUS43 KJKL 230549
CLILOZ

CLIMATE REPORT
NATIONAL WEATHER SERVICE JACKSON KY
1248 AM EST FRI JAN 23 2015

...................................

...THE LONDON KY CLIMATE SUMMARY FOR JANUARY 22 2015...

CLIMATE NORMAL PERIOD 1981 TO 2010
CLIMATE RECORD PERIOD 1954 TO 2015


WEATHER ITEM   OBSERVED TIME   RECORD YEAR NORMAL DEPARTURE LAST
                VALUE   (LST)  VALUE       VALUE  FROM      YEAR
                                                  NORMAL
..................................................................
TEMPERATURE (F)
 YESTERDAY
  MAXIMUM         44    244 PM  73    1999  45     -1       21
  MINIMUM         28    821 AM  -7    1961  26      2        1
  AVERAGE         36                        36      0       11

PRECIPITATION (IN)
  YESTERDAY        0.00          2.12 1957   0.11  -0.11     0.00
  MONTH TO DATE    1.78                      2.50  -0.72     2.19
  SINCE DEC 1      5.59                      6.74  -1.15     8.63
  SINCE JAN 1      1.78                      2.50  -0.72     2.19

SNOWFALL (IN)
  YESTERDAY       MM
  MONTH TO DATE   MM
  SINCE DEC 1     MM
  SINCE JUL 1     MM
  SNOW DEPTH      MM

DEGREE DAYS
 HEATING
  YESTERDAY       29                        29      0       54
  MONTH TO DATE  669                       655     14      734
  SINCE DEC 1   1392                      1477    -85     1474
  SINCE JUL 1   2336                      2307     29     2341

 COOLING
  YESTERDAY        0                         0      0        0
  MONTH TO DATE    0                         0      0        0
  SINCE DEC 1      0                         1     -1        0
  SINCE JAN 1      0                         0      0        0
..................................................................

WIND (MPH)
  HIGHEST WIND SPEED    10   HIGHEST WIND DIRECTION     N (360)
  HIGHEST GUST SPEED    13   HIGHEST GUST DIRECTION     N (340)
  AVERAGE WIND SPEED     3.8

SKY COVER
  POSSIBLE SUNSHINE  MM
  AVERAGE SKY COVER 0.1

WEATHER CONDITIONS
 THE FOLLOWING WEATHER WAS RECORDED YESTERDAY.
  NO SIGNIFICANT WEATHER WAS OBSERVED.

RELATIVE HUMIDITY (PERCENT)
 HIGHEST    78           900 AM
 LOWEST     49           300 PM
 AVERAGE    64

..........................................................

THE LONDON KY CLIMATE NORMALS FOR TODAY
                         NORMAL    RECORD    YEAR
 MAXIMUM TEMPERATURE (F)   45        70      1967
 MINIMUM TEMPERATURE (F)   26       -12      1963

SUNRISE AND SUNSET
JANUARY 23 2015.......SUNRISE   745 AM EST   SUNSET   551 PM EST
JANUARY 24 2015.......SUNRISE   745 AM EST   SUNSET   552 PM EST

-  INDICATES NEGATIVE NUMBERS.
R  INDICATES RECORD WAS SET OR TIED.
MM INDICATES DATA IS MISSING.
T  INDICATES TRACE AMOUNT.

$$
