000
CDUS43 KJKL 170532
CLILOZ

CLIMATE REPORT
NATIONAL WEATHER SERVICE JACKSON KY
1230 AM EST SAT FEB 17 2018

...................................

...THE LONDON KY CLIMATE SUMMARY FOR FEBRUARY 16 2018...

CLIMATE NORMAL PERIOD 1981 TO 2010
CLIMATE RECORD PERIOD 1954 TO 2018

WEATHER ITEM   OBSERVED TIME   RECORD YEAR NORMAL DEPARTURE LAST
                VALUE   (LST)  VALUE       VALUE  FROM      YEAR
                                                  NORMAL
..................................................................
TEMPERATURE (F)
 YESTERDAY
  MAXIMUM         69R   354 AM  69    2006  50     19       50
  MINIMUM         40   1159 PM   0    1958  30     10       25
  AVERAGE         55                        40     15       38

PRECIPITATION (IN)
  YESTERDAY        0.47          1.87 2003   0.13   0.34     0.00
  MONTH TO DATE    5.68                      2.08   3.60     0.70
  SINCE DEC 1     10.10                      9.86   0.24    11.08
  SINCE JAN 1      7.19                      5.62   1.57     4.78

SNOWFALL (IN)
  YESTERDAY       MM
  MONTH TO DATE   MM
  SINCE DEC 1     MM
  SINCE JUL 1     MM
  SNOW DEPTH      MM

DEGREE DAYS
 HEATING
  YESTERDAY       10                        25    -15       27
  MONTH TO DATE  383                       429    -46      363

 COOLING
  YESTERDAY        0                         0      0        0
  MONTH TO DATE    2                         0      2        0
  SINCE DEC 1      2                         1      1        0
  SINCE JAN 1      2                         0      2        0
..................................................................

WIND (MPH)
  HIGHEST WIND SPEED    25   HIGHEST WIND DIRECTION    SW (230)
  HIGHEST GUST SPEED    39   HIGHEST GUST DIRECTION    SW (240)
  AVERAGE WIND SPEED    10.3

SKY COVER
  POSSIBLE SUNSHINE  MM
  AVERAGE SKY COVER 1.0

WEATHER CONDITIONS
 THE FOLLOWING WEATHER WAS RECORDED YESTERDAY.
  HEAVY RAIN
  RAIN
  LIGHT RAIN
  FOG

RELATIVE HUMIDITY (PERCENT)
 HIGHEST    93          1000 AM
 LOWEST     66           300 AM
 AVERAGE    80
..........................................................

THE LONDON KY CLIMATE NORMALS FOR TODAY
                         NORMAL    RECORD    YEAR
 MAXIMUM TEMPERATURE (F)   50        71      1975
 MINIMUM TEMPERATURE (F)   30        -8      1958

SUNRISE AND SUNSET
FEBRUARY 17 2018......SUNRISE   723 AM EST   SUNSET   618 PM EST
FEBRUARY 18 2018......SUNRISE   721 AM EST   SUNSET   619 PM EST

-  INDICATES NEGATIVE NUMBERS.
R  INDICATES RECORD WAS SET OR TIED.
MM INDICATES DATA IS MISSING.
T  INDICATES TRACE AMOUNT.

$$
GREIF
