000
CDUS43 KJKL 300529
CLILOZ

CLIMATE REPORT
NATIONAL WEATHER SERVICE JACKSON KY
1229 AM EST THU NOV 30 2017


...................................

...THE LONDON KY CLIMATE SUMMARY FOR NOVEMBER 29 2017...

CLIMATE NORMAL PERIOD 1981 TO 2010
CLIMATE RECORD PERIOD 1954 TO 2017


WEATHER ITEM   OBSERVED TIME   RECORD YEAR NORMAL DEPARTURE LAST
                VALUE   (LST)  VALUE       VALUE  FROM      YEAR
                                                  NORMAL
..................................................................
TEMPERATURE (F)
 YESTERDAY
  MAXIMUM         66    332 PM  74    2006  53     13       67
  MINIMUM         31    744 AM   7    1976  33     -2       50
  AVERAGE         49                        43      6       59

PRECIPITATION (IN)
  YESTERDAY        0.00          1.07 2015   0.15  -0.15     0.59
  MONTH TO DATE    1.97                      3.69  -1.72     1.24
  SINCE SEP 1      9.06                     10.08  -1.02     3.32

SNOWFALL (IN)
  YESTERDAY       MM
  MONTH TO DATE   MM
  SINCE SEP 1     MM
  SINCE JUL 1     MM
  SNOW DEPTH      MM

DEGREE DAYS
 HEATING
  YESTERDAY       16                        22     -6        6
  MONTH TO DATE  495                       503     -8      443
  SINCE SEP 1    762                       808    -46      579
  SINCE JUL 1    762                       809    -47      579

COOLING
  YESTERDAY        0                         0      0        0
  MONTH TO DATE    6                         0      6        7
  SINCE SEP 1    172                       164      8      284
  SINCE JAN 1   1141                      1188    -47     1507
..................................................................


WIND (MPH)
  HIGHEST WIND SPEED     6   HIGHEST WIND DIRECTION    SE (120)
  HIGHEST GUST SPEED     8   HIGHEST GUST DIRECTION     W (280)
  AVERAGE WIND SPEED     0.9


SKY COVER
  POSSIBLE SUNSHINE  MM
  AVERAGE SKY COVER 0.0


WEATHER CONDITIONS
 THE FOLLOWING WEATHER WAS RECORDED YESTERDAY.
  NO SIGNIFICANT WEATHER WAS OBSERVED.


RELATIVE HUMIDITY (PERCENT)
 HIGHEST    82           400 AM
 LOWEST     30           500 PM
 AVERAGE    56

..........................................................


THE LONDON KY CLIMATE NORMALS FOR TODAY
                         NORMAL    RECORD    YEAR
 MAXIMUM TEMPERATURE (F)   52        71      2006
                                             1998
 MINIMUM TEMPERATURE (F)   33         2      1976


SUNRISE AND SUNSET
NOVEMBER 30 2017......SUNRISE   730 AM EST   SUNSET   520 PM EST
DECEMBER  1 2017......SUNRISE   731 AM EST   SUNSET   519 PM EST


-  INDICATES NEGATIVE NUMBERS.
R  INDICATES RECORD WAS SET OR TIED.
MM INDICATES DATA IS MISSING.
T  INDICATES TRACE AMOUNT.




$$
