624
CDUS43 KJKL 170526
CLILOZ

CLIMATE REPORT
NATIONAL WEATHER SERVICE JACKSON KY
126 AM EDT MON APR 17 2017

...................................

...THE LONDON KY CLIMATE SUMMARY FOR APRIL 16 2017...

CLIMATE NORMAL PERIOD 1981 TO 2010
CLIMATE RECORD PERIOD 1954 TO 2017

WEATHER ITEM   OBSERVED TIME   RECORD YEAR NORMAL DEPARTURE LAST
                VALUE   (LST)  VALUE       VALUE  FROM      YEAR
                                                  NORMAL
..................................................................
TEMPERATURE (F)
 YESTERDAY
  MAXIMUM         79    347 PM  86    2002  69     10       77
  MINIMUM         58    448 AM  25    1962  45     13       43
  AVERAGE         69                        57     12       60

PRECIPITATION (IN)
  YESTERDAY        0.24          2.62 1998   0.13   0.11     0.00
  MONTH TO DATE    1.00                      2.07  -1.07     0.98
  SINCE MAR 1      6.03                      6.12  -0.09     3.11

SNOWFALL (IN)
  YESTERDAY       MM
  MONTH TO DATE   MM
  SINCE MAR 1     MM
  SINCE JUL 1     MM
  SNOW DEPTH      MM

DEGREE DAYS
 HEATING
  YESTERDAY        0                         9     -9        5
  MONTH TO DATE   90                       177    -87      212
  SINCE MAR 1    603                       726   -123      611
  SINCE JUL 1   3198                      4002   -804     3527

 COOLING
  YESTERDAY        4                         1      3        0
  MONTH TO DATE   14                         8      6        1
  SINCE MAR 1     17                        11      6        1
  SINCE JAN 1     17                        11      6        1
..................................................................

WIND (MPH)
  HIGHEST WIND SPEED    17   HIGHEST WIND DIRECTION    SW (230)
  HIGHEST GUST SPEED    26   HIGHEST GUST DIRECTION    SW (210)
  AVERAGE WIND SPEED     6.9

SKY COVER
  POSSIBLE SUNSHINE  MM
  AVERAGE SKY COVER 0.7

WEATHER CONDITIONS
 THE FOLLOWING WEATHER WAS RECORDED YESTERDAY.
  RAIN
  LIGHT RAIN
  FOG
  HAZE

RELATIVE HUMIDITY (PERCENT)
 HIGHEST    65           600 AM
 LOWEST     35           400 PM
 AVERAGE    50

..........................................................

THE LONDON KY CLIMATE NORMALS FOR TODAY
                         NORMAL    RECORD    YEAR
 MAXIMUM TEMPERATURE (F)   69        86      1977
 MINIMUM TEMPERATURE (F)   45        27      1962

SUNRISE AND SUNSET
APRIL 17 2017.........SUNRISE   659 AM EDT   SUNSET   813 PM EDT
APRIL 18 2017.........SUNRISE   658 AM EDT   SUNSET   814 PM EDT

-  INDICATES NEGATIVE NUMBERS.
R  INDICATES RECORD WAS SET OR TIED.
MM INDICATES DATA IS MISSING.
T  INDICATES TRACE AMOUNT.

$$
