000
CDUS43 KJKL 152019 RRA
CLILOZ

CLIMATE REPORT
NATIONAL WEATHER SERVICE JACKSON KY
419 PM EDT SAT APR 15 2017

...................................

...THE LONDON KY CLIMATE SUMMARY FOR APRIL 15 2017...
VALID TODAY AS OF 0400 PM LOCAL TIME.

CLIMATE NORMAL PERIOD 1981 TO 2010
CLIMATE RECORD PERIOD 1954 TO 2017

WEATHER ITEM   OBSERVED TIME   RECORD YEAR NORMAL DEPARTURE LAST
                VALUE   (LST)  VALUE       VALUE  FROM      YEAR
                                                  NORMAL
..................................................................
TEMPERATURE (F)
 TODAY
  MAXIMUM         82    217 PM  85    2006  69     13       79
                                      1977
  MINIMUM         54    554 AM  27    1963  44     10       52
  AVERAGE         68                        56     12       66

PRECIPITATION (IN)
  TODAY            0.00          1.86 1956   0.12  -0.12     0.00
  MONTH TO DATE    0.76                      1.94  -1.18     0.98
  SINCE MAR 1      5.79                      5.99  -0.20     3.11

SNOWFALL (IN)
  TODAY           MM
  MONTH TO DATE   MM
  SINCE MAR 1     MM
  SINCE JUL 1     MM
  SNOW DEPTH      MM

DEGREE DAYS
 HEATING
  TODAY            0                         9     -9        0
  MONTH TO DATE   90                       168    -78      207
  SINCE MAR 1    603                       717   -114      606
  SINCE JUL 1   3198                      3993   -795     3522

 COOLING
  TODAY            3                         1      2        1
  MONTH TO DATE    9                         7      2        1
  SINCE MAR 1     12                        10      2        1
  SINCE JAN 1     12                        10      2        1
..................................................................

WIND (MPH)
  HIGHEST WIND SPEED    18   HIGHEST WIND DIRECTION     S (190)
  HIGHEST GUST SPEED    26   HIGHEST GUST DIRECTION    SW (240)
  AVERAGE WIND SPEED     5.0

SKY COVER
  POSSIBLE SUNSHINE  MM
  AVERAGE SKY COVER 0.3

WEATHER CONDITIONS
 THE FOLLOWING WEATHER WAS RECORDED TODAY.
  NO SIGNIFICANT WEATHER WAS OBSERVED.

RELATIVE HUMIDITY (PERCENT)
 HIGHEST    83           600 AM
 LOWEST     30           200 PM
 AVERAGE    57
..........................................................

THE LONDON KY CLIMATE NORMALS FOR TOMORROW
                         NORMAL    RECORD    YEAR
 MAXIMUM TEMPERATURE (F)   69        86      2002
 MINIMUM TEMPERATURE (F)   45        25      1962

SUNRISE AND SUNSET
APRIL 15 2017.........SUNRISE   702 AM EDT   SUNSET   811 PM EDT
APRIL 16 2017.........SUNRISE   700 AM EDT   SUNSET   812 PM EDT

-  INDICATES NEGATIVE NUMBERS.
R  INDICATES RECORD WAS SET OR TIED.
MM INDICATES DATA IS MISSING.
T  INDICATES TRACE AMOUNT.

$$

TAB
