000
CDUS43 KJKL 160537
CLILOZ

CLIMATE REPORT
NATIONAL WEATHER SERVICE JACKSON KY
124 AM EDT THU OCT 16 2014

...................................

...THE LONDON KY CLIMATE SUMMARY FOR OCTOBER 15 2014...

CLIMATE NORMAL PERIOD 1981 TO 2010
CLIMATE RECORD PERIOD 1954 TO 2014

WEATHER ITEM   OBSERVED TIME   RECORD YEAR NORMAL DEPARTURE LAST
                VALUE   (LST)  VALUE       VALUE  FROM      YEAR
                                                  NORMAL
..................................................................
TEMPERATURE (F)
 YESTERDAY
  MAXIMUM         61   1110 AM  89    1958  70     -9       76
  MINIMUM         54   1159 PM  28    1978  45      9       59
  AVERAGE         58                        58      0       68

PRECIPITATION (IN)
  YESTERDAY        0.20          0.73 1974   0.09   0.11     0.25
  MONTH TO DATE    6.65                      1.42   5.23     2.36
  SINCE SEP 1      8.04                      4.79   3.25     4.97
  SINCE JAN 1        MM                     37.47     MM    46.01

SNOWFALL (IN)
  YESTERDAY       MM
  MONTH TO DATE   MM
  SINCE SEP 1     MM
  SINCE JUL 1     MM
  SNOW DEPTH      MM

DEGREE DAYS
 HEATING
  YESTERDAY        7                         8     -1        0
  MONTH TO DATE   57                        94    -37       21
  SINCE SEP 1     75                       140    -65       36
  SINCE JUL 1     75                       141    -66       36

 COOLING
  YESTERDAY        0                         1     -1        3
  MONTH TO DATE   20                        17      3       39
  SINCE SEP 1    193                       160     33      188
  SINCE JAN 1     MM                      1184     MM     1080
..................................................................

WIND (MPH)
  HIGHEST WIND SPEED    18   HIGHEST WIND DIRECTION     S (200)
  HIGHEST GUST SPEED    26   HIGHEST GUST DIRECTION     S (200)
  AVERAGE WIND SPEED     7.1

SKY COVER
  POSSIBLE SUNSHINE  MM
  AVERAGE SKY COVER 0.9

WEATHER CONDITIONS
 THE FOLLOWING WEATHER WAS RECORDED YESTERDAY.
  RAIN
  LIGHT RAIN
  FOG

RELATIVE HUMIDITY (PERCENT)
 HIGHEST    93           600 PM
 LOWEST     60          1000 AM
 AVERAGE    77
..........................................................

THE LONDON KY CLIMATE NORMALS FOR TODAY
                         NORMAL    RECORD    YEAR
 MAXIMUM TEMPERATURE (F)   69        82      1962
 MINIMUM TEMPERATURE (F)   45        33      1987

SUNRISE AND SUNSET
OCTOBER 16 2014.......SUNRISE   745 AM EDT   SUNSET   658 PM EDT
OCTOBER 17 2014.......SUNRISE   746 AM EDT   SUNSET   657 PM EDT

-  INDICATES NEGATIVE NUMBERS.
R  INDICATES RECORD WAS SET OR TIED.
MM INDICATES DATA IS MISSING.
T  INDICATES TRACE AMOUNT.

$$

SHALLENBERGER
