360
CDUS43 KJKL 140526
CLILOZ

CLIMATE REPORT
NATIONAL WEATHER SERVICE JACKSON KY
1226 AM EST SAT JAN 14 2017

...................................

...THE LONDON KY CLIMATE SUMMARY FOR JANUARY 13 2017...

CLIMATE NORMAL PERIOD 1981 TO 2010
CLIMATE RECORD PERIOD 1954 TO 2017

WEATHER ITEM   OBSERVED TIME   RECORD YEAR NORMAL DEPARTURE LAST
                VALUE   (LST)  VALUE       VALUE  FROM      YEAR
                                                  NORMAL
..................................................................
TEMPERATURE (F)
 YESTERDAY
  MAXIMUM         53    114 AM  71    1972  44      9       34
  MINIMUM         41    710 PM  -1    1997  26     15       13
  AVERAGE         47                        35     12       24

PRECIPITATION (IN)
  YESTERDAY        0.55          1.12 2013   0.11   0.44     0.00
  MONTH TO DATE    1.82                      1.49   0.33     0.74
  SINCE DEC 1      8.12                      5.73   2.39     6.19
  SINCE JAN 1      1.82                      1.49   0.33     0.74

SNOWFALL (IN)
  YESTERDAY       MM
  MONTH TO DATE   MM
  SINCE DEC 1     MM
  SINCE JUL 1     MM
  SNOW DEPTH      MM

DEGREE DAYS
 HEATING
  YESTERDAY       18                        30    -12       41
  MONTH TO DATE  344                       386    -42      404
  SINCE DEC 1   1138                      1208    -70      879
  SINCE JUL 1   1729                      2038   -309     1544

 COOLING
  YESTERDAY        0                         0      0        0
  MONTH TO DATE    0                         0      0        0
  SINCE DEC 1      0                         1     -1        0
  SINCE JAN 1      0                         0      0        0
..................................................................

WIND (MPH)
  HIGHEST WIND SPEED    13   HIGHEST WIND DIRECTION    NE (30)
  HIGHEST GUST SPEED    15   HIGHEST GUST DIRECTION    NE (30)
  AVERAGE WIND SPEED     6.3

SKY COVER
  POSSIBLE SUNSHINE  MM
  AVERAGE SKY COVER 1.0

WEATHER CONDITIONS
 THE FOLLOWING WEATHER WAS RECORDED YESTERDAY.
  RAIN
  LIGHT RAIN
  FOG

RELATIVE HUMIDITY (PERCENT)
 HIGHEST    93           300 AM
 LOWEST     83          1100 AM
 AVERAGE    88

..........................................................

THE LONDON KY CLIMATE NORMALS FOR TODAY
                         NORMAL    RECORD    YEAR
 MAXIMUM TEMPERATURE (F)   44        69      2007
 MINIMUM TEMPERATURE (F)   26         4      1963

SUNRISE AND SUNSET
JANUARY 14 2017.......SUNRISE   749 AM EST   SUNSET   542 PM EST
JANUARY 15 2017.......SUNRISE   749 AM EST   SUNSET   543 PM EST

-  INDICATES NEGATIVE NUMBERS.
R  INDICATES RECORD WAS SET OR TIED.
MM INDICATES DATA IS MISSING.
T  INDICATES TRACE AMOUNT.

$$
