000
CDUS43 KJKL 290537
CLILOZ

CLIMATE REPORT
NATIONAL WEATHER SERVICE JACKSON KY
137 AM EDT WED OCT 29 2014

...................................

...THE LONDON KY CLIMATE SUMMARY FOR OCTOBER 28 2014...

CLIMATE NORMAL PERIOD 1981 TO 2010
CLIMATE RECORD PERIOD 1954 TO 2014

WEATHER ITEM   OBSERVED TIME   RECORD YEAR NORMAL DEPARTURE LAST
                VALUE   (LST)  VALUE       VALUE  FROM      YEAR
                                                  NORMAL
..................................................................
TEMPERATURE (F)
 YESTERDAY
  MAXIMUM         77    407 PM  84    1991  66     11       62
  MINIMUM         50   1159 PM  23    1976  42      8       51
  AVERAGE         64                        54     10       57

PRECIPITATION (IN)
  YESTERDAY        1.06          1.29 2002   0.11   0.95     0.19
  MONTH TO DATE    7.80                      2.71   5.09     3.03
  SINCE SEP 1      9.19                      6.08   3.11     5.64
  SINCE JAN 1        MM                     38.76     MM    46.68

SNOWFALL (IN)
  YESTERDAY       MM
  MONTH TO DATE   MM
  SINCE SEP 1     MM
  SINCE JUL 1     MM
  SNOW DEPTH      MM

DEGREE DAYS
 HEATING
  YESTERDAY        1                        12    -11        8
  MONTH TO DATE  177                       224    -47      226
  SINCE SEP 1    195                       270    -75      241
  SINCE JUL 1    195                       271    -76      241

 COOLING
  YESTERDAY        0                         0      0        0
  MONTH TO DATE   20                        17      3       39
  SINCE SEP 1    193                       160     33      188
  SINCE JAN 1     MM                      1184     MM     1080
..................................................................

WIND (MPH)
  HIGHEST WIND SPEED    20   HIGHEST WIND DIRECTION    SW (220)
  HIGHEST GUST SPEED    29   HIGHEST GUST DIRECTION    SW (220)
  AVERAGE WIND SPEED     7.3

SKY COVER
  POSSIBLE SUNSHINE  MM
  AVERAGE SKY COVER 0.5

WEATHER CONDITIONS
 THE FOLLOWING WEATHER WAS RECORDED YESTERDAY.
  HEAVY RAIN
  RAIN
  LIGHT RAIN
  FOG
  HAZE

RELATIVE HUMIDITY (PERCENT)
 HIGHEST    93           700 PM
 LOWEST     47           400 PM
 AVERAGE    70

..........................................................

THE LONDON KY CLIMATE NORMALS FOR TODAY
                         NORMAL    RECORD    YEAR
 MAXIMUM TEMPERATURE (F)   65        80      1971
 MINIMUM TEMPERATURE (F)   41        19      1976

SUNRISE AND SUNSET
OCTOBER 29 2014.......SUNRISE   758 AM EDT   SUNSET   642 PM EDT
OCTOBER 30 2014.......SUNRISE   759 AM EDT   SUNSET   641 PM EDT

-  INDICATES NEGATIVE NUMBERS.
R  INDICATES RECORD WAS SET OR TIED.
MM INDICATES DATA IS MISSING.
T  INDICATES TRACE AMOUNT.

$$
DMJ
