000
CDUS43 KJKL 030607
CLILOZ

CLIMATE REPORT
NATIONAL WEATHER SERVICE JACKSON KY
107 AM EST TUE MAR 3 2015

...................................

...THE LONDON KY CLIMATE SUMMARY FOR MARCH 2 2015...

CLIMATE NORMAL PERIOD 1981 TO 2010
CLIMATE RECORD PERIOD 1954 TO 2015

WEATHER ITEM   OBSERVED TIME   RECORD YEAR NORMAL DEPARTURE LAST
                VALUE   (LST)  VALUE       VALUE  FROM      YEAR
                                                  NORMAL
..................................................................
TEMPERATURE (F)
 YESTERDAY
  MAXIMUM         46   1218 AM  79    1976  54     -8       63
  MINIMUM         32    800 AM  -1    1980  33     -1       32
  AVERAGE         39                        44     -5       48

PRECIPITATION (IN)
  YESTERDAY        0.15          1.64 2014   0.14   0.01     1.64
  MONTH TO DATE    0.17                      0.28  -0.11     1.64
  SINCE MAR 1      0.17                      0.28  -0.11     1.64
  SINCE JAN 1      7.64                      7.53   0.11     8.15

SNOWFALL (IN)
  YESTERDAY       MM
  MONTH TO DATE   MM
  SINCE MAR 1     MM
  SINCE JUL 1     MM
  SNOW DEPTH      MM

DEGREE DAYS
 HEATING
  YESTERDAY       26                        22      4       17
  MONTH TO DATE   49                        44      5       34
  SINCE MAR 1     49                        44      5       34
  SINCE JUL 1   3670                      3320    350     3541

 COOLING
  YESTERDAY        0                         0      0        0
  MONTH TO DATE    0                         0      0        0
  SINCE MAR 1      0                         0      0        0
  SINCE JAN 1      0                         0      0        0
..................................................................

WIND (MPH)
  HIGHEST WIND SPEED    14   HIGHEST WIND DIRECTION     N (340)
  HIGHEST GUST SPEED    18   HIGHEST GUST DIRECTION     N (340)
  AVERAGE WIND SPEED     6.3

SKY COVER
  POSSIBLE SUNSHINE  MM
  AVERAGE SKY COVER 0.4

WEATHER CONDITIONS
 THE FOLLOWING WEATHER WAS RECORDED YESTERDAY.
  RAIN
  LIGHT RAIN
  FOG
  HAZE

RELATIVE HUMIDITY (PERCENT)
 HIGHEST    92           400 AM
 LOWEST     33           600 PM
 AVERAGE    63
..........................................................

THE LONDON KY CLIMATE NORMALS FOR TODAY
                         NORMAL    RECORD    YEAR
 MAXIMUM TEMPERATURE (F)   55        77      1974
 MINIMUM TEMPERATURE (F)   33       -12      1980

SUNRISE AND SUNSET
MARCH  3 2015.........SUNRISE   705 AM EST   SUNSET   632 PM EST
MARCH  4 2015.........SUNRISE   704 AM EST   SUNSET   633 PM EST

-  INDICATES NEGATIVE NUMBERS.
R  INDICATES RECORD WAS SET OR TIED.
MM INDICATES DATA IS MISSING.
T  INDICATES TRACE AMOUNT.

$$

RAY
