000
CDUS43 KJKL 220602
CLILOZ

CLIMATE REPORT
NATIONAL WEATHER SERVICE JACKSON KY
201 AM EDT WED JUL 22 2015


...................................

...THE LONDON KY CLIMATE SUMMARY FOR JULY 21 2015...

CLIMATE NORMAL PERIOD 1981 TO 2010
CLIMATE RECORD PERIOD 1954 TO 2015


WEATHER ITEM   OBSERVED TIME   RECORD YEAR NORMAL DEPARTURE LAST
                VALUE   (LST)  VALUE       VALUE  FROM      YEAR
                                                  NORMAL
..................................................................
TEMPERATURE (F)
 YESTERDAY
  MAXIMUM         85    608 PM  95    2008  86     -1       89
  MINIMUM         74   1159 PM  54    1971  66      8       67
  AVERAGE         80                        76      4       78

PRECIPITATION (IN)
  YESTERDAY        0.17          0.73 1961   0.13   0.04     0.01
  MONTH TO DATE   10.88                      2.76   8.12     5.93
  SINCE JUN 1     15.85                      7.16   8.69     8.64
  SINCE JAN 1     35.77                     27.69   8.08    27.63

SNOWFALL (IN)
  YESTERDAY       MM
  MONTH TO DATE   MM
  SINCE JUN 1     MM
  SINCE JUL 1     MM
  SNOW DEPTH      MM

DEGREE DAYS
 HEATING
  YESTERDAY        0                         0      0        0
  MONTH TO DATE    0                         0      0        0
  SINCE JUN 1      2                         9     -7        0
  SINCE JUL 1      0                         0      0        0

COOLING
  YESTERDAY       15                        11      4       13
  MONTH TO DATE  260                       231     29      203
  SINCE JUN 1    567                       474     93      485
  SINCE JAN 1    761                       588    173      651
..................................................................


WIND (MPH)
  HIGHEST WIND SPEED    14   HIGHEST WIND DIRECTION     W (260)
  HIGHEST GUST SPEED    18   HIGHEST GUST DIRECTION     W (270)
  AVERAGE WIND SPEED     5.1


SKY COVER
  POSSIBLE SUNSHINE  MM
  AVERAGE SKY COVER 0.7


WEATHER CONDITIONS
 THE FOLLOWING WEATHER WAS RECORDED YESTERDAY.
  THUNDERSTORM
  HEAVY RAIN
  RAIN
  LIGHT RAIN
  FOG


RELATIVE HUMIDITY (PERCENT)
 HIGHEST    87          1200 AM
 LOWEST     55           200 PM
 AVERAGE    71

..........................................................


THE LONDON KY CLIMATE NORMALS FOR TODAY
                         NORMAL    RECORD    YEAR
 MAXIMUM TEMPERATURE (F)   86        94      1978
 MINIMUM TEMPERATURE (F)   66        56      2007
                                             1966


SUNRISE AND SUNSET
JULY 22 2015..........SUNRISE   633 AM EDT   SUNSET   852 PM EDT
JULY 23 2015..........SUNRISE   634 AM EDT   SUNSET   851 PM EDT


-  INDICATES NEGATIVE NUMBERS.
R  INDICATES RECORD WAS SET OR TIED.
MM INDICATES DATA IS MISSING.
T  INDICATES TRACE AMOUNT.

$$
