000
CDUS43 KJKL 100526
CLILOZ

CLIMATE REPORT
NATIONAL WEATHER SERVICE JACKSON KY
126 AM EDT WED AUG 10 2016

...................................

...THE LONDON KY CLIMATE SUMMARY FOR AUGUST 9 2016...

CLIMATE NORMAL PERIOD 1981 TO 2010
CLIMATE RECORD PERIOD 1954 TO 2016


WEATHER ITEM   OBSERVED TIME   RECORD YEAR NORMAL DEPARTURE LAST
                VALUE   (LST)  VALUE       VALUE  FROM      YEAR
                                                  NORMAL
..................................................................
TEMPERATURE (F)
 YESTERDAY
  MAXIMUM         88    553 PM  98    2007  86      2       87
  MINIMUM         72    533 AM  48    1989  66      6       65
  AVERAGE         80                        76      4       76

PRECIPITATION (IN)
  YESTERDAY        0.01          2.44 1970   0.14  -0.13     0.00
  MONTH TO DATE    1.84                      1.16   0.68     1.19
  SINCE JUN 1     12.56                      9.60   2.96    17.39

SNOWFALL (IN)
  YESTERDAY       MM
  MONTH TO DATE   MM
  SINCE JUN 1     MM
  SINCE JUL 1     MM
  SNOW DEPTH      MM

DEGREE DAYS
 HEATING
  YESTERDAY        0                         0      0        0
  MONTH TO DATE    0                         0      0        0
  SINCE JUN 1      2                         9     -7        2
  SINCE JUL 1      0                         0      0        0

 COOLING
  YESTERDAY       15                        11      4       11
  MONTH TO DATE  123                        99     24       99
  SINCE JUN 1    837                       692    145      796
  SINCE JAN 1    939                       806    133      990
..................................................................

WIND (MPH)
  HIGHEST WIND SPEED    14   HIGHEST WIND DIRECTION    SW (230)
  HIGHEST GUST SPEED    16   HIGHEST GUST DIRECTION    SW (220)
  AVERAGE WIND SPEED     2.9

SKY COVER
  POSSIBLE SUNSHINE  MM
  AVERAGE SKY COVER 0.4

WEATHER CONDITIONS
 THE FOLLOWING WEATHER WAS RECORDED YESTERDAY.
  NO SIGNIFICANT WEATHER WAS OBSERVED.

RELATIVE HUMIDITY (PERCENT)
 HIGHEST    93           200 AM
 LOWEST     57           100 PM
 AVERAGE    75

..........................................................

THE LONDON KY CLIMATE NORMALS FOR TODAY
                         NORMAL    RECORD    YEAR
 MAXIMUM TEMPERATURE (F)   86        98      1980
 MINIMUM TEMPERATURE (F)   66        51      1976

SUNRISE AND SUNSET
AUGUST 10 2016........SUNRISE   649 AM EDT   SUNSET   833 PM EDT
AUGUST 11 2016........SUNRISE   650 AM EDT   SUNSET   832 PM EDT

-  INDICATES NEGATIVE NUMBERS.
R  INDICATES RECORD WAS SET OR TIED.
MM INDICATES DATA IS MISSING.
T  INDICATES TRACE AMOUNT.

$$
