000
CDUS43 KJKL 102123
CLILOZ

CLIMATE REPORT
NATIONAL WEATHER SERVICE JACKSON KY
423 PM EST WED DEC 10 2014

...................................

...THE LONDON KY CLIMATE SUMMARY FOR DECEMBER 10 2014...
VALID TODAY AS OF 0400 PM LOCAL TIME.

CLIMATE NORMAL PERIOD 1981 TO 2010
CLIMATE RECORD PERIOD 1954 TO 2014

WEATHER ITEM   OBSERVED TIME   RECORD YEAR NORMAL DEPARTURE LAST
                VALUE   (LST)  VALUE       VALUE  FROM      YEAR
                                                  NORMAL
..................................................................
TEMPERATURE (F)
 TODAY
  MAXIMUM         38    333 PM  72    1971  49    -11       36
  MINIMUM         36   1004 AM  10    1962  30      6       25
  AVERAGE         37                        40     -3       31

PRECIPITATION (IN)
  TODAY            0.01          1.53 2008   0.15  -0.14     0.10
  MONTH TO DATE    1.84                      1.46   0.38     3.58
  SINCE DEC 1      1.84                      1.46   0.38     3.58
  SINCE JAN 1     49.29                     44.36   4.93    53.56

SNOWFALL (IN)
  TODAY           MM
  MONTH TO DATE   MM
  SINCE DEC 1     MM
  SINCE JUL 1     MM
  SNOW DEPTH      MM

DEGREE DAYS
 HEATING
  TODAY           28                        25      3       34
  MONTH TO DATE  196                       241    -45      209
  SINCE DEC 1    196                       241    -45      209
  SINCE JUL 1   1140                      1071     69     1076

 COOLING
  TODAY            0                         0      0        0
  MONTH TO DATE    0                         0      0        0
  SINCE DEC 1      0                         0      0        0
  SINCE JAN 1   1247                      1190     57     1083
..................................................................

WIND (MPH)
  HIGHEST WIND SPEED    14   HIGHEST WIND DIRECTION     N (340)
  HIGHEST GUST SPEED    19   HIGHEST GUST DIRECTION     N (350)
  AVERAGE WIND SPEED     8.1

SKY COVER
  POSSIBLE SUNSHINE  MM
  AVERAGE SKY COVER 1.0

WEATHER CONDITIONS
 THE FOLLOWING WEATHER WAS RECORDED TODAY.
  LIGHT RAIN
  FOG

RELATIVE HUMIDITY (PERCENT)
 HIGHEST    85          1200 AM
 LOWEST     64          1200 PM
 AVERAGE    75

..........................................................

THE LONDON KY CLIMATE NORMALS FOR TOMORROW
                         NORMAL    RECORD    YEAR
 MAXIMUM TEMPERATURE (F)   49        75      2007
 MINIMUM TEMPERATURE (F)   30         1      1957

SUNRISE AND SUNSET
DECEMBER 10 2014......SUNRISE   739 AM EST   SUNSET   519 PM EST
DECEMBER 11 2014......SUNRISE   740 AM EST   SUNSET   520 PM EST

-  INDICATES NEGATIVE NUMBERS.
R  INDICATES RECORD WAS SET OR TIED.
MM INDICATES DATA IS MISSING.
T  INDICATES TRACE AMOUNT.

$$

CARICO
