000
CDUS43 KJKL 192030
CLILOZ

CLIMATE REPORT
NATIONAL WEATHER SERVICE JACKSON KY
427 PM EDT THU MAR 19 2015

...................................
...THE LONDON KY CLIMATE SUMMARY FOR MARCH 19 2015... VALID TODAY AS
OF 0400 PM LOCAL TIME.

CLIMATE NORMAL PERIOD 1981 TO 2010
CLIMATE RECORD PERIOD 1954 TO 2015

WEATHER ITEM   OBSERVED TIME   RECORD YEAR NORMAL DEPARTURE LAST
                VALUE   (LST)  VALUE       VALUE  FROM      YEAR
                                                  NORMAL
..................................................................
TEMPERATURE (F)
 TODAY
  MAXIMUM         46    222 AM  81    2012  60    -14       60
                                      1982
  MINIMUM         40   1002 AM  19    1967  37      3       41
  AVERAGE         43                        48     -5       51

PRECIPITATION (IN)
  TODAY            0.06          0.60 1974   0.13  -0.07     0.00
                                      2008
  MONTH TO DATE    4.47                      2.48   1.99     3.20
  SINCE MAR 1      4.47                      2.48   1.99     3.20
  SINCE JAN 1     11.94                      9.73   2.21     9.71

SNOWFALL (IN)
  TODAY           MM
  MONTH TO DATE   MM
  SINCE MAR 1     MM
  SINCE JUL 1     MM
  SNOW DEPTH      MM

DEGREE DAYS
 HEATING
  TODAY           22                        17      5       14
  MONTH TO DATE  360                       368     -8      409
  SINCE MAR 1    360                       368     -8      409
  SINCE JUL 1   3981                      3644    337     3916

 COOLING
  TODAY            0                         0      0        0
  MONTH TO DATE    0                         0      0        0
  SINCE MAR 1      0                         0      0        0
  SINCE JAN 1      0                         0      0        0
..................................................................

WIND (MPH)
  HIGHEST WIND SPEED    14   HIGHEST WIND DIRECTION    NE (30)
  HIGHEST GUST SPEED    18   HIGHEST GUST DIRECTION    NE (30)
  AVERAGE WIND SPEED     5.2

SKY COVER
  POSSIBLE SUNSHINE  MM
  AVERAGE SKY COVER 1.0

WEATHER CONDITIONS
 THE FOLLOWING WEATHER WAS RECORDED TODAY.
  LIGHT RAIN
  HAZE

RELATIVE HUMIDITY (PERCENT)
 HIGHEST    83           300 PM
 LOWEST     31          1200 AM
 AVERAGE    57
..........................................................

THE LONDON KY CLIMATE NORMALS FOR TOMORROW
                         NORMAL    RECORD    YEAR
 MAXIMUM TEMPERATURE (F)   60        85      2012
 MINIMUM TEMPERATURE (F)   37        17      1965

SUNRISE AND SUNSET
MARCH 19 2015.........SUNRISE   742 AM EDT   SUNSET   747 PM EDT
MARCH 20 2015.........SUNRISE   740 AM EDT   SUNSET   748 PM EDT

-  INDICATES NEGATIVE NUMBERS.
R  INDICATES RECORD WAS SET OR TIED.
MM INDICATES DATA IS MISSING.
T  INDICATES TRACE AMOUNT.

$$

TAB
