000
CDUS43 KJKL 120617
CLILOZ

CLIMATE REPORT
NATIONAL WEATHER SERVICE JACKSON KY
116 AM EST FRI DEC 12 2014
...................................

...THE LONDON KY CLIMATE SUMMARY FOR DECEMBER 11 2014...

CLIMATE NORMAL PERIOD 1981 TO 2010
CLIMATE RECORD PERIOD 1954 TO 2014

WEATHER ITEM   OBSERVED TIME   RECORD YEAR NORMAL DEPARTURE LAST
                VALUE   (LST)  VALUE       VALUE  FROM      YEAR
                                                  NORMAL
..................................................................
TEMPERATURE (F)
 YESTERDAY
  MAXIMUM         41    346 PM  75    2007  49     -8       46
  MINIMUM         26   1159 PM   1    1957  30     -4       20
  AVERAGE         34                        39     -5       33

PRECIPITATION (IN)
  YESTERDAY        0.00          1.14 1960   0.15  -0.15     0.00
  MONTH TO DATE    1.84                      1.61   0.23     3.58
  SINCE DEC 1      1.84                      1.61   0.23     3.58
  SINCE JAN 1        MM                     44.51     MM    53.56

SNOWFALL (IN)
  YESTERDAY       MM
  MONTH TO DATE   MM
  SINCE DEC 1     MM
  SINCE JUL 1     MM
  SNOW DEPTH      MM

DEGREE DAYS
 HEATING
  YESTERDAY       31                        26      5       32
  MONTH TO DATE  228                       267    -39      241
  SINCE DEC 1    228                       267    -39      241
  SINCE JUL 1   1172                      1097     75     1108

 COOLING
  YESTERDAY        0                         0      0        0
  MONTH TO DATE    0                         0      0        0
  SINCE DEC 1      0                         0      0        0
  SINCE JAN 1     MM                      1190     MM     1083
..................................................................

WIND (MPH)
  HIGHEST WIND SPEED    10   HIGHEST WIND DIRECTION     W (280)
  HIGHEST GUST SPEED    14   HIGHEST GUST DIRECTION    NW (310)
  AVERAGE WIND SPEED     4.4

SKY COVER
  POSSIBLE SUNSHINE  MM
  AVERAGE SKY COVER 0.5

WEATHER CONDITIONS
 THE FOLLOWING WEATHER WAS RECORDED YESTERDAY.
  NO SIGNIFICANT WEATHER WAS OBSERVED.

RELATIVE HUMIDITY (PERCENT)
 HIGHEST    81          1100 PM
 LOWEST     44           200 PM
 AVERAGE    63
..........................................................

THE LONDON KY CLIMATE NORMALS FOR TODAY
                         NORMAL    RECORD    YEAR
 MAXIMUM TEMPERATURE (F)   48        67      1972
 MINIMUM TEMPERATURE (F)   30       -12      1962

SUNRISE AND SUNSET
DECEMBER 12 2014......SUNRISE   740 AM EST   SUNSET   520 PM EST
DECEMBER 13 2014......SUNRISE   741 AM EST   SUNSET   520 PM EST

-  INDICATES NEGATIVE NUMBERS.
R  INDICATES RECORD WAS SET OR TIED.
MM INDICATES DATA IS MISSING.
T  INDICATES TRACE AMOUNT.

$$
