000
CDUS43 KJKL 140524
CLILOZ

CLIMATE REPORT
NATIONAL WEATHER SERVICE JACKSON KY
123 AM EDT THU MAY 14 2015

...................................

...THE LONDON KY CLIMATE SUMMARY FOR MAY 13 2015...

CLIMATE NORMAL PERIOD 1981 TO 2010
CLIMATE RECORD PERIOD 1954 TO 2015


WEATHER ITEM   OBSERVED TIME   RECORD YEAR NORMAL DEPARTURE LAST
                VALUE   (LST)  VALUE       VALUE  FROM      YEAR
                                                  NORMAL
..................................................................
TEMPERATURE (F)
 YESTERDAY
  MAXIMUM         75    416 PM  89    1956  76     -1       85
  MINIMUM         47    613 AM  34    2013  52     -5       63
  AVERAGE         61                        64     -3       74

PRECIPITATION (IN)
  YESTERDAY        0.00          1.68 1983   0.18  -0.18     0.10
  MONTH TO DATE    0.12                      2.14  -2.02     0.85
  SINCE MAR 1     11.00                     10.24   0.76    11.10
  SINCE JAN 1     18.47                     17.49   0.98    17.61

SNOWFALL (IN)
  YESTERDAY       MM
  MONTH TO DATE   MM
  SINCE MAR 1     MM
  SINCE JUL 1     MM
  SNOW DEPTH      MM

DEGREE DAYS
 HEATING
  YESTERDAY        4                         3      1        0
  MONTH TO DATE   24                        55    -31       29
  SINCE MAR 1    742                       880   -138      859
  SINCE JUL 1   4363                      4156    207     4366

 COOLING
  YESTERDAY        0                         2     -2        9
  MONTH TO DATE   63                        21     42       57
  SINCE MAR 1     86                        47     39       82
  SINCE JAN 1     86                        47     39       82
..................................................................


WIND (MPH)
  HIGHEST WIND SPEED    13   HIGHEST WIND DIRECTION    NE (30)
  HIGHEST GUST SPEED    16   HIGHEST GUST DIRECTION     N (20)
  AVERAGE WIND SPEED     4.5


SKY COVER
  POSSIBLE SUNSHINE  MM
  AVERAGE SKY COVER 0.0


WEATHER CONDITIONS
 THE FOLLOWING WEATHER WAS RECORDED YESTERDAY.
  NO SIGNIFICANT WEATHER WAS OBSERVED.


RELATIVE HUMIDITY (PERCENT)
 HIGHEST    80           500 AM
 LOWEST     29           300 PM
 AVERAGE    55

..........................................................


THE LONDON KY CLIMATE NORMALS FOR TODAY
                         NORMAL    RECORD    YEAR
 MAXIMUM TEMPERATURE (F)   76        88      1998
 MINIMUM TEMPERATURE (F)   53        33      1996


SUNRISE AND SUNSET
MAY 14 2015...........SUNRISE   629 AM EDT   SUNSET   837 PM EDT
MAY 15 2015...........SUNRISE   628 AM EDT   SUNSET   837 PM EDT


-  INDICATES NEGATIVE NUMBERS.
R  INDICATES RECORD WAS SET OR TIED.
MM INDICATES DATA IS MISSING.
T  INDICATES TRACE AMOUNT.




$$
