000
CDUS43 KJKL 132022
CLILOZ

CLIMATE REPORT
NATIONAL WEATHER SERVICE JACKSON KY
420 PM EDT WED APR 13 2016


...................................

...THE LONDON KY CLIMATE SUMMARY FOR APRIL 13 2016...
VALID TODAY AS OF 0400 PM LOCAL TIME.

CLIMATE NORMAL PERIOD 1981 TO 2010
CLIMATE RECORD PERIOD 1954 TO 2016


WEATHER ITEM   OBSERVED TIME   RECORD YEAR NORMAL DEPARTURE LAST
                VALUE   (LST)  VALUE       VALUE  FROM      YEAR
                                                  NORMAL
..................................................................
TEMPERATURE (F)
 TODAY
  MAXIMUM         70    259 PM  86    1977  68      2       77
  MINIMUM         37    629 AM  28    2007  44     -7       58
                                      1989
  AVERAGE         54                        56     -2       68

PRECIPITATION (IN)
  TODAY            0.00          0.81 2004   0.13  -0.13     0.34
  MONTH TO DATE    0.98                      1.69  -0.71     2.87
  SINCE MAR 1      3.11                      5.74  -2.63     8.20

SNOWFALL (IN)
  TODAY           MM
  MONTH TO DATE   MM
  SINCE MAR 1     MM
  SINCE JUL 1     MM
  SNOW DEPTH      MM

DEGREE DAYS
 HEATING
  TODAY           11                        10      1        0
  MONTH TO DATE  201                       149     52       69
  SINCE MAR 1    600                       698    -98      593
  SINCE JUL 1   3516                      3974   -458     4214

 COOLING
  TODAY            0                         1     -1        3
  MONTH TO DATE    0                         5     -5       17
  SINCE MAR 1      0                         8     -8       17
  SINCE JAN 1      0                         8     -8       17
..................................................................


WIND (MPH)
  HIGHEST WIND SPEED     9   HIGHEST WIND DIRECTION    NE (40)
  HIGHEST GUST SPEED    13   HIGHEST GUST DIRECTION     E (70)
  AVERAGE WIND SPEED     4.7


SKY COVER
  POSSIBLE SUNSHINE  MM
  AVERAGE SKY COVER 0.0


WEATHER CONDITIONS
 THE FOLLOWING WEATHER WAS RECORDED TODAY.
  NO SIGNIFICANT WEATHER WAS OBSERVED.


RELATIVE HUMIDITY (PERCENT)
 HIGHEST    59           200 AM
 LOWEST     24           300 PM
 AVERAGE    42

..........................................................


THE LONDON KY CLIMATE NORMALS FOR TOMORROW
                         NORMAL    RECORD    YEAR
 MAXIMUM TEMPERATURE (F)   68        87      2006
 MINIMUM TEMPERATURE (F)   44        26      1962


SUNRISE AND SUNSET
APRIL 13 2016.........SUNRISE   704 AM EDT   SUNSET   810 PM EDT
APRIL 14 2016.........SUNRISE   703 AM EDT   SUNSET   811 PM EDT


-  INDICATES NEGATIVE NUMBERS.
R  INDICATES RECORD WAS SET OR TIED.
MM INDICATES DATA IS MISSING.
T  INDICATES TRACE AMOUNT.




$$
