000
CDUS43 KJKL 150955
CLILOZ

CLIMATE REPORT
NATIONAL WEATHER SERVICE JACKSON KY
455 AM EST SUN JAN 15 2017

...................................

...THE LONDON KY CLIMATE SUMMARY FOR JANUARY 14 2017...

CLIMATE NORMAL PERIOD 1981 TO 2010
CLIMATE RECORD PERIOD 1954 TO 2017


WEATHER ITEM   OBSERVED TIME   RECORD YEAR NORMAL DEPARTURE LAST
                VALUE   (LST)  VALUE       VALUE  FROM      YEAR
                                                  NORMAL
..................................................................

TEMPERATURE (F)
 YESTERDAY
  MAXIMUM         60    105 PM  69    2007  44     16       58
  MINIMUM         42    358 AM   4    1963  26     16       27
  AVERAGE         51                        35     16       43

PRECIPITATION (IN)
  YESTERDAY        0.15          0.97 1995   0.11   0.04     0.00
  MONTH TO DATE    1.97                      1.60   0.37     0.74
  SINCE DEC 1      8.27                      5.84   2.43     6.19
  SINCE JAN 1      1.97                      1.60   0.37     0.74

SNOWFALL (IN)
  YESTERDAY       MM
  MONTH TO DATE   MM
  SINCE DEC 1     MM
  SINCE JUL 1     MM
  SNOW DEPTH      MM

DEGREE DAYS
 HEATING
  YESTERDAY       14                        30    -16       22
  MONTH TO DATE  358                       416    -58      426
  SINCE DEC 1   1152                      1238    -86      901
  SINCE JUL 1   1743                      2068   -325     1566

 COOLING
  YESTERDAY        0                         0      0        0
  MONTH TO DATE    0                         0      0        0
  SINCE DEC 1      0                         1     -1        0
  SINCE JAN 1      0                         0      0        0
..................................................................

WIND (MPH)
  HIGHEST WIND SPEED    16   HIGHEST WIND DIRECTION    SW (240)
  HIGHEST GUST SPEED    22   HIGHEST GUST DIRECTION    SW (240)
  AVERAGE WIND SPEED     4.1


SKY COVER
  POSSIBLE SUNSHINE  MM
  AVERAGE SKY COVER 1.0


WEATHER CONDITIONS
 THE FOLLOWING WEATHER WAS RECORDED YESTERDAY.
  RAIN
  LIGHT RAIN
  FOG
  FOG W/VISIBILITY <= 1/4 MILE


RELATIVE HUMIDITY (PERCENT)
 HIGHEST    96           400 AM
 LOWEST     78           100 PM
 AVERAGE    87
..........................................................

THE LONDON KY CLIMATE NORMALS FOR TODAY
                         NORMAL    RECORD    YEAR
 MAXIMUM TEMPERATURE (F)   44        67      2007
 MINIMUM TEMPERATURE (F)   26        -2      1972


SUNRISE AND SUNSET
JANUARY 15 2017.......SUNRISE   749 AM EST   SUNSET   543 PM EST
JANUARY 16 2017.......SUNRISE   748 AM EST   SUNSET   544 PM EST


-  INDICATES NEGATIVE NUMBERS.
R  INDICATES RECORD WAS SET OR TIED.
MM INDICATES DATA IS MISSING.
T  INDICATES TRACE AMOUNT.
$$
