000
CDUS43 KJKL 120557 RRA
CLILOZ

CLIMATE REPORT
NATIONAL WEATHER SERVICE JACKSON KY
1257 AM EST SUN MAR 12 2017

...................................

...THE LONDON KY CLIMATE SUMMARY FOR MARCH 11 2017...

CLIMATE NORMAL PERIOD 1981 TO 2010
CLIMATE RECORD PERIOD 1954 TO 2017

WEATHER ITEM   OBSERVED TIME   RECORD YEAR NORMAL DEPARTURE LAST
                VALUE   (LST)  VALUE       VALUE  FROM      YEAR
                                                  NORMAL
..................................................................
TEMPERATURE (F)
 YESTERDAY
  MAXIMUM         40    522 PM  79    1990  57    -17       63
  MINIMUM         28    629 AM  18    1998  35     -7       54
                                      1965
  AVERAGE         34                        46    -12       59

PRECIPITATION (IN)
  YESTERDAY        0.00          4.21 1963   0.12  -0.12     0.10
  MONTH TO DATE    2.17                      1.44   0.73     0.76
  SINCE MAR 1      2.17                      1.44   0.73     0.76

SNOWFALL (IN)
  YESTERDAY       MM
  MONTH TO DATE   MM
  SINCE MAR 1     MM
  SINCE JUL 1     MM
  SNOW DEPTH      MM

DEGREE DAYS
 HEATING
  YESTERDAY       31                        19     12        6
  MONTH TO DATE  205                       225    -20      190
  SINCE MAR 1    205                       225    -20      190
  SINCE JUL 1   2800                      3501   -701     3106

 COOLING
  YESTERDAY        0                         0      0        0
  MONTH TO DATE    0                         0      0        0
  SINCE MAR 1      0                         0      0        0
  SINCE JAN 1      0                         0      0        0
..................................................................

WIND (MPH)
  HIGHEST WIND SPEED    12   HIGHEST WIND DIRECTION     N (360)
  HIGHEST GUST SPEED    16   HIGHEST GUST DIRECTION     N (350)
  AVERAGE WIND SPEED     5.8

SKY COVER
  POSSIBLE SUNSHINE  MM
  AVERAGE SKY COVER 0.3

WEATHER CONDITIONS
 THE FOLLOWING WEATHER WAS RECORDED YESTERDAY.
  NO SIGNIFICANT WEATHER WAS OBSERVED.

RELATIVE HUMIDITY (PERCENT)
 HIGHEST    53           300 AM
 LOWEST     22           500 PM
 AVERAGE    38
..........................................................

THE LONDON KY CLIMATE NORMALS FOR TODAY
                         NORMAL    RECORD    YEAR
 MAXIMUM TEMPERATURE (F)   57        82      1990
 MINIMUM TEMPERATURE (F)   35         6      1960

SUNRISE AND SUNSET
MARCH 12 2017.........SUNRISE   751 AM EDT   SUNSET   741 PM EDT
MARCH 13 2017.........SUNRISE   750 AM EDT   SUNSET   742 PM EDT

-  INDICATES NEGATIVE NUMBERS.
R  INDICATES RECORD WAS SET OR TIED.
MM INDICATES DATA IS MISSING.
T  INDICATES TRACE AMOUNT.

$$
