000
CDUS43 KJKL 060640
CLILOZ

CLIMATE REPORT
NATIONAL WEATHER SERVICE JACKSON KY
140 AM EST MON NOV 6 2017


...................................

...THE LONDON KY CLIMATE SUMMARY FOR NOVEMBER 5 2017...

CLIMATE NORMAL PERIOD 1981 TO 2010
CLIMATE RECORD PERIOD 1954 TO 2017


WEATHER ITEM   OBSERVED TIME   RECORD YEAR NORMAL DEPARTURE LAST
                VALUE   (LST)  VALUE       VALUE  FROM      YEAR
                                                  NORMAL
..................................................................
TEMPERATURE (F)
 YESTERDAY
  MAXIMUM         76    400 PM  79    1975  63     13       65
  MINIMUM         63    159 AM  14    1991  40     23       37
  AVERAGE         70                        51     19       51

PRECIPITATION (IN)
  YESTERDAY        0.00          1.37 1988   0.11  -0.11     0.00
  MONTH TO DATE    0.31                      0.58  -0.27     0.02
  SINCE SEP 1      7.40                      6.97   0.43     2.10

SNOWFALL (IN)
  YESTERDAY       MM
  MONTH TO DATE   MM
  SINCE SEP 1     MM
  SINCE JUL 1     MM
  SNOW DEPTH      MM

DEGREE DAYS
 HEATING
  YESTERDAY        0                        14    -14       14
  MONTH TO DATE   13                        67    -54       22
  SINCE SEP 1    280                       372    -92      158
  SINCE JUL 1    280                       373    -93      158

COOLING
  YESTERDAY        5                         0      5        0
  MONTH TO DATE    6                         0      6        7
  SINCE SEP 1    172                       164      8      284
  SINCE JAN 1   1141                      1188    -47     1507
..................................................................


WIND (MPH)
  HIGHEST WIND SPEED    20   HIGHEST WIND DIRECTION     S (200)
  HIGHEST GUST SPEED    29   HIGHEST GUST DIRECTION     S (200)
  AVERAGE WIND SPEED     8.4


SKY COVER
  POSSIBLE SUNSHINE  MM
  AVERAGE SKY COVER 0.5


WEATHER CONDITIONS
 THE FOLLOWING WEATHER WAS RECORDED YESTERDAY.
  NO SIGNIFICANT WEATHER WAS OBSERVED.


RELATIVE HUMIDITY (PERCENT)
 HIGHEST    93          1200 AM
 LOWEST     54           400 PM
 AVERAGE    74

..........................................................


THE LONDON KY CLIMATE NORMALS FOR TODAY
                         NORMAL    RECORD    YEAR
 MAXIMUM TEMPERATURE (F)   63        79      1977
 MINIMUM TEMPERATURE (F)   39        20      1967


SUNRISE AND SUNSET
NOVEMBER  6 2017......SUNRISE   706 AM EST   SUNSET   534 PM EST
NOVEMBER  7 2017......SUNRISE   707 AM EST   SUNSET   533 PM EST


-  INDICATES NEGATIVE NUMBERS.
R  INDICATES RECORD WAS SET OR TIED.
MM INDICATES DATA IS MISSING.
T  INDICATES TRACE AMOUNT.




$$
