000
CDUS43 KJKL 100531
CLILOZ

CLIMATE REPORT
NATIONAL WEATHER SERVICE JACKSON KY
1221 AM EST MON NOV 10 2014

...................................

...THE LONDON KY CLIMATE SUMMARY FOR NOVEMBER 9 2014...

CLIMATE NORMAL PERIOD 1981 TO 2010
CLIMATE RECORD PERIOD 1954 TO 2014

WEATHER ITEM   OBSERVED TIME   RECORD YEAR NORMAL DEPARTURE LAST
                VALUE   (LST)  VALUE       VALUE  FROM      YEAR
                                                  NORMAL
..................................................................
TEMPERATURE (F)
 YESTERDAY
  MAXIMUM         58    402 PM  77    2005  61     -3       61
                                      1994
  MINIMUM         37   1159 PM  18    1961  39     -2       29
  AVERAGE         48                        50     -2       45

PRECIPITATION (IN)
  YESTERDAY        0.00          1.45 1962   0.11  -0.11     0.00
  MONTH TO DATE    1.27                      1.02   0.25     0.70
  SINCE SEP 1     11.01                      7.41   3.60     6.86
  SINCE JAN 1        MM                     40.09     MM    47.90

SNOWFALL (IN)
  YESTERDAY       MM
  MONTH TO DATE   MM
  SINCE SEP 1     MM
  SINCE JUL 1     MM
  SNOW DEPTH      MM

DEGREE DAYS
 HEATING
  YESTERDAY       17                        15      2       20
  MONTH TO DATE  171                       126     45      124
  SINCE SEP 1    416                       431    -15      368
  SINCE JUL 1    416                       432    -16      368

 COOLING
  YESTERDAY        0                         0      0        0
  MONTH TO DATE    0                         0      0        0
  SINCE SEP 1    193                       164     29      191
  SINCE JAN 1     MM                      1188     MM     1083
..................................................................

WIND (MPH)
  HIGHEST WIND SPEED    10   HIGHEST WIND DIRECTION     N (350)
  HIGHEST GUST SPEED    13   HIGHEST GUST DIRECTION     N (340)
  AVERAGE WIND SPEED     1.9

SKY COVER
  POSSIBLE SUNSHINE  MM
  AVERAGE SKY COVER 0.4

WEATHER CONDITIONS
 THE FOLLOWING WEATHER WAS RECORDED YESTERDAY.
  NO SIGNIFICANT WEATHER WAS OBSERVED.

RELATIVE HUMIDITY (PERCENT)
 HIGHEST    83           500 AM
 LOWEST     36           400 PM
 AVERAGE    60
..........................................................

THE LONDON KY CLIMATE NORMALS FOR TODAY
                         NORMAL    RECORD    YEAR
 MAXIMUM TEMPERATURE (F)   61        78      2006
                                             2002
 MINIMUM TEMPERATURE (F)   38        17      1957

SUNRISE AND SUNSET
NOVEMBER 10 2014......SUNRISE   710 AM EST   SUNSET   530 PM EST
NOVEMBER 11 2014......SUNRISE   711 AM EST   SUNSET   529 PM EST

-  INDICATES NEGATIVE NUMBERS.
R  INDICATES RECORD WAS SET OR TIED.
MM INDICATES DATA IS MISSING.
T  INDICATES TRACE AMOUNT.

$$

SHALLENBERGER
