086
CDUS43 KJKL 061131
CLILOZ

CLIMATE REPORT
NATIONAL WEATHER SERVICE JACKSON KY
631 AM EST WED DEC 6 2017

...................................

...THE LONDON KY CLIMATE SUMMARY FOR DECEMBER 5 2017...

CLIMATE NORMAL PERIOD 1981 TO 2010
CLIMATE RECORD PERIOD 1954 TO 2017


WEATHER ITEM   OBSERVED TIME   RECORD YEAR NORMAL DEPARTURE LAST
                VALUE   (LST)  VALUE       VALUE  FROM      YEAR
                                                  NORMAL
..................................................................

TEMPERATURE (F)
 YESTERDAY
  MAXIMUM         60        MM  72    2013  51      9       48
                                      2001
  MINIMUM         34        MM  12    1969  32      2       43
  AVERAGE         47                        41      6       46

PRECIPITATION (IN)
  YESTERDAY        0.66          0.99 1977   0.14   0.52     0.00
  MONTH TO DATE    0.66                      0.71  -0.05     0.33
  SINCE DEC 1      0.66                      0.71  -0.05     0.33

SNOWFALL (IN)
  YESTERDAY       MM
  MONTH TO DATE   MM
  SINCE DEC 1     MM
  SINCE JUL 1     MM
  SNOW DEPTH      MM

DEGREE DAYS
 HEATING
  YESTERDAY       18                        24     -6       19
  MONTH TO DATE   90                       117    -27      122
  SINCE DEC 1     90                       117    -27      122
  SINCE JUL 1    871                       947    -76      713

 COOLING
  YESTERDAY        0                         0      0        0
  MONTH TO DATE    0                         0      0        0
  SINCE DEC 1      0                         0      0        0
  SINCE JAN 1   1141                      1190    -49     1507
..................................................................

WIND (MPH)
  HIGHEST WIND SPEED    14   HIGHEST WIND DIRECTION     S (180)
  HIGHEST GUST SPEED    31   HIGHEST GUST DIRECTION     S (160)
  AVERAGE WIND SPEED     9.7


SKY COVER
  POSSIBLE SUNSHINE   0 PERCENT
  AVERAGE SKY COVER 0.0


WEATHER CONDITIONS
 THE FOLLOWING WEATHER WAS RECORDED YESTERDAY.
  NO SIGNIFICANT WEATHER WAS OBSERVED.


RELATIVE HUMIDITY (PERCENT)
 HIGHEST     0          1200 AM
 LOWEST      0          1200 AM
 AVERAGE     0
..........................................................

THE LONDON KY CLIMATE NORMALS FOR TODAY
                         NORMAL    RECORD    YEAR
 MAXIMUM TEMPERATURE (F)   50        74      1998
 MINIMUM TEMPERATURE (F)   31         5      1977


SUNRISE AND SUNSET
DECEMBER  6 2017......SUNRISE   736 AM EST   SUNSET   519 PM EST
DECEMBER  7 2017......SUNRISE   737 AM EST   SUNSET   519 PM EST


-  INDICATES NEGATIVE NUMBERS.
R  INDICATES RECORD WAS SET OR TIED.
MM INDICATES DATA IS MISSING.
T  INDICATES TRACE AMOUNT.
$$
