000
CDUS43 KJKL 110847
CLILOZ

CLIMATE REPORT
NATIONAL WEATHER SERVICE JACKSON KY
447 AM EDT MON AUG 11 2014

...................................

...THE LONDON KY CLIMATE SUMMARY FOR AUGUST 10 2014...

CLIMATE NORMAL PERIOD 1981 TO 2010
CLIMATE RECORD PERIOD 1954 TO 2014


WEATHER ITEM   OBSERVED TIME   RECORD YEAR NORMAL DEPARTURE LAST
                VALUE   (LST)  VALUE       VALUE  FROM      YEAR
                                                  NORMAL
..................................................................

TEMPERATURE (F)
 YESTERDAY
  MAXIMUM         82    258 PM  98    1980  86     -4       81
  MINIMUM         72    343 AM  51    1976  66      6       70
  AVERAGE         77                        76      1       76

PRECIPITATION (IN)
  YESTERDAY        0.38          1.78 2006   0.13   0.25     0.28
  MONTH TO DATE    1.57                      1.29   0.28     0.78
  SINCE JUN 1     11.28                      9.73   1.55    15.21
  SINCE JAN 1     MM                        30.26  MM       38.22

SNOWFALL (IN)
  YESTERDAY       MM
  MONTH TO DATE   MM
  SINCE JUN 1     MM
  SINCE JUL 1     MM
  SNOW DEPTH      MM

DEGREE DAYS
 HEATING
  YESTERDAY        0                         0      0        0
  MONTH TO DATE    0                         0      0        0
  SINCE JUN 1     MM                         9     MM        0
  SINCE JUL 1      0                         0      0        0

 COOLING
  YESTERDAY       12                        11      1       11
  MONTH TO DATE   96                       110    -14       90
  SINCE JUN 1     MM                       703     MM      592
  SINCE JAN 1     MM                       817     MM      692
..................................................................

WIND (MPH)
  HIGHEST WIND SPEED    17   HIGHEST WIND DIRECTION     W (250)
  HIGHEST GUST SPEED    22   HIGHEST GUST DIRECTION    SW (240)
  AVERAGE WIND SPEED     3.2


SKY COVER
  POSSIBLE SUNSHINE  MM
  AVERAGE SKY COVER 0.6


WEATHER CONDITIONS
 THE FOLLOWING WEATHER WAS RECORDED YESTERDAY.
  THUNDERSTORM
  HEAVY RAIN
  RAIN
  LIGHT RAIN
  FOG
  HAZE


RELATIVE HUMIDITY (PERCENT)
 HIGHEST    93           200 AM
 LOWEST     74          1100 AM
 AVERAGE    84
..........................................................

THE LONDON KY CLIMATE NORMALS FOR TODAY
                         NORMAL    RECORD    YEAR
 MAXIMUM TEMPERATURE (F)   86        94      2010
                                             1999
                                             1983
 MINIMUM TEMPERATURE (F)   65        50      1962


SUNRISE AND SUNSET
AUGUST 11 2014........SUNRISE   650 AM EDT   SUNSET   833 PM EDT
AUGUST 12 2014........SUNRISE   650 AM EDT   SUNSET   832 PM EDT


-  INDICATES NEGATIVE NUMBERS.
R  INDICATES RECORD WAS SET OR TIED.
MM INDICATES DATA IS MISSING.
T  INDICATES TRACE AMOUNT.
$$
