000
CDUS43 KJKL 050627
CLILOZ

CLIMATE REPORT
NATIONAL WEATHER SERVICE JACKSON KY
127 AM EST WED NOV 5 2014


...................................

...THE LONDON KY CLIMATE SUMMARY FOR NOVEMBER 4 2014...

CLIMATE NORMAL PERIOD 1981 TO 2010
CLIMATE RECORD PERIOD 1954 TO 2014


WEATHER ITEM   OBSERVED TIME   RECORD YEAR NORMAL DEPARTURE LAST
                VALUE   (LST)  VALUE       VALUE  FROM      YEAR
                                                  NORMAL
..................................................................
TEMPERATURE (F)
 YESTERDAY
  MAXIMUM         68    418 PM  82    1977  63      5       63
  MINIMUM         37    554 AM  18    1966  40     -3       34
  AVERAGE         53                        52      1       49

PRECIPITATION (IN)
  YESTERDAY        0.00          2.46 2004   0.12  -0.12     0.00
  MONTH TO DATE    0.02                      0.47  -0.45     0.33
  SINCE SEP 1      9.76                      6.86   2.90     6.49
  SINCE JAN 1        MM                     39.54     MM    47.53

SNOWFALL (IN)
  YESTERDAY       MM
  MONTH TO DATE   MM
  SINCE SEP 1     MM
  SINCE JUL 1     MM
  SNOW DEPTH      MM

DEGREE DAYS
 HEATING
  YESTERDAY       12                        14     -2       16
  MONTH TO DATE   85                        53     32       51
  SINCE SEP 1    330                       358    -28      295
  SINCE JUL 1    330                       359    -29      295

COOLING
  YESTERDAY        0                         0      0        0
  MONTH TO DATE    0                         0      0        0
  SINCE SEP 1    193                       164     29      191
  SINCE JAN 1     MM                      1188     MM     1083
..................................................................


WIND (MPH)
  HIGHEST WIND SPEED    14   HIGHEST WIND DIRECTION     W (250)
  HIGHEST GUST SPEED    19   HIGHEST GUST DIRECTION    SW (210)
  AVERAGE WIND SPEED     3.3


SKY COVER
  POSSIBLE SUNSHINE  MM
  AVERAGE SKY COVER 0.0


WEATHER CONDITIONS
 THE FOLLOWING WEATHER WAS RECORDED YESTERDAY.
  NO SIGNIFICANT WEATHER WAS OBSERVED.


RELATIVE HUMIDITY (PERCENT)
 HIGHEST    85           400 AM
 LOWEST     27           400 PM
 AVERAGE    56

..........................................................


THE LONDON KY CLIMATE NORMALS FOR TODAY
                         NORMAL    RECORD    YEAR
 MAXIMUM TEMPERATURE (F)   63        79      1975
 MINIMUM TEMPERATURE (F)   40        14      1991


SUNRISE AND SUNSET
NOVEMBER  5 2014......SUNRISE   705 AM EST   SUNSET   535 PM EST
NOVEMBER  6 2014......SUNRISE   706 AM EST   SUNSET   534 PM EST


-  INDICATES NEGATIVE NUMBERS.
R  INDICATES RECORD WAS SET OR TIED.
MM INDICATES DATA IS MISSING.
T  INDICATES TRACE AMOUNT.

$$
