000
CDUS43 KJKL 170529
CLILOZ

CLIMATE REPORT
NATIONAL WEATHER SERVICE JACKSON KY
129 AM EDT FRI MAR 17 2017
...................................

...THE LONDON KY CLIMATE SUMMARY FOR MARCH 16 2017...

CLIMATE NORMAL PERIOD 1981 TO 2010
CLIMATE RECORD PERIOD 1954 TO 2017

WEATHER ITEM   OBSERVED TIME   RECORD YEAR NORMAL DEPARTURE LAST
                VALUE   (LST)  VALUE       VALUE  FROM      YEAR
                                                  NORMAL
..................................................................
TEMPERATURE (F)
 YESTERDAY
  MAXIMUM         45    328 PM  77    1995  59    -14       74
                                      1982
  MINIMUM         16    659 AM  10    1970  36    -20       47
  AVERAGE         31                        47    -16       61

PRECIPITATION (IN)
  YESTERDAY        0.00          1.23 1955   0.13  -0.13     0.00
  MONTH TO DATE    2.49                      2.09   0.40     1.05
  SINCE MAR 1      2.49                      2.09   0.40     1.05

SNOWFALL (IN)
  YESTERDAY       MM
  MONTH TO DATE   MM
  SINCE MAR 1     MM
  SINCE JUL 1     MM
  SNOW DEPTH      MM

DEGREE DAYS
 HEATING
  YESTERDAY       34                        18     16        4
  MONTH TO DATE  367                       317     50      204
  SINCE MAR 1    367                       317     50      204
  SINCE JUL 1   2962                      3593   -631     3120

 COOLING
  YESTERDAY        0                         0      0        0
  MONTH TO DATE    0                         0      0        0
  SINCE MAR 1      0                         0      0        0
  SINCE JAN 1      0                         0      0        0
..................................................................

WIND (MPH)
  HIGHEST WIND SPEED    13   HIGHEST WIND DIRECTION    NW (300)
  HIGHEST GUST SPEED    17   HIGHEST GUST DIRECTION     W (250)
  AVERAGE WIND SPEED     2.5

SKY COVER
  POSSIBLE SUNSHINE  MM
  AVERAGE SKY COVER 0.0

WEATHER CONDITIONS
 THE FOLLOWING WEATHER WAS RECORDED YESTERDAY.
  NO SIGNIFICANT WEATHER WAS OBSERVED.

RELATIVE HUMIDITY (PERCENT)
 HIGHEST    84           800 AM
 LOWEST     19           400 PM
 AVERAGE    52
..........................................................

THE LONDON KY CLIMATE NORMALS FOR TODAY
                         NORMAL    RECORD    YEAR
 MAXIMUM TEMPERATURE (F)   59        78      1995
                                             1982
 MINIMUM TEMPERATURE (F)   36        19      1988

SUNRISE AND SUNSET
MARCH 17 2017.........SUNRISE   744 AM EDT   SUNSET   746 PM EDT
MARCH 18 2017.........SUNRISE   742 AM EDT   SUNSET   747 PM EDT

-  INDICATES NEGATIVE NUMBERS.
R  INDICATES RECORD WAS SET OR TIED.
MM INDICATES DATA IS MISSING.
T  INDICATES TRACE AMOUNT.

$$
