000
CDUS43 KJKL 042021
CLILOZ

CLIMATE REPORT
NATIONAL WEATHER SERVICE JACKSON KY
421 PM EDT SAT NOV 4 2017

...................................

...THE LONDON KY CLIMATE SUMMARY FOR NOVEMBER 4 2017...
VALID TODAY AS OF 0400 PM LOCAL TIME.

CLIMATE NORMAL PERIOD 1981 TO 2010
CLIMATE RECORD PERIOD 1954 TO 2017

WEATHER ITEM   OBSERVED TIME   RECORD YEAR NORMAL DEPARTURE LAST
                VALUE   (LST)  VALUE       VALUE  FROM      YEAR
                                                  NORMAL
..................................................................
TEMPERATURE (F)
 TODAY
  MAXIMUM         72    259 PM  82    1977  63      9       67
  MINIMUM         58    614 AM  18    1966  40     18       47
  AVERAGE         65                        52     13       57

PRECIPITATION (IN)
  TODAY            0.00          2.46 2004   0.12  -0.12     0.00
  MONTH TO DATE    0.31                      0.47  -0.16     0.02
  SINCE SEP 1      7.40                      6.86   0.54     2.10

SNOWFALL (IN)
  TODAY           MM
  MONTH TO DATE   MM
  SINCE SEP 1     MM
  SINCE JUL 1     MM
  SNOW DEPTH      MM

DEGREE DAYS
 HEATING
  TODAY            0                        14    -14        8
  MONTH TO DATE   13                        53    -40        8
  SINCE SEP 1    280                       358    -78      144
  SINCE JUL 1    280                       359    -79      144

 COOLING
  TODAY            0                         0      0        0
  MONTH TO DATE    0                         0      0        7
  SINCE SEP 1    166                       164      2      284
  SINCE JAN 1   1135                      1188    -53     1507
..................................................................

WIND (MPH)
  HIGHEST WIND SPEED    13   HIGHEST WIND DIRECTION     W (250)
  HIGHEST GUST SPEED    18   HIGHEST GUST DIRECTION    SW (230)
  AVERAGE WIND SPEED     4.7

SKY COVER
  POSSIBLE SUNSHINE  MM
  AVERAGE SKY COVER 0.9

WEATHER CONDITIONS
 THE FOLLOWING WEATHER WAS RECORDED TODAY.
  FOG

RELATIVE HUMIDITY (PERCENT)
 HIGHEST   100          1200 AM
 LOWEST     68           200 PM
 AVERAGE    84

..........................................................

THE LONDON KY CLIMATE NORMALS FOR TOMORROW
                         NORMAL    RECORD    YEAR
 MAXIMUM TEMPERATURE (F)   63        79      1975
 MINIMUM TEMPERATURE (F)   40        14      1991

SUNRISE AND SUNSET
NOVEMBER  4 2017......SUNRISE   804 AM EDT   SUNSET   635 PM EDT
NOVEMBER  5 2017......SUNRISE   705 AM EST   SUNSET   534 PM EST

-  INDICATES NEGATIVE NUMBERS.
R  INDICATES RECORD WAS SET OR TIED.
MM INDICATES DATA IS MISSING.
T  INDICATES TRACE AMOUNT.

$$

CARICO
