000
CDUS43 KJKL 052121
CLILOZ

CLIMATE REPORT
NATIONAL WEATHER SERVICE JACKSON KY
421 PM EST MON FEB 5 2018

...................................

...THE LONDON KY CLIMATE SUMMARY FOR FEBRUARY 5 2018...
VALID TODAY AS OF 0400 PM LOCAL TIME.

CLIMATE NORMAL PERIOD 1981 TO 2010
CLIMATE RECORD PERIOD 1954 TO 2018

WEATHER ITEM   OBSERVED TIME   RECORD YEAR NORMAL DEPARTURE LAST
                VALUE   (LST)  VALUE       VALUE  FROM      YEAR
                                                  NORMAL
..................................................................
TEMPERATURE (F)
 TODAY
  MAXIMUM         33    355 PM  70    2008  47    -14       55
  MINIMUM         19    825 AM   3    1965  28     -9       36
  AVERAGE         26                        37    -11       46

PRECIPITATION (IN)
  TODAY            0.01          2.59 2004   0.13  -0.12      T
  MONTH TO DATE    1.05                      0.64   0.41      T
  SINCE DEC 1      5.47                      8.42  -2.95    10.38
  SINCE JAN 1      2.56                      4.18  -1.62     4.08

SNOWFALL (IN)
  TODAY           MM
  MONTH TO DATE   MM
  SINCE DEC 1     MM
  SINCE JUL 1     MM
  SNOW DEPTH      MM

DEGREE DAYS
 HEATING
  TODAY           39                        28     11       19
  MONTH TO DATE  171                       140     31      142

 COOLING
  TODAY            0                         0      0        0
  MONTH TO DATE    0                         0      0        0
  SINCE DEC 1      0                         1     -1        0
  SINCE JAN 1      0                         0      0        0
..................................................................

WIND (MPH)
  HIGHEST WIND SPEED    17   HIGHEST WIND DIRECTION    NW (330)
  HIGHEST GUST SPEED    25   HIGHEST GUST DIRECTION    NW (320)
  AVERAGE WIND SPEED     7.2

SKY COVER
  POSSIBLE SUNSHINE  MM
  AVERAGE SKY COVER 0.7

WEATHER CONDITIONS
 THE FOLLOWING WEATHER WAS RECORDED TODAY.
  LT FREEZING RAIN

RELATIVE HUMIDITY (PERCENT)
 HIGHEST    81           100 PM
 LOWEST     56           400 PM
 AVERAGE    69
..........................................................

THE LONDON KY CLIMATE NORMALS FOR TOMORROW
                         NORMAL    RECORD    YEAR
 MAXIMUM TEMPERATURE (F)   47        71      2008
 MINIMUM TEMPERATURE (F)   28         1      1978

SUNRISE AND SUNSET
FEBRUARY  5 2018......SUNRISE   735 AM EST   SUNSET   606 PM EST
FEBRUARY  6 2018......SUNRISE   734 AM EST   SUNSET   607 PM EST

-  INDICATES NEGATIVE NUMBERS.
R  INDICATES RECORD WAS SET OR TIED.
MM INDICATES DATA IS MISSING.
T  INDICATES TRACE AMOUNT.

$$

TAB
