000
CDUS43 KJKL 120530
CLILOZ

CLIMATE REPORT
NATIONAL WEATHER SERVICE JACKSON KY
130 AM EDT TUE APR 12 2016

...................................

...THE LONDON KY CLIMATE SUMMARY FOR APRIL 11 2016...

CLIMATE NORMAL PERIOD 1981 TO 2010
CLIMATE RECORD PERIOD 1954 TO 2016

WEATHER ITEM   OBSERVED TIME   RECORD YEAR NORMAL DEPARTURE LAST
                VALUE   (LST)  VALUE       VALUE  FROM      YEAR
                                                  NORMAL
..................................................................
TEMPERATURE (F)
 YESTERDAY
  MAXIMUM         71    158 PM  86    1977  67      4       69
  MINIMUM         52   1236 AM  22    1960  43      9       41
  AVERAGE         62                        55      7       55

PRECIPITATION (IN)
  YESTERDAY        0.07          1.48 1962   0.13  -0.06     0.00
  MONTH TO DATE    0.86                      1.42  -0.56     2.53
  SINCE MAR 1      2.99                      5.47  -2.48     7.86

SNOWFALL (IN)
  YESTERDAY       MM
  MONTH TO DATE   MM
  SINCE MAR 1     MM
  SINCE JUL 1     MM
  SNOW DEPTH      MM

DEGREE DAYS
 HEATING
  YESTERDAY        3                        10     -7       10
  MONTH TO DATE  177                       129     48       67
  SINCE MAR 1    576                       678   -102      591
  SINCE JUL 1   3492                      3954   -462     4212

 COOLING
  YESTERDAY        0                         1     -1        0
  MONTH TO DATE    0                         3     -3       14
  SINCE MAR 1      0                         6     -6       14
  SINCE JAN 1      0                         6     -6       14
..................................................................

WIND (MPH)
  HIGHEST WIND SPEED    28   HIGHEST WIND DIRECTION    SW (220)
  HIGHEST GUST SPEED    42   HIGHEST GUST DIRECTION    SW (220)
  AVERAGE WIND SPEED    13.8

SKY COVER
  POSSIBLE SUNSHINE  MM
  AVERAGE SKY COVER 0.5

WEATHER CONDITIONS
 THE FOLLOWING WEATHER WAS RECORDED YESTERDAY.
  LIGHT RAIN
  FOG

RELATIVE HUMIDITY (PERCENT)
 HIGHEST    93          1100 PM
 LOWEST     33           300 PM
 AVERAGE    63
..........................................................

THE LONDON KY CLIMATE NORMALS FOR TODAY
                         NORMAL    RECORD    YEAR
 MAXIMUM TEMPERATURE (F)   68        86      1977
 MINIMUM TEMPERATURE (F)   43        25      1989

SUNRISE AND SUNSET
APRIL 12 2016.........SUNRISE   705 AM EDT   SUNSET   809 PM EDT
APRIL 13 2016.........SUNRISE   704 AM EDT   SUNSET   810 PM EDT

-  INDICATES NEGATIVE NUMBERS.
R  INDICATES RECORD WAS SET OR TIED.
MM INDICATES DATA IS MISSING.
T  INDICATES TRACE AMOUNT.

$$
GREIF
