000
CDUS43 KJKL 170623
CLILOZ

CLIMATE REPORT
NATIONAL WEATHER SERVICE JACKSON KY
223 AM EDT MON JUL 17 2017
...................................

...THE LONDON KY CLIMATE SUMMARY FOR JULY 16 2017...

CLIMATE NORMAL PERIOD 1981 TO 2010
CLIMATE RECORD PERIOD 1954 TO 2017

WEATHER ITEM   OBSERVED TIME   RECORD YEAR NORMAL DEPARTURE LAST
                VALUE   (LST)  VALUE       VALUE  FROM      YEAR
                                                  NORMAL
..................................................................
TEMPERATURE (F)
 YESTERDAY
  MAXIMUM         86    511 PM 100    1980  87     -1       86
  MINIMUM         59    533 AM  50    1967  66     -7       67
  AVERAGE         73                        76     -3       77

PRECIPITATION (IN)
  YESTERDAY        0.00          1.32 1961   0.13  -0.13     0.12
  MONTH TO DATE    3.40                      2.11   1.29     5.55
  SINCE JUN 1      7.88                      6.51   1.37     7.88

SNOWFALL (IN)
  YESTERDAY       MM
  MONTH TO DATE   MM
  SINCE JUN 1     MM
  SINCE JUL 1     MM
  SNOW DEPTH      MM

DEGREE DAYS
 HEATING
  YESTERDAY        0                         0      0        0
  MONTH TO DATE    0                         0      0        0
  SINCE JUN 1      3                         9     -6        2
  SINCE JUL 1      0                         0      0        0

 COOLING
  YESTERDAY        8                        11     -3       12
  MONTH TO DATE  184                       176      8      197
  SINCE JUN 1    371                       419    -48      496
  SINCE JAN 1    522                       533    -11      598
..................................................................

WIND (MPH)
  HIGHEST WIND SPEED    10   HIGHEST WIND DIRECTION     W (250)
  HIGHEST GUST SPEED    13   HIGHEST GUST DIRECTION     W (270)
  AVERAGE WIND SPEED     2.3

SKY COVER
  POSSIBLE SUNSHINE  MM
  AVERAGE SKY COVER 0.0

WEATHER CONDITIONS
 THE FOLLOWING WEATHER WAS RECORDED YESTERDAY.
  NO SIGNIFICANT WEATHER WAS OBSERVED.

RELATIVE HUMIDITY (PERCENT)
 HIGHEST    97           400 AM
 LOWEST     37           100 PM
 AVERAGE    67
..........................................................

THE LONDON KY CLIMATE NORMALS FOR TODAY
                         NORMAL    RECORD    YEAR
 MAXIMUM TEMPERATURE (F)   87        95      1977
 MINIMUM TEMPERATURE (F)   66        53      1970

SUNRISE AND SUNSET
JULY 17 2017..........SUNRISE   630 AM EDT   SUNSET   855 PM EDT
JULY 18 2017..........SUNRISE   631 AM EDT   SUNSET   854 PM EDT

-  INDICATES NEGATIVE NUMBERS.
R  INDICATES RECORD WAS SET OR TIED.
MM INDICATES DATA IS MISSING.
T  INDICATES TRACE AMOUNT.

$$
