000
CDUS43 KJKL 010527
CLILOZ

CLIMATE REPORT
NATIONAL WEATHER SERVICE JACKSON KY
1227 AM EST THU FEB 1 2018

...................................

...THE LONDON KY CLIMATE SUMMARY FOR JANUARY 31 2018...

CLIMATE NORMAL PERIOD 1981 TO 2010
CLIMATE RECORD PERIOD 1954 TO 2018

WEATHER ITEM   OBSERVED TIME   RECORD YEAR NORMAL DEPARTURE LAST
                VALUE   (LST)  VALUE       VALUE  FROM      YEAR
                                                  NORMAL
..................................................................
TEMPERATURE (F)
 YESTERDAY
  MAXIMUM         54    433 PM  74    2002  46      8       58
  MINIMUM         21    426 AM -11    1966  27     -6       35
  AVERAGE         38                        37      1       47

PRECIPITATION (IN)
  YESTERDAY        0.00          1.67 1958   0.13  -0.13     0.00
  MONTH TO DATE    1.51                      3.54  -2.03     4.08
  SINCE DEC 1      4.42                      7.78  -3.36    10.38
  SINCE JAN 1      1.51                      3.54  -2.03     4.08

SNOWFALL (IN)
  YESTERDAY       MM
  MONTH TO DATE   MM
  SINCE DEC 1     MM
  SINCE JUL 1     MM
  SNOW DEPTH      MM

DEGREE DAYS
 HEATING
  YESTERDAY       27                        28     -1       18

 COOLING
  YESTERDAY        0                         0      0        0
  MONTH TO DATE    0                         0      0        0
  SINCE DEC 1      0                         1     -1        0
  SINCE JAN 1      0                         0      0        0
..................................................................

WIND (MPH)
  HIGHEST WIND SPEED    22   HIGHEST WIND DIRECTION     S (200)
  HIGHEST GUST SPEED    33   HIGHEST GUST DIRECTION     S (200)
  AVERAGE WIND SPEED     7.0

SKY COVER
  POSSIBLE SUNSHINE  MM
  AVERAGE SKY COVER 0.0

WEATHER CONDITIONS
 THE FOLLOWING WEATHER WAS RECORDED YESTERDAY.
  NO SIGNIFICANT WEATHER WAS OBSERVED.

RELATIVE HUMIDITY (PERCENT)
 HIGHEST    77          1200 AM
 LOWEST     22           200 PM
 AVERAGE    50
..........................................................

THE LONDON KY CLIMATE NORMALS FOR TODAY
                         NORMAL    RECORD    YEAR
 MAXIMUM TEMPERATURE (F)   46        71      1988
 MINIMUM TEMPERATURE (F)   27       -11      1971

SUNRISE AND SUNSET
FEBRUARY  1 2018......SUNRISE   739 AM EST   SUNSET   601 PM EST
FEBRUARY  2 2018......SUNRISE   738 AM EST   SUNSET   602 PM EST

-  INDICATES NEGATIVE NUMBERS.
R  INDICATES RECORD WAS SET OR TIED.
MM INDICATES DATA IS MISSING.
T  INDICATES TRACE AMOUNT.

$$

GEOGERIAN
