000
CDUS43 KJKL 060532
CLILOZ

CLIMATE REPORT
NATIONAL WEATHER SERVICE JACKSON KY
132 AM EDT SUN APR 6 2014

...................................

...THE LONDON KY CLIMATE SUMMARY FOR APRIL 5 2014...

CLIMATE NORMAL PERIOD 1981 TO 2010
CLIMATE RECORD PERIOD 1954 TO 2014

WEATHER ITEM   OBSERVED TIME   RECORD YEAR NORMAL DEPARTURE LAST
                VALUE   (LST)  VALUE       VALUE  FROM      YEAR
                                                  NORMAL
..................................................................
TEMPERATURE (F)
 YESTERDAY
  MAXIMUM         56    544 PM  86    1988  65     -9       64
  MINIMUM         41    830 AM  26    1972  41      0       38
  AVERAGE         49                        53     -4       51

PRECIPITATION (IN)
  YESTERDAY        0.00          0.78 2012   0.13  -0.13     0.00
  MONTH TO DATE    1.13                      0.64   0.49     0.25
  SINCE MAR 1      6.30                      4.69   1.61     5.70
  SINCE JAN 1     12.81                     11.94   0.87    12.49

SNOWFALL (IN)
  YESTERDAY       MM
  MONTH TO DATE   MM
  SINCE MAR 1     MM
  SINCE JUL 1     MM
  SNOW DEPTH      MM

DEGREE DAYS
 HEATING
  YESTERDAY       16                        12      4       14
  MONTH TO DATE   29                        63    -34      104
  SINCE MAR 1    680                       612     68      896
  SINCE JUL 1   4187                      3888    299     4244

 COOLING
  YESTERDAY        0                         0      0        0
  MONTH TO DATE    4                         0      4        0
  SINCE MAR 1      4                         3      1        0
  SINCE JAN 1      4                         3      1        0
..................................................................

WIND (MPH)
  HIGHEST WIND SPEED    13   HIGHEST WIND DIRECTION     N (360)
  HIGHEST GUST SPEED    19   HIGHEST GUST DIRECTION    NW (320)
  AVERAGE WIND SPEED     5.8

SKY COVER
  POSSIBLE SUNSHINE  MM
  AVERAGE SKY COVER 0.5

WEATHER CONDITIONS
 THE FOLLOWING WEATHER WAS RECORDED YESTERDAY.
  NO SIGNIFICANT WEATHER WAS OBSERVED.

RELATIVE HUMIDITY (PERCENT)
 HIGHEST    76           100 AM
 LOWEST     38           400 PM
 AVERAGE    57

..........................................................

THE LONDON KY CLIMATE NORMALS FOR TODAY
                         NORMAL    RECORD    YEAR
 MAXIMUM TEMPERATURE (F)   66        88      2010
 MINIMUM TEMPERATURE (F)   42        26      2007

SUNRISE AND SUNSET
APRIL  6 2014.........SUNRISE   715 AM EDT   SUNSET   803 PM EDT
APRIL  7 2014.........SUNRISE   713 AM EDT   SUNSET   804 PM EDT

-  INDICATES NEGATIVE NUMBERS.
R  INDICATES RECORD WAS SET OR TIED.
MM INDICATES DATA IS MISSING.
T  INDICATES TRACE AMOUNT.

$$
JJ
