000
CDUS43 KJKL 231048
CLILOZ

CDUS43 KJKL DDHHMM
CLILOZ

CLIMATE REPORT
NATIONAL WEATHER SERVICE JACKSON KY
645 AM EDT SAT MAY 23 2015

...................................

...THE LONDON KY CLIMATE SUMMARY FOR MAY 22 2015...

CLIMATE NORMAL PERIOD 1981 TO 2010
CLIMATE RECORD PERIOD 1954 TO 2015


WEATHER ITEM   OBSERVED TIME   RECORD YEAR NORMAL DEPARTURE LAST
                VALUE   (LST)  VALUE       VALUE  FROM      YEAR
                                                  NORMAL
..................................................................
TEMPERATURE (F)
 YESTERDAY
  MAXIMUM         73    555 PM  88    1956  78     -5       85
  MINIMUM         41    618 AM  33    2002  55    -14       61
  AVERAGE         57                        66     -9       73

PRECIPITATION (IN)
  YESTERDAY        0.00          1.58 1957   0.16  -0.16     0.15
  MONTH TO DATE    0.64                      3.65  -3.01     2.06
  SINCE MAR 1     11.52                     11.75  -0.23    12.31
  SINCE JAN 1     18.99                     19.00  -0.01    18.82

SNOWFALL (IN)
  YESTERDAY       MM
  MONTH TO DATE   MM
  SINCE MAR 1     MM
  SINCE JUL 1     MM
  SNOW DEPTH      MM

DEGREE DAYS
 HEATING
  YESTERDAY        8                         2      6        0
  MONTH TO DATE   40                        80    -40       82
  SINCE MAR 1    758                       905   -147      912
  SINCE JUL 1   4379                      4181    198     4419

COOLING
  YESTERDAY        0                         4     -4        8
  MONTH TO DATE  104                        49     55       85
  SINCE MAR 1    127                        75     52      110
  SINCE JAN 1    127                        75     52      110
..................................................................


WIND (MPH)
  HIGHEST WIND SPEED     9   HIGHEST WIND DIRECTION     N (340)
  HIGHEST GUST SPEED    14   HIGHEST GUST DIRECTION    NE (40)
  AVERAGE WIND SPEED     2.0


SKY COVER
  POSSIBLE SUNSHINE  MM
  AVERAGE SKY COVER 0.3


WEATHER CONDITIONS
 THE FOLLOWING WEATHER WAS RECORDED YESTERDAY.
  FOG
  FOG W/VISIBILITY <= 1/4 MILE
  HAZE


RELATIVE HUMIDITY (PERCENT)
 HIGHEST    93           800 AM
 LOWEST     29           300 PM
 AVERAGE    61

..........................................................


THE LONDON KY CLIMATE NORMALS FOR TODAY
                         NORMAL    RECORD    YEAR
 MAXIMUM TEMPERATURE (F)   78        88      1987
 MINIMUM TEMPERATURE (F)   55        36      1963


SUNRISE AND SUNSET
MAY 23 2015...........SUNRISE   623 AM EDT   SUNSET   844 PM EDT
MAY 24 2015...........SUNRISE   622 AM EDT   SUNSET   845 PM EDT


-  INDICATES NEGATIVE NUMBERS.
R  INDICATES RECORD WAS SET OR TIED.
MM INDICATES DATA IS MISSING.
T  INDICATES TRACE AMOUNT.




$$
