000
CDUS43 KJKL 040619
CLILOZ

CLIMATE REPORT
NATIONAL WEATHER SERVICE JACKSON KY
119 AM EST WED JAN 4 2017
...................................

...THE LONDON KY CLIMATE SUMMARY FOR JANUARY 3 2017...

CLIMATE NORMAL PERIOD 1981 TO 2010
CLIMATE RECORD PERIOD 1954 TO 2017

WEATHER ITEM   OBSERVED TIME   RECORD YEAR NORMAL DEPARTURE LAST
                VALUE   (LST)  VALUE       VALUE  FROM      YEAR
                                                  NORMAL
..................................................................
TEMPERATURE (F)
 YESTERDAY
  MAXIMUM         59    400 PM  70    2000  45     14       48
  MINIMUM         48   1159 PM   1    2001  27     21       25
  AVERAGE         54                        36     18       37

PRECIPITATION (IN)
  YESTERDAY        0.60          1.84 1982   0.11   0.49     0.00
  MONTH TO DATE    0.72                      0.34   0.38     0.00
  SINCE DEC 1      7.02                      4.58   2.44     5.45

SNOWFALL (IN)
  YESTERDAY       MM
  MONTH TO DATE   MM
  SINCE DEC 1     MM
  SINCE JUL 1     MM
  SNOW DEPTH      MM

DEGREE DAYS
 HEATING
  YESTERDAY       11                        29    -18       28
  MONTH TO DATE   38                        87    -49       91
  SINCE DEC 1    832                       909    -77      566
  SINCE JUL 1   1423                      1739   -316     1231

 COOLING
  YESTERDAY        0                         0      0        0
  MONTH TO DATE    0                         0      0        0
  SINCE DEC 1      0                         1     -1        0
  SINCE JAN 1      0                         0      0        0
..................................................................

WIND (MPH)
  HIGHEST WIND SPEED    23   HIGHEST WIND DIRECTION    NW (300)
  HIGHEST GUST SPEED    32   HIGHEST GUST DIRECTION    NW (300)
  AVERAGE WIND SPEED     8.7

SKY COVER
  POSSIBLE SUNSHINE  MM
  AVERAGE SKY COVER 1.0

WEATHER CONDITIONS
 THE FOLLOWING WEATHER WAS RECORDED YESTERDAY.
  HEAVY RAIN
  RAIN
  LIGHT RAIN
  FOG

RELATIVE HUMIDITY (PERCENT)
 HIGHEST    93           200 AM
 LOWEST     80          1200 AM
 AVERAGE    87
..........................................................

THE LONDON KY CLIMATE NORMALS FOR TODAY
                         NORMAL    RECORD    YEAR
 MAXIMUM TEMPERATURE (F)   45        69      1993
 MINIMUM TEMPERATURE (F)   27        -8      1969

SUNRISE AND SUNSET
JANUARY  4 2017.......SUNRISE   750 AM EST   SUNSET   533 PM EST
JANUARY  5 2017.......SUNRISE   750 AM EST   SUNSET   534 PM EST

-  INDICATES NEGATIVE NUMBERS.
R  INDICATES RECORD WAS SET OR TIED.
MM INDICATES DATA IS MISSING.
T  INDICATES TRACE AMOUNT.

$$
