000
CDUS43 KJKL 122021
CLILOZ

CLIMATE REPORT
NATIONAL WEATHER SERVICE JACKSON KY
421 PM EDT WED APR 12 2017

...................................

...THE LONDON KY CLIMATE SUMMARY FOR APRIL 12 2017...
VALID TODAY AS OF 0400 PM LOCAL TIME.

CLIMATE NORMAL PERIOD 1981 TO 2010
CLIMATE RECORD PERIOD 1954 TO 2017

WEATHER ITEM   OBSERVED TIME   RECORD YEAR NORMAL DEPARTURE LAST
                VALUE   (LST)  VALUE       VALUE  FROM      YEAR
                                                  NORMAL
..................................................................
TEMPERATURE (F)
 TODAY
  MAXIMUM         75    259 PM  86    1977  68      7       61
  MINIMUM         54    653 AM  25    1989  43     11       42
  AVERAGE         65                        56      9       52

PRECIPITATION (IN)
  TODAY            0.00          1.08 2004   0.14  -0.14     0.12
  MONTH TO DATE    0.76                      1.56  -0.80     0.98
  SINCE MAR 1      5.79                      5.61   0.18     3.11

SNOWFALL (IN)
  TODAY           MM
  MONTH TO DATE   MM
  SINCE MAR 1     MM
  SINCE JUL 1     MM
  SNOW DEPTH      MM

DEGREE DAYS
 HEATING
  TODAY            0                        10    -10       13
  MONTH TO DATE   88                       139    -51      190
  SINCE MAR 1    601                       688    -87      589
  SINCE JUL 1   3196                      3964   -768     3505

 COOLING
  TODAY            0                         1     -1        0
  MONTH TO DATE    6                         4      2        0
  SINCE MAR 1      9                         7      2        0
  SINCE JAN 1      9                         7      2        0
..................................................................

WIND (MPH)
  HIGHEST WIND SPEED    15   HIGHEST WIND DIRECTION     W (290)
  HIGHEST GUST SPEED    17   HIGHEST GUST DIRECTION    NE (40)
  AVERAGE WIND SPEED     5.3

SKY COVER
  POSSIBLE SUNSHINE  MM
  AVERAGE SKY COVER 0.3

WEATHER CONDITIONS
 THE FOLLOWING WEATHER WAS RECORDED TODAY.
  NO SIGNIFICANT WEATHER WAS OBSERVED.

RELATIVE HUMIDITY (PERCENT)
 HIGHEST    93           200 AM
 LOWEST     29           300 PM
 AVERAGE    61

..........................................................

THE LONDON KY CLIMATE NORMALS FOR TOMORROW
                         NORMAL    RECORD    YEAR
 MAXIMUM TEMPERATURE (F)   68        86      1977
 MINIMUM TEMPERATURE (F)   44        28      2007
                                             1989

SUNRISE AND SUNSET
APRIL 12 2017.........SUNRISE   706 AM EDT   SUNSET   809 PM EDT
APRIL 13 2017.........SUNRISE   704 AM EDT   SUNSET   810 PM EDT

-  INDICATES NEGATIVE NUMBERS.
R  INDICATES RECORD WAS SET OR TIED.
MM INDICATES DATA IS MISSING.
T  INDICATES TRACE AMOUNT.

$$

CARICO
