000
CDUS43 KJKL 090602
CLILOZ

CLIMATE REPORT
NATIONAL WEATHER SERVICE JACKSON KY
202 AM EDT FRI JUN 9 2017
...................................

...THE LONDON KY CLIMATE SUMMARY FOR JUNE 8 2017...

CLIMATE NORMAL PERIOD 1981 TO 2010
CLIMATE RECORD PERIOD 1954 TO 2017

WEATHER ITEM   OBSERVED TIME   RECORD YEAR NORMAL DEPARTURE LAST
                VALUE   (LST)  VALUE       VALUE  FROM      YEAR
                                                  NORMAL
..................................................................
TEMPERATURE (F)
 YESTERDAY
  MAXIMUM         73    106 PM  92    2011  82     -9       76
                                      2008
                                      1969
  MINIMUM         52    504 AM  41    1977  60     -8       52
  AVERAGE         63                        71     -8       64

PRECIPITATION (IN)
  YESTERDAY        0.00          2.05 1979   0.15  -0.15     0.00
  MONTH TO DATE    0.75                      1.25  -0.50     0.90
  SINCE JUN 1      0.75                      1.25  -0.50     0.90

SNOWFALL (IN)
  YESTERDAY       MM
  MONTH TO DATE   MM
  SINCE JUN 1     MM
  SINCE JUL 1     MM
  SNOW DEPTH      MM

DEGREE DAYS
 HEATING
  YESTERDAY        2                         0      2        1
  MONTH TO DATE    3                         7     -4        1
  SINCE JUN 1      3                         7     -4        1
  SINCE JUL 1   3322                      4203   -881     3675

 COOLING
  YESTERDAY        0                         7     -7        0
  MONTH TO DATE   23                        46    -23       60
  SINCE JUN 1     23                        46    -23       60
  SINCE JAN 1    174                       160     14      162
..................................................................

WIND (MPH)
  HIGHEST WIND SPEED    14   HIGHEST WIND DIRECTION    NW (300)
  HIGHEST GUST SPEED    18   HIGHEST GUST DIRECTION    NW (300)
  AVERAGE WIND SPEED     4.7

SKY COVER
  POSSIBLE SUNSHINE  MM
  AVERAGE SKY COVER 0.6

WEATHER CONDITIONS
 THE FOLLOWING WEATHER WAS RECORDED YESTERDAY.
  NO SIGNIFICANT WEATHER WAS OBSERVED.

RELATIVE HUMIDITY (PERCENT)
 HIGHEST    93           200 AM
 LOWEST     53           100 PM
 AVERAGE    73
..........................................................

THE LONDON KY CLIMATE NORMALS FOR TODAY
                         NORMAL    RECORD    YEAR
 MAXIMUM TEMPERATURE (F)   82        93      2008
 MINIMUM TEMPERATURE (F)   60        43      1980

SUNRISE AND SUNSET
JUNE  9 2017..........SUNRISE   616 AM EDT   SUNSET   855 PM EDT
JUNE 10 2017..........SUNRISE   616 AM EDT   SUNSET   856 PM EDT

-  INDICATES NEGATIVE NUMBERS.
R  INDICATES RECORD WAS SET OR TIED.
MM INDICATES DATA IS MISSING.
T  INDICATES TRACE AMOUNT.

$$
