000
CDUS43 KJKL 150537
CLILOZ

CLIMATE REPORT
NATIONAL WEATHER SERVICE JACKSON KY
1234 AM EST SUN FEB 15 2015

...................................

...THE LONDON KY CLIMATE SUMMARY FOR FEBRUARY 14 2015...

CLIMATE NORMAL PERIOD 1981 TO 2010
CLIMATE RECORD PERIOD 1954 TO 2015


WEATHER ITEM   OBSERVED TIME   RECORD YEAR NORMAL DEPARTURE LAST
                VALUE   (LST)  VALUE       VALUE  FROM      YEAR
                                                  NORMAL
..................................................................
TEMPERATURE (F)
 YESTERDAY
  MAXIMUM         38    137 PM  70    1959  49    -11       53
  MINIMUM         12   1159 PM   3    1960  29    -17       29
  AVERAGE         25                        39    -14       41

PRECIPITATION (IN)
  YESTERDAY        0.04          1.45 1970   0.14  -0.10     0.44
  MONTH TO DATE    1.19                      1.82  -0.63     2.91
  SINCE DEC 1      7.38                      9.60  -2.22    11.63
  SINCE JAN 1      3.57                      5.36  -1.79     5.19

SNOWFALL (IN)
  YESTERDAY       MM
  MONTH TO DATE   MM
  SINCE DEC 1     MM
  SINCE JUL 1     MM
  SNOW DEPTH      MM

DEGREE DAYS
 HEATING
  YESTERDAY       40                        26     14       24
  MONTH TO DATE  405                       379     26      440
  SINCE DEC 1   2070                      2112    -42     2304
  SINCE JUL 1   3014                      2942     72     3171

 COOLING
  YESTERDAY        0                         0      0        0
  MONTH TO DATE    0                         0      0        0
  SINCE DEC 1      0                         1     -1        0
  SINCE JAN 1      0                         0      0        0
..................................................................

WIND (MPH)
  HIGHEST WIND SPEED    25   HIGHEST WIND DIRECTION     N (350)
  HIGHEST GUST SPEED    35   HIGHEST GUST DIRECTION    NW (330)
  AVERAGE WIND SPEED    14.3

SKY COVER
  POSSIBLE SUNSHINE  MM
  AVERAGE SKY COVER 0.9

WEATHER CONDITIONS
 THE FOLLOWING WEATHER WAS RECORDED YESTERDAY.
  LIGHT SNOW

RELATIVE HUMIDITY (PERCENT)
 HIGHEST    75           300 PM
 LOWEST     36           200 AM
 AVERAGE    56

..........................................................

THE LONDON KY CLIMATE NORMALS FOR TODAY
                         NORMAL    RECORD    YEAR
 MAXIMUM TEMPERATURE (F)   50        69      1989
 MINIMUM TEMPERATURE (F)   29        -4      1960

SUNRISE AND SUNSET
FEBRUARY 15 2015......SUNRISE   725 AM EST   SUNSET   616 PM EST
FEBRUARY 16 2015......SUNRISE   724 AM EST   SUNSET   617 PM EST

-  INDICATES NEGATIVE NUMBERS.
R  INDICATES RECORD WAS SET OR TIED.
MM INDICATES DATA IS MISSING.
T  INDICATES TRACE AMOUNT.

$$
