000
CDUS43 KJKL 020558
CLILOZ

CLIMATE REPORT
NATIONAL WEATHER SERVICE JACKSON KY
1227 AM EST MON MAR 2 2015

...................................

...THE LONDON KY CLIMATE SUMMARY FOR MARCH 1 2015...

CLIMATE NORMAL PERIOD 1981 TO 2010
CLIMATE RECORD PERIOD 1954 TO 2015

WEATHER ITEM   OBSERVED TIME   RECORD YEAR NORMAL DEPARTURE LAST
                VALUE   (LST)  VALUE       VALUE  FROM      YEAR
                                                  NORMAL
..................................................................
TEMPERATURE (F)
 YESTERDAY
  MAXIMUM         50    142 PM  77    1976  54     -4       60
  MINIMUM         33   1222 AM  11    1960  33      0       36
  AVERAGE         42                        43     -1       48

PRECIPITATION (IN)
  YESTERDAY        0.02          2.51 2007   0.14  -0.12      T
  MONTH TO DATE    0.02                      0.14  -0.12      T
  SINCE MAR 1      0.02                      0.14  -0.12      T
  SINCE JAN 1      7.49                      7.39   0.10     6.51

SNOWFALL (IN)
  YESTERDAY       MM
  MONTH TO DATE   MM
  SINCE MAR 1     MM
  SINCE JUL 1     MM
  SNOW DEPTH      MM

DEGREE DAYS
 HEATING
  YESTERDAY       23                        22      1       17
  MONTH TO DATE   23                        22      1       17
  SINCE MAR 1     23                        22      1       17
  SINCE JUL 1   3644                      3298    346     3524

 COOLING
  YESTERDAY        0                         0      0        0
  MONTH TO DATE    0                         0      0        0
  SINCE MAR 1      0                         0      0        0
  SINCE JAN 1      0                         0      0        0
..................................................................

WIND (MPH)
  HIGHEST WIND SPEED     9   HIGHEST WIND DIRECTION    SW (210)
  HIGHEST GUST SPEED    12   HIGHEST GUST DIRECTION     S (200)
  AVERAGE WIND SPEED     3.3

SKY COVER
  POSSIBLE SUNSHINE  MM
  AVERAGE SKY COVER 1.0

WEATHER CONDITIONS
 THE FOLLOWING WEATHER WAS RECORDED YESTERDAY.
  LIGHT RAIN
  FOG
  HAZE

RELATIVE HUMIDITY (PERCENT)
 HIGHEST    89           900 PM
 LOWEST     53          1100 AM
 AVERAGE    71
..........................................................

THE LONDON KY CLIMATE NORMALS FOR TODAY
                         NORMAL    RECORD    YEAR
 MAXIMUM TEMPERATURE (F)   54        79      1976
 MINIMUM TEMPERATURE (F)   33        -1      1980

SUNRISE AND SUNSET
MARCH  2 2015.........SUNRISE   706 AM EST   SUNSET   631 PM EST
MARCH  3 2015.........SUNRISE   705 AM EST   SUNSET   632 PM EST

-  INDICATES NEGATIVE NUMBERS.
R  INDICATES RECORD WAS SET OR TIED.
MM INDICATES DATA IS MISSING.
T  INDICATES TRACE AMOUNT.

$$

SHALLENBERGER
