000
CDUS43 KJKL 012020
CLILOZ

CLIMATE REPORT
NATIONAL WEATHER SERVICE JACKSON KY
418 PM EDT FRI AUG 1 2014


...................................

...THE LONDON KY CLIMATE SUMMARY FOR AUGUST 1 2014...
VALID TODAY AS OF 0400 PM LOCAL TIME.

CLIMATE NORMAL PERIOD 1981 TO 2010
CLIMATE RECORD PERIOD 1954 TO 2014


WEATHER ITEM   OBSERVED TIME   RECORD YEAR NORMAL DEPARTURE LAST
                VALUE   (LST)  VALUE       VALUE  FROM      YEAR
                                                  NORMAL
..................................................................
TEMPERATURE (F)
 TODAY
  MAXIMUM         84    244 PM  96    1970  86     -2       81
  MINIMUM         62    633 AM  53    1966  66     -4       63
  AVERAGE         73                        76     -3       72

PRECIPITATION (IN)
  TODAY            0.00          1.00 1958   0.12  -0.12     0.06
  MONTH TO DATE    0.00                      0.12  -0.12     0.06
  SINCE JUN 1      9.71                      8.56   1.15    14.49
  SINCE JAN 1     28.70                     29.09  -0.39    37.50

SNOWFALL (IN)
  TODAY           MM
  MONTH TO DATE   MM
  SINCE JUN 1     MM
  SINCE JUL 1     MM
  SNOW DEPTH      MM

DEGREE DAYS
 HEATING
  TODAY            0                         0      0        0
  MONTH TO DATE    0                         0      0        0
  SINCE JUN 1      0                         9     -9        0
  SINCE JUL 1      0                         0      0        0

 COOLING
  TODAY            8                        11     -3        7
  MONTH TO DATE    8                        11     -3        7
  SINCE JUN 1    565                       604    -39      509
  SINCE JAN 1    731                       718     13      609
..................................................................


WIND (MPH)
  HIGHEST WIND SPEED     9   HIGHEST WIND DIRECTION     E (90)
  HIGHEST GUST SPEED    11   HIGHEST GUST DIRECTION     E (80)
  AVERAGE WIND SPEED     1.6


SKY COVER
  POSSIBLE SUNSHINE  MM
  AVERAGE SKY COVER 0.2


WEATHER CONDITIONS
 THE FOLLOWING WEATHER WAS RECORDED TODAY.
  FOG


RELATIVE HUMIDITY (PERCENT)
 HIGHEST    90           600 AM
 LOWEST     47           100 PM
 AVERAGE    69

..........................................................


THE LONDON KY CLIMATE NORMALS FOR TOMORROW
                         NORMAL    RECORD    YEAR
 MAXIMUM TEMPERATURE (F)   86        97      1988
 MINIMUM TEMPERATURE (F)   66        55      1976


SUNRISE AND SUNSET
AUGUST  1 2014........SUNRISE   641 AM EDT   SUNSET   843 PM EDT
AUGUST  2 2014........SUNRISE   642 AM EDT   SUNSET   842 PM EDT


-  INDICATES NEGATIVE NUMBERS.
R  INDICATES RECORD WAS SET OR TIED.
MM INDICATES DATA IS MISSING.
T  INDICATES TRACE AMOUNT.




$$
