000
CDUS43 KJKL 312123
CLILOZ

CLIMATE REPORT
NATIONAL WEATHER SERVICE JACKSON KY
423 PM EST TUE JAN 31 2017

...................................

...THE LONDON KY CLIMATE SUMMARY FOR JANUARY 31 2017...
VALID TODAY AS OF 0400 PM LOCAL TIME.

CLIMATE NORMAL PERIOD 1981 TO 2010
CLIMATE RECORD PERIOD 1954 TO 2017

WEATHER ITEM   OBSERVED TIME   RECORD YEAR NORMAL DEPARTURE LAST
                VALUE   (LST)  VALUE       VALUE  FROM      YEAR
                                                  NORMAL
..................................................................
TEMPERATURE (F)
 TODAY
  MAXIMUM         58    359 PM  74    2002  46     12       65
  MINIMUM         40   1217 AM -11    1966  27     13       39
  AVERAGE         49                        37     12       52

PRECIPITATION (IN)
  TODAY            0.00          1.67 1958   0.13  -0.13     0.00
  MONTH TO DATE    4.08                      3.54   0.54     2.08
  SINCE DEC 1     10.38                      7.78   2.60     7.53
  SINCE JAN 1      4.08                      3.54   0.54     2.08

SNOWFALL (IN)
  TODAY           MM
  MONTH TO DATE   MM
  SINCE DEC 1     MM
  SINCE JUL 1     MM
  SNOW DEPTH      MM

DEGREE DAYS
 HEATING
  TODAY           16                        28    -12       13
  MONTH TO DATE  690                       915   -225     1031
  SINCE DEC 1   1484                      1733   -249     1506
  SINCE JUL 1   2075                      2563   -488     2171

 COOLING
  TODAY            0                         0      0        0
  MONTH TO DATE    0                         0      0        0
  SINCE DEC 1      0                         1     -1        0
  SINCE JAN 1      0                         0      0        0
..................................................................

WIND (MPH)
  HIGHEST WIND SPEED    26   HIGHEST WIND DIRECTION     W (250)
  HIGHEST GUST SPEED    33   HIGHEST GUST DIRECTION     W (250)
  AVERAGE WIND SPEED    11.9

SKY COVER
  POSSIBLE SUNSHINE  MM
  AVERAGE SKY COVER 0.0

WEATHER CONDITIONS
 THE FOLLOWING WEATHER WAS RECORDED TODAY.
  NO SIGNIFICANT WEATHER WAS OBSERVED.

RELATIVE HUMIDITY (PERCENT)
 HIGHEST    57           800 AM
 LOWEST     23           300 PM
 AVERAGE    40

..........................................................

THE LONDON KY CLIMATE NORMALS FOR TOMORROW
                         NORMAL    RECORD    YEAR
 MAXIMUM TEMPERATURE (F)   46        71      1988
 MINIMUM TEMPERATURE (F)   27       -11      1971

SUNRISE AND SUNSET
JANUARY 31 2017.......SUNRISE   740 AM EST   SUNSET   600 PM EST
FEBRUARY  1 2017......SUNRISE   739 AM EST   SUNSET   602 PM EST

-  INDICATES NEGATIVE NUMBERS.
R  INDICATES RECORD WAS SET OR TIED.
MM INDICATES DATA IS MISSING.
T  INDICATES TRACE AMOUNT.

$$

CARICO
