000
CDUS43 KJKL 052119
CLILOZ

CLIMATE REPORT
NATIONAL WEATHER SERVICE JACKSON KY
419 PM EST SUN MAR 5 2017

...................................

...THE LONDON KY CLIMATE SUMMARY FOR MARCH 5 2017...
VALID TODAY AS OF 0400 PM LOCAL TIME.

CLIMATE NORMAL PERIOD 1981 TO 2010
CLIMATE RECORD PERIOD 1954 TO 2017

WEATHER ITEM   OBSERVED TIME   RECORD YEAR NORMAL DEPARTURE LAST
                VALUE   (LST)  VALUE       VALUE  FROM      YEAR
                                                  NORMAL
..................................................................
TEMPERATURE (F)
 TODAY
  MAXIMUM         68    238 PM  77    1983  55     13       46
  MINIMUM         29    724 AM  -5    1960  33     -4       28
  AVERAGE         49                        44      5       37

PRECIPITATION (IN)
  TODAY            0.00          2.91 1989   0.13  -0.13     0.04
  MONTH TO DATE    0.78                      0.67   0.11     0.62
  SINCE MAR 1      0.78                      0.67   0.11     0.62

SNOWFALL (IN)
  TODAY           MM
  MONTH TO DATE   MM
  SINCE MAR 1     MM
  SINCE JUL 1     MM
  SNOW DEPTH      MM

DEGREE DAYS
 HEATING
  TODAY           16                        21     -5       28
  MONTH TO DATE  106                       107     -1      138
  SINCE MAR 1    106                       107     -1      138
  SINCE JUL 1   2701                      3383   -682     3054

 COOLING
  TODAY            0                         0      0        0
  MONTH TO DATE    0                         0      0        0
  SINCE MAR 1      0                         0      0        0
  SINCE JAN 1      0                         0      0        0
..................................................................

WIND (MPH)
  HIGHEST WIND SPEED    18   HIGHEST WIND DIRECTION    SW (220)
  HIGHEST GUST SPEED    24   HIGHEST GUST DIRECTION    SW (220)
  AVERAGE WIND SPEED     3.9

SKY COVER
  POSSIBLE SUNSHINE  MM
  AVERAGE SKY COVER 0.1

WEATHER CONDITIONS
 THE FOLLOWING WEATHER WAS RECORDED TODAY.
  HAZE

RELATIVE HUMIDITY (PERCENT)
 HIGHEST    85           600 AM
 LOWEST     15           200 PM
 AVERAGE    50
..........................................................

THE LONDON KY CLIMATE NORMALS FOR TOMORROW
                         NORMAL    RECORD    YEAR
 MAXIMUM TEMPERATURE (F)   55        79      1956
 MINIMUM TEMPERATURE (F)   34        -8      1960

SUNRISE AND SUNSET
MARCH  5 2017.........SUNRISE   701 AM EST   SUNSET   635 PM EST
MARCH  6 2017.........SUNRISE   700 AM EST   SUNSET   636 PM EST

-  INDICATES NEGATIVE NUMBERS.
R  INDICATES RECORD WAS SET OR TIED.
MM INDICATES DATA IS MISSING.
T  INDICATES TRACE AMOUNT.

$$

TAB
