000
CDUS43 KJKL 150559
CLILOZ

CLIMATE REPORT
NATIONAL WEATHER SERVICE JACKSON KY
1255 AM EST THU JAN 15 2015

...................................

...THE LONDON KY CLIMATE SUMMARY FOR JANUARY 14 2015...

CLIMATE NORMAL PERIOD 1981 TO 2010
CLIMATE RECORD PERIOD 1954 TO 2015

WEATHER ITEM   OBSERVED TIME   RECORD YEAR NORMAL DEPARTURE LAST
                VALUE   (LST)  VALUE       VALUE  FROM      YEAR
                                                  NORMAL
..................................................................
TEMPERATURE (F)
 YESTERDAY
  MAXIMUM         31    417 PM  69    2007  44    -13       52
  MINIMUM         25   1159 PM   4    1963  26     -1       40
  AVERAGE         28                        35     -7       46

PRECIPITATION (IN)
  YESTERDAY        0.00          0.97 1995   0.11  -0.11     0.17
  MONTH TO DATE    1.74                      1.60   0.14     2.08
  SINCE DEC 1      5.55                      5.84  -0.29     8.52
  SINCE JAN 1      1.74                      1.60   0.14     2.08

SNOWFALL (IN)
  YESTERDAY       MM
  MONTH TO DATE   MM
  SINCE DEC 1     MM
  SINCE JUL 1     MM
  SNOW DEPTH      MM

DEGREE DAYS
 HEATING
  YESTERDAY       37                        30      7       19
  MONTH TO DATE  468                       416     52      451
  SINCE DEC 1   1191                      1238    -47     1191
  SINCE JUL 1   2135                      2068     67     2058

 COOLING
  YESTERDAY        0                         0      0        0
  MONTH TO DATE    0                         0      0        0
  SINCE DEC 1      0                         1     -1        0
  SINCE JAN 1      0                         0      0        0
..................................................................

WIND (MPH)
  HIGHEST WIND SPEED     8   HIGHEST WIND DIRECTION    NW (300)
  HIGHEST GUST SPEED    11   HIGHEST GUST DIRECTION     W (290)
  AVERAGE WIND SPEED     3.6

SKY COVER
  POSSIBLE SUNSHINE  MM
  AVERAGE SKY COVER 1.0

WEATHER CONDITIONS
 THE FOLLOWING WEATHER WAS RECORDED YESTERDAY.
  FOG
  HAZE

RELATIVE HUMIDITY (PERCENT)
 HIGHEST    85          1200 AM
 LOWEST     63           500 PM
 AVERAGE    74

..........................................................

THE LONDON KY CLIMATE NORMALS FOR TODAY
                         NORMAL    RECORD    YEAR
 MAXIMUM TEMPERATURE (F)   44        67      2007
 MINIMUM TEMPERATURE (F)   26        -2      1972

SUNRISE AND SUNSET
JANUARY 15 2015.......SUNRISE   749 AM EST   SUNSET   543 PM EST
JANUARY 16 2015.......SUNRISE   749 AM EST   SUNSET   544 PM EST

-  INDICATES NEGATIVE NUMBERS.
R  INDICATES RECORD WAS SET OR TIED.
MM INDICATES DATA IS MISSING.
T  INDICATES TRACE AMOUNT.

$$
