000
CDUS43 KJKL 170526
CLILOZ

CLIMATE REPORT
NATIONAL WEATHER SERVICE JACKSON KY
126 AM EDT SUN APR 17 2016


...................................

...THE LONDON KY CLIMATE SUMMARY FOR APRIL 16 2016...

CLIMATE NORMAL PERIOD 1981 TO 2010
CLIMATE RECORD PERIOD 1954 TO 2016


WEATHER ITEM   OBSERVED TIME   RECORD YEAR NORMAL DEPARTURE LAST
                VALUE   (LST)  VALUE       VALUE  FROM      YEAR
                                                  NORMAL
..................................................................
TEMPERATURE (F)
 YESTERDAY
  MAXIMUM         77    511 PM  86    2002  69      8       67
  MINIMUM         43    635 AM  25    1962  45     -2       56
  AVERAGE         60                        57      3       62

PRECIPITATION (IN)
  YESTERDAY        0.00          2.62 1998   0.13  -0.13     0.31
  MONTH TO DATE    0.98                      2.07  -1.09     4.55
  SINCE MAR 1      3.11                      6.12  -3.01     9.88

SNOWFALL (IN)
  YESTERDAY       MM
  MONTH TO DATE   MM
  SINCE MAR 1     MM
  SINCE JUL 1     MM
  SNOW DEPTH      MM

DEGREE DAYS
 HEATING
  YESTERDAY        5                         9     -4        3
  MONTH TO DATE  212                       177     35       84
  SINCE MAR 1    611                       726   -115      608
  SINCE JUL 1   3527                      4002   -475     4229

COOLING
  YESTERDAY        0                         1     -1        0
  MONTH TO DATE    1                         8     -7       17
  SINCE MAR 1      1                        11    -10       17
  SINCE JAN 1      1                        11    -10       17
..................................................................


WIND (MPH)
  HIGHEST WIND SPEED    18   HIGHEST WIND DIRECTION     E (100)
  HIGHEST GUST SPEED    23   HIGHEST GUST DIRECTION     E (110)
  AVERAGE WIND SPEED     3.6


SKY COVER
  POSSIBLE SUNSHINE  MM
  AVERAGE SKY COVER 0.0


WEATHER CONDITIONS
 THE FOLLOWING WEATHER WAS RECORDED YESTERDAY.
  NO SIGNIFICANT WEATHER WAS OBSERVED.


RELATIVE HUMIDITY (PERCENT)
 HIGHEST    76           600 AM
 LOWEST     16           500 PM
 AVERAGE    46

..........................................................


THE LONDON KY CLIMATE NORMALS FOR TODAY
                         NORMAL    RECORD    YEAR
 MAXIMUM TEMPERATURE (F)   69        86      1977
 MINIMUM TEMPERATURE (F)   45        27      1962


SUNRISE AND SUNSET
APRIL 17 2016.........SUNRISE   659 AM EDT   SUNSET   813 PM EDT
APRIL 18 2016.........SUNRISE   657 AM EDT   SUNSET   814 PM EDT


-  INDICATES NEGATIVE NUMBERS.
R  INDICATES RECORD WAS SET OR TIED.
MM INDICATES DATA IS MISSING.
T  INDICATES TRACE AMOUNT.

$$
