815
CDUS43 KJKL 082024
CLILOZ

CLIMATE REPORT
NATIONAL WEATHER SERVICE JACKSON KY
424 PM EDT SUN OCT 8 2017

...................................

...THE LONDON KY CLIMATE SUMMARY FOR OCTOBER 8 2017...
VALID TODAY AS OF 0400 PM LOCAL TIME.

CLIMATE NORMAL PERIOD 1981 TO 2010
CLIMATE RECORD PERIOD 1954 TO 2017

WEATHER ITEM   OBSERVED TIME   RECORD YEAR NORMAL DEPARTURE LAST
                VALUE   (LST)  VALUE       VALUE  FROM      YEAR
                                                  NORMAL
..................................................................
TEMPERATURE (F)
 TODAY
  MAXIMUM         72   1213 AM  90    2007  72      0       73
  MINIMUM         69    709 AM  30    1991  48     21       50
  AVERAGE         71                        60     11       62

PRECIPITATION (IN)
  TODAY            1.27R         1.11 1977   0.10   1.17     0.00
  MONTH TO DATE    1.32                      0.77   0.55     0.00
  SINCE SEP 1      3.11                      4.14  -1.03     1.18

SNOWFALL (IN)
  TODAY           MM
  MONTH TO DATE   MM
  SINCE SEP 1     MM
  SINCE JUL 1     MM
  SNOW DEPTH      MM

DEGREE DAYS
 HEATING
  TODAY            0                         6     -6        3
  MONTH TO DATE    4                        42    -38       15
  SINCE SEP 1     45                        88    -43       36
  SINCE JUL 1     45                        89    -44       36

 COOLING
  TODAY            6                         1      5        0
  MONTH TO DATE   14                        10      4       14
  SINCE SEP 1    138                       153    -15      246
  SINCE JAN 1   1107                      1177    -70     1469
..................................................................

WIND (MPH)
  HIGHEST WIND SPEED     9   HIGHEST WIND DIRECTION     E (100)
  HIGHEST GUST SPEED    14   HIGHEST GUST DIRECTION     E (90)
  AVERAGE WIND SPEED     4.7

SKY COVER
  POSSIBLE SUNSHINE  MM
  AVERAGE SKY COVER 0.8

WEATHER CONDITIONS
 THE FOLLOWING WEATHER WAS RECORDED TODAY.
  HEAVY RAIN
  RAIN
  LIGHT RAIN
  FOG

RELATIVE HUMIDITY (PERCENT)
 HIGHEST   100          1100 AM
 LOWEST     90           100 AM
 AVERAGE    95

..........................................................

THE LONDON KY CLIMATE NORMALS FOR TOMORROW
                         NORMAL    RECORD    YEAR
 MAXIMUM TEMPERATURE (F)   72        83      2009
                                             1980
 MINIMUM TEMPERATURE (F)   47        30      2000
                                             1978

SUNRISE AND SUNSET
OCTOBER  8 2017.......SUNRISE   738 AM EDT   SUNSET   709 PM EDT
OCTOBER  9 2017.......SUNRISE   739 AM EDT   SUNSET   708 PM EDT

-  INDICATES NEGATIVE NUMBERS.
R  INDICATES RECORD WAS SET OR TIED.
MM INDICATES DATA IS MISSING.
T  INDICATES TRACE AMOUNT.

$$

CARICO
