000
CDUS43 KJKL 250527 RRA
CLILOZ

CLIMATE REPORT
NATIONAL WEATHER SERVICE JACKSON KY
127 AM EDT THU JUN 25 2015

...................................

...THE LONDON KY CLIMATE SUMMARY FOR JUNE 24 2015...

CLIMATE NORMAL PERIOD 1981 TO 2010
CLIMATE RECORD PERIOD 1954 TO 2015


WEATHER ITEM   OBSERVED TIME   RECORD YEAR NORMAL DEPARTURE LAST
                VALUE   (LST)  VALUE       VALUE  FROM      YEAR
                                                  NORMAL
..................................................................
TEMPERATURE (F)
 YESTERDAY
  MAXIMUM         88    443 PM  94    2012  85      3       86
                                      1988
  MINIMUM         70   1159 PM  47    1961  64      6       68
  AVERAGE         79                        75      4       77

PRECIPITATION (IN)
  YESTERDAY        0.00          1.51 1957   0.13  -0.13     0.31
  MONTH TO DATE    3.26                      3.56  -0.30     2.26
  SINCE JUN 1      3.26                      3.56  -0.30     2.26
  SINCE JAN 1     23.18                     24.09  -0.91    21.25

SNOWFALL (IN)
  YESTERDAY       MM
  MONTH TO DATE   MM
  SINCE JUN 1     MM
  SINCE JUL 1     MM
  SNOW DEPTH      MM

DEGREE DAYS
 HEATING
  YESTERDAY        0                         0      0        0
  MONTH TO DATE    2                         7     -5        0
  SINCE JUN 1      2                         7     -5        0
  SINCE JUL 1   4382                      4203    179     4420

 COOLING
  YESTERDAY       14                        10      4       12
  MONTH TO DATE  260                       181     79      207
  SINCE JUN 1    260                       181     79      207
  SINCE JAN 1    454                       295    159      373
..................................................................

WIND (MPH)
  HIGHEST WIND SPEED    12   HIGHEST WIND DIRECTION     N (360)
  HIGHEST GUST SPEED    15   HIGHEST GUST DIRECTION    NW (310)
  AVERAGE WIND SPEED     3.6

SKY COVER
  POSSIBLE SUNSHINE  MM
  AVERAGE SKY COVER 0.1

WEATHER CONDITIONS
 THE FOLLOWING WEATHER WAS RECORDED YESTERDAY.
  NO SIGNIFICANT WEATHER WAS OBSERVED.

RELATIVE HUMIDITY (PERCENT)
 HIGHEST    79          1200 AM
 LOWEST     34           300 PM
 AVERAGE    57

..........................................................

THE LONDON KY CLIMATE NORMALS FOR TODAY
                         NORMAL    RECORD    YEAR
 MAXIMUM TEMPERATURE (F)   86        98      1988
 MINIMUM TEMPERATURE (F)   65        47      1974

SUNRISE AND SUNSET
JUNE 25 2015..........SUNRISE   618 AM EDT   SUNSET   900 PM EDT
JUNE 26 2015..........SUNRISE   618 AM EDT   SUNSET   900 PM EDT

-  INDICATES NEGATIVE NUMBERS.
R  INDICATES RECORD WAS SET OR TIED.
MM INDICATES DATA IS MISSING.
T  INDICATES TRACE AMOUNT.

$$
