000
CDUS43 KJKL 180550
CLILOZ

CLIMATE REPORT
NATIONAL WEATHER SERVICE JACKSON KY
1249 AM EST TUE NOV 18 2014
...................................

...THE LONDON KY CLIMATE SUMMARY FOR NOVEMBER 17 2014...

CLIMATE NORMAL PERIOD 1981 TO 2010
CLIMATE RECORD PERIOD 1954 TO 2014

WEATHER ITEM   OBSERVED TIME   RECORD YEAR NORMAL DEPARTURE LAST
                VALUE   (LST)  VALUE       VALUE  FROM      YEAR
                                                  NORMAL
..................................................................
TEMPERATURE (F)
 YESTERDAY
  MAXIMUM         44    359 AM  79    1958  58    -14       69
  MINIMUM         21   1122 PM  15    1959  36    -15       58
  AVERAGE         33                        47    -14       64

PRECIPITATION (IN)
  YESTERDAY        0.79          1.46 1980   0.13   0.66     0.40
  MONTH TO DATE    2.60                      2.00   0.60     1.29
  SINCE SEP 1     12.34                      8.39   3.95     7.45
  SINCE JAN 1        MM                     41.07     MM    48.49

SNOWFALL (IN)
  YESTERDAY       MM
  MONTH TO DATE   MM
  SINCE SEP 1     MM
  SINCE JUL 1     MM
  SNOW DEPTH      MM

DEGREE DAYS
 HEATING
  YESTERDAY       32                        18     14        1
  MONTH TO DATE  385                       261    124      277
  SINCE SEP 1    630                       566     64      521
  SINCE JUL 1    630                       567     63      521

 COOLING
  YESTERDAY        0                         0      0        0
  MONTH TO DATE    0                         0      0        0
  SINCE SEP 1    193                       164     29      191
  SINCE JAN 1     MM                      1188     MM     1083
..................................................................

WIND (MPH)
  HIGHEST WIND SPEED    21   HIGHEST WIND DIRECTION     W (270)
  HIGHEST GUST SPEED    26   HIGHEST GUST DIRECTION     W (290)
  AVERAGE WIND SPEED     9.5

SKY COVER
  POSSIBLE SUNSHINE  MM
  AVERAGE SKY COVER 0.9

WEATHER CONDITIONS
 THE FOLLOWING WEATHER WAS RECORDED YESTERDAY.
  HEAVY RAIN
  RAIN
  LIGHT RAIN
  LIGHT SNOW
  FOG

RELATIVE HUMIDITY (PERCENT)
 HIGHEST    96           100 AM
 LOWEST     59          1000 PM
 AVERAGE    78
..........................................................

THE LONDON KY CLIMATE NORMALS FOR TODAY
                         NORMAL    RECORD    YEAR
 MAXIMUM TEMPERATURE (F)   58        76      1958
 MINIMUM TEMPERATURE (F)   36        13      1959

SUNRISE AND SUNSET
NOVEMBER 18 2014......SUNRISE   718 AM EST   SUNSET   525 PM EST
NOVEMBER 19 2014......SUNRISE   719 AM EST   SUNSET   524 PM EST

-  INDICATES NEGATIVE NUMBERS.
R  INDICATES RECORD WAS SET OR TIED.
MM INDICATES DATA IS MISSING.
T  INDICATES TRACE AMOUNT.

$$
