000
CDUS43 KJKL 190530
CLILOZ

CLIMATE REPORT
NATIONAL WEATHER SERVICE JACKSON KY
1230 AM EST SAT NOV 19 2016

...................................

...THE LONDON KY CLIMATE SUMMARY FOR NOVEMBER 18 2016...

CLIMATE NORMAL PERIOD 1981 TO 2010
CLIMATE RECORD PERIOD 1954 TO 2016

WEATHER ITEM   OBSERVED TIME   RECORD YEAR NORMAL DEPARTURE LAST
                VALUE   (LST)  VALUE       VALUE  FROM      YEAR
                                                  NORMAL
..................................................................
TEMPERATURE (F)
 YESTERDAY
  MAXIMUM         78R   306 PM  76    1958  58     20       70
  MINIMUM         39    742 AM  13    1959  36      3       55
  AVERAGE         59                        47     12       63

PRECIPITATION (IN)
  YESTERDAY        0.00          2.28 1957   0.14  -0.14     0.98
  MONTH TO DATE    0.07                      2.14  -2.07     1.45
  SINCE SEP 1      2.15                      8.53  -6.38     8.51

SNOWFALL (IN)
  YESTERDAY       MM
  MONTH TO DATE   MM
  SINCE SEP 1     MM
  SINCE JUL 1     MM
  SNOW DEPTH      MM

DEGREE DAYS
 HEATING
  YESTERDAY        6                        18    -12        2
  MONTH TO DATE  225                       279    -54      193
  SINCE SEP 1    361                       584   -223      449
  SINCE JUL 1    361                       585   -224      449

 COOLING
  YESTERDAY        0                         0      0        0
  MONTH TO DATE    7                         0      7        5
  SINCE SEP 1    284                       164    120      216
  SINCE JAN 1   1507                      1188    319     1387
..................................................................

WIND (MPH)
  HIGHEST WIND SPEED    16   HIGHEST WIND DIRECTION    SW (240)
  HIGHEST GUST SPEED    22   HIGHEST GUST DIRECTION    SW (230)
  AVERAGE WIND SPEED     3.8

SKY COVER
  POSSIBLE SUNSHINE  MM
  AVERAGE SKY COVER 0.0

WEATHER CONDITIONS
 THE FOLLOWING WEATHER WAS RECORDED YESTERDAY.
  HAZE

RELATIVE HUMIDITY (PERCENT)
 HIGHEST    85           700 AM
 LOWEST     22           200 PM
 AVERAGE    54

..........................................................

THE LONDON KY CLIMATE NORMALS FOR TODAY
                         NORMAL    RECORD    YEAR
 MAXIMUM TEMPERATURE (F)   57        77      1985
 MINIMUM TEMPERATURE (F)   36        16      2014

SUNRISE AND SUNSET
NOVEMBER 19 2016......SUNRISE   720 AM EST   SUNSET   524 PM EST
NOVEMBER 20 2016......SUNRISE   721 AM EST   SUNSET   523 PM EST

-  INDICATES NEGATIVE NUMBERS.
R  INDICATES RECORD WAS SET OR TIED.
MM INDICATES DATA IS MISSING.
T  INDICATES TRACE AMOUNT.

$$
