000
CDUS43 KJKL 230640
CLILOZ

CLIMATE REPORT
NATIONAL WEATHER SERVICE JACKSON KY
140 AM EST MON FEB 23 2015

...................................

...THE LONDON KY CLIMATE SUMMARY FOR FEBRUARY 22 2015...

CLIMATE NORMAL PERIOD 1981 TO 2010
CLIMATE RECORD PERIOD 1954 TO 2015

WEATHER ITEM   OBSERVED TIME   RECORD YEAR NORMAL DEPARTURE LAST
                VALUE   (LST)  VALUE       VALUE  FROM      YEAR
                                                  NORMAL
..................................................................
TEMPERATURE (F)
 YESTERDAY
  MAXIMUM         38    212 AM  70    1962  52    -14       64
  MINIMUM         32   1002 AM  -5    1963  31      1       29
  AVERAGE         35                        41     -6       47

PRECIPITATION (IN)
  YESTERDAY        0.03          1.62 2003   0.13  -0.10     0.00
  MONTH TO DATE    5.09                      2.88   2.21     4.22
  SINCE DEC 1     11.28                     10.66   0.62    12.94
  SINCE JAN 1      7.47                      6.42   1.05     6.50

SNOWFALL (IN)
  YESTERDAY       MM
  MONTH TO DATE   MM
  SINCE DEC 1     MM
  SINCE JUL 1     MM
  SNOW DEPTH      MM

DEGREE DAYS
 HEATING
  YESTERDAY       30                        24      6       18
  MONTH TO DATE  787                       575    212      597
  SINCE DEC 1   2452                      2308    144     2461
  SINCE JUL 1   3396                      3138    258     3328

 COOLING
  YESTERDAY        0                         0      0        0
  MONTH TO DATE    0                         0      0        0
  SINCE DEC 1      0                         1     -1        0
  SINCE JAN 1      0                         0      0        0
..................................................................

WIND (MPH)
  HIGHEST WIND SPEED    12   HIGHEST WIND DIRECTION     N (10)
  HIGHEST GUST SPEED    14   HIGHEST GUST DIRECTION     N (20)
  AVERAGE WIND SPEED     6.3

SKY COVER
  POSSIBLE SUNSHINE  MM
  AVERAGE SKY COVER 1.0

WEATHER CONDITIONS
 THE FOLLOWING WEATHER WAS RECORDED YESTERDAY.
  LIGHT RAIN
  FOG

RELATIVE HUMIDITY (PERCENT)
 HIGHEST    92          1200 AM
 LOWEST     69          1100 PM
 AVERAGE    81
..........................................................

THE LONDON KY CLIMATE NORMALS FOR TODAY
                         NORMAL    RECORD    YEAR
 MAXIMUM TEMPERATURE (F)   52        76      1982
 MINIMUM TEMPERATURE (F)   31         3      1963

SUNRISE AND SUNSET
FEBRUARY 23 2015......SUNRISE   716 AM EST   SUNSET   624 PM EST
FEBRUARY 24 2015......SUNRISE   714 AM EST   SUNSET   625 PM EST

-  INDICATES NEGATIVE NUMBERS.
R  INDICATES RECORD WAS SET OR TIED.
MM INDICATES DATA IS MISSING.
T  INDICATES TRACE AMOUNT.

$$

GEOGERIAN
