000
CDUS43 KJKL 190527
CLILOZ

CLIMATE REPORT
NATIONAL WEATHER SERVICE JACKSON KY
127 AM EDT FRI MAY 19 2017

...................................

...THE LONDON KY CLIMATE SUMMARY FOR MAY 18 2017...

CLIMATE NORMAL PERIOD 1981 TO 2010
CLIMATE RECORD PERIOD 1954 TO 2017

WEATHER ITEM   OBSERVED TIME   RECORD YEAR NORMAL DEPARTURE LAST
                VALUE   (LST)  VALUE       VALUE  FROM      YEAR
                                                  NORMAL
..................................................................
TEMPERATURE (F)
 YESTERDAY
  MAXIMUM         82    119 PM  90    1962  77      5       56
  MINIMUM         67   1156 PM  33    1973  54     13       49
  AVERAGE         75                        65     10       53

PRECIPITATION (IN)
  YESTERDAY        0.21          1.94 1981   0.16   0.05     0.50
  MONTH TO DATE    4.49                      3.00   1.49     3.62
  SINCE MAR 1     14.85                     11.10   3.75     8.65

SNOWFALL (IN)
  YESTERDAY       MM
  MONTH TO DATE   MM
  SINCE MAR 1     MM
  SINCE JUL 1     MM
  SNOW DEPTH      MM

DEGREE DAYS
 HEATING
  YESTERDAY        0                         3     -3       12
  MONTH TO DATE   75                        70      5      109
  SINCE MAR 1    712                       895   -183      739
  SINCE JUL 1   3307                      4171   -864     3655

 COOLING
  YESTERDAY       10                         3      7        0
  MONTH TO DATE   43                        36      7       25
  SINCE MAR 1    100                        62     38       47
  SINCE JAN 1    100                        62     38       47
..................................................................

WIND (MPH)
  HIGHEST WIND SPEED    18   HIGHEST WIND DIRECTION     W (270)
  HIGHEST GUST SPEED    25   HIGHEST GUST DIRECTION    SW (220)
  AVERAGE WIND SPEED     6.4

SKY COVER
  POSSIBLE SUNSHINE  MM
  AVERAGE SKY COVER 0.3

WEATHER CONDITIONS
 THE FOLLOWING WEATHER WAS RECORDED YESTERDAY.
  THUNDERSTORM
  HEAVY RAIN
  RAIN
  LIGHT RAIN

RELATIVE HUMIDITY (PERCENT)
 HIGHEST    84          1000 PM
 LOWEST     57           300 AM
 AVERAGE    71

..........................................................

THE LONDON KY CLIMATE NORMALS FOR TODAY
                         NORMAL    RECORD    YEAR
 MAXIMUM TEMPERATURE (F)   77        90      1962
 MINIMUM TEMPERATURE (F)   54        32      1976

SUNRISE AND SUNSET
MAY 19 2017...........SUNRISE   625 AM EDT   SUNSET   841 PM EDT
MAY 20 2017...........SUNRISE   624 AM EDT   SUNSET   842 PM EDT

-  INDICATES NEGATIVE NUMBERS.
R  INDICATES RECORD WAS SET OR TIED.
MM INDICATES DATA IS MISSING.
T  INDICATES TRACE AMOUNT.

$$
