215
CDUS43 KJKL 132021
CLILOZ

CLIMATE REPORT
NATIONAL WEATHER SERVICE JACKSON KY
421 PM EDT MON MAR 13 2017


...................................

...THE LONDON KY CLIMATE SUMMARY FOR MARCH 13 2017...
VALID TODAY AS OF 0400 PM LOCAL TIME.

CLIMATE NORMAL PERIOD 1981 TO 2010
CLIMATE RECORD PERIOD 1954 TO 2017


WEATHER ITEM   OBSERVED TIME   RECORD YEAR NORMAL DEPARTURE LAST
                VALUE   (LST)  VALUE       VALUE  FROM      YEAR
                                                  NORMAL
..................................................................
TEMPERATURE (F)
 TODAY
  MAXIMUM         56    224 PM  84    1967  58     -2       70
  MINIMUM         27    726 AM  -3    1960  35     -8       55
  AVERAGE         42                        46     -4       63

PRECIPITATION (IN)
  TODAY            0.00          1.18 1975   0.13  -0.13     0.03
  MONTH TO DATE    2.17                      1.70   0.47     0.79
  SINCE MAR 1      2.17                      1.70   0.47     0.79

SNOWFALL (IN)
  TODAY           MM
  MONTH TO DATE   MM
  SINCE MAR 1     MM
  SINCE JUL 1     MM
  SNOW DEPTH      MM

DEGREE DAYS
 HEATING
  TODAY           23                        19      4        2
  MONTH TO DATE  257                       263     -6      193
  SINCE MAR 1    257                       263     -6      193
  SINCE JUL 1   2852                      3539   -687     3109

 COOLING
  TODAY            0                         0      0        0
  MONTH TO DATE    0                         0      0        0
  SINCE MAR 1      0                         0      0        0
  SINCE JAN 1      0                         0      0        0
..................................................................


WIND (MPH)
  HIGHEST WIND SPEED    21   HIGHEST WIND DIRECTION     S (180)
  HIGHEST GUST SPEED    24   HIGHEST GUST DIRECTION     S (190)
  AVERAGE WIND SPEED     4.5


SKY COVER
  POSSIBLE SUNSHINE  MM
  AVERAGE SKY COVER 0.1


WEATHER CONDITIONS
 THE FOLLOWING WEATHER WAS RECORDED TODAY.
  NO SIGNIFICANT WEATHER WAS OBSERVED.


RELATIVE HUMIDITY (PERCENT)
 HIGHEST    63           700 AM
 LOWEST     29           100 PM
 AVERAGE    46

..........................................................


THE LONDON KY CLIMATE NORMALS FOR TOMORROW
                         NORMAL    RECORD    YEAR
 MAXIMUM TEMPERATURE (F)   58        83      1973
 MINIMUM TEMPERATURE (F)   36        -1      1960


SUNRISE AND SUNSET
MARCH 13 2017.........SUNRISE   750 AM EDT   SUNSET   742 PM EDT
MARCH 14 2017.........SUNRISE   748 AM EDT   SUNSET   743 PM EDT


-  INDICATES NEGATIVE NUMBERS.
R  INDICATES RECORD WAS SET OR TIED.
MM INDICATES DATA IS MISSING.
T  INDICATES TRACE AMOUNT.




$$
