000
CDUS43 KJKL 190531
CLILOZ

CLIMATE REPORT
NATIONAL WEATHER SERVICE JACKSON KY
129 AM EDT THU MAR 19 2015

...................................

...THE LONDON KY CLIMATE SUMMARY FOR MARCH 18 2015...

CLIMATE NORMAL PERIOD 1981 TO 2010
CLIMATE RECORD PERIOD 1954 TO 2015


WEATHER ITEM   OBSERVED TIME   RECORD YEAR NORMAL DEPARTURE LAST
                VALUE   (LST)  VALUE       VALUE  FROM      YEAR
                                                  NORMAL
..................................................................
TEMPERATURE (F)
 YESTERDAY
  MAXIMUM         51    526 PM  83    1982  59     -8       60
  MINIMUM         34    715 AM  13    1967  37     -3       34
  AVERAGE         43                        48     -5       47

PRECIPITATION (IN)
  YESTERDAY        0.00          1.66 2013   0.13  -0.13     0.00
  MONTH TO DATE    4.41                      2.35   2.06     3.20
  SINCE MAR 1      4.41                      2.35   2.06     3.20
  SINCE JAN 1     11.88                      9.60   2.28     9.71

SNOWFALL (IN)
  YESTERDAY       MM
  MONTH TO DATE   MM
  SINCE MAR 1     MM
  SINCE JUL 1     MM
  SNOW DEPTH      MM

DEGREE DAYS
 HEATING
  YESTERDAY       22                        17      5       18
  MONTH TO DATE  338                       351    -13      395
  SINCE MAR 1    338                       351    -13      395
  SINCE JUL 1   3959                      3627    332     3902

 COOLING
  YESTERDAY        0                         0      0        0
  MONTH TO DATE    0                         0      0        0
  SINCE MAR 1      0                         0      0        0
  SINCE JAN 1      0                         0      0        0
..................................................................


WIND (MPH)
  HIGHEST WIND SPEED    13   HIGHEST WIND DIRECTION    NE (30)
  HIGHEST GUST SPEED    19   HIGHEST GUST DIRECTION     N (20)
  AVERAGE WIND SPEED     6.9


SKY COVER
  POSSIBLE SUNSHINE  MM
  AVERAGE SKY COVER 0.3


WEATHER CONDITIONS
 THE FOLLOWING WEATHER WAS RECORDED YESTERDAY.
  NO SIGNIFICANT WEATHER WAS OBSERVED.


RELATIVE HUMIDITY (PERCENT)
 HIGHEST    64           400 AM
 LOWEST     26           500 PM
 AVERAGE    45

..........................................................


THE LONDON KY CLIMATE NORMALS FOR TODAY
                         NORMAL    RECORD    YEAR
 MAXIMUM TEMPERATURE (F)   60        81      2012
                                             1982
 MINIMUM TEMPERATURE (F)   37        19      1967


SUNRISE AND SUNSET
MARCH 19 2015.........SUNRISE   742 AM EDT   SUNSET   747 PM EDT
MARCH 20 2015.........SUNRISE   740 AM EDT   SUNSET   748 PM EDT


-  INDICATES NEGATIVE NUMBERS.
R  INDICATES RECORD WAS SET OR TIED.
MM INDICATES DATA IS MISSING.
T  INDICATES TRACE AMOUNT.




$$
