000
CDUS43 KJKL 130527 RRA
CLILOZ

CLIMATE REPORT
NATIONAL WEATHER SERVICE JACKSON KY
126 AM EDT WED MAY 13 2015

...................................

...THE LONDON KY CLIMATE SUMMARY FOR MAY 12 2015...

CLIMATE NORMAL PERIOD 1981 TO 2010
CLIMATE RECORD PERIOD 1954 TO 2015


WEATHER ITEM   OBSERVED TIME   RECORD YEAR NORMAL DEPARTURE LAST
                VALUE   (LST)  VALUE       VALUE  FROM      YEAR
                                                  NORMAL
..................................................................
TEMPERATURE (F)
 YESTERDAY
  MAXIMUM         78    143 PM  89    2000  75      3       87
  MINIMUM         59   1159 PM  33    1989  52      7       63
  AVERAGE         69                        64      5       75

PRECIPITATION (IN)
  YESTERDAY        0.00          0.76 1978   0.18  -0.18     0.00
  MONTH TO DATE    0.12                      1.96  -1.84     0.75
  SINCE MAR 1     11.00                     10.06   0.94    11.00
  SINCE JAN 1     18.47                     17.31   1.16    17.51

SNOWFALL (IN)
  YESTERDAY       MM
  MONTH TO DATE   MM
  SINCE MAR 1     MM
  SINCE JUL 1     MM
  SNOW DEPTH      MM

DEGREE DAYS
 HEATING
  YESTERDAY        0                         4     -4        0
  MONTH TO DATE   20                        52    -32       29
  SINCE MAR 1    738                       877   -139      859
  SINCE JUL 1   4359                      4153    206     4366

 COOLING
  YESTERDAY        4                         2      2       10
  MONTH TO DATE   63                        19     44       48
  SINCE MAR 1     86                        45     41       73
  SINCE JAN 1     86                        45     41       73
..................................................................


WIND (MPH)
  HIGHEST WIND SPEED    23   HIGHEST WIND DIRECTION     W (260)
  HIGHEST GUST SPEED    29   HIGHEST GUST DIRECTION     W (260)
  AVERAGE WIND SPEED     9.0


SKY COVER
  POSSIBLE SUNSHINE  MM
  AVERAGE SKY COVER 0.2


WEATHER CONDITIONS
 THE FOLLOWING WEATHER WAS RECORDED YESTERDAY.
  FOG


RELATIVE HUMIDITY (PERCENT)
 HIGHEST    84           400 AM
 LOWEST     27           300 PM
 AVERAGE    56

..........................................................


THE LONDON KY CLIMATE NORMALS FOR TODAY
                         NORMAL    RECORD    YEAR
 MAXIMUM TEMPERATURE (F)   76        89      1956
 MINIMUM TEMPERATURE (F)   52        34      2013


SUNRISE AND SUNSET
MAY 13 2015...........SUNRISE   630 AM EDT   SUNSET   836 PM EDT
MAY 14 2015...........SUNRISE   629 AM EDT   SUNSET   837 PM EDT


-  INDICATES NEGATIVE NUMBERS.
R  INDICATES RECORD WAS SET OR TIED.
MM INDICATES DATA IS MISSING.
T  INDICATES TRACE AMOUNT.




$$
