000
CDUS43 KJKL 280527
CLILOZ

CLIMATE REPORT
NATIONAL WEATHER SERVICE JACKSON KY
127 AM EDT FRI JUL 28 2017

...................................

...THE LONDON KY CLIMATE SUMMARY FOR JULY 27 2017...

CLIMATE NORMAL PERIOD 1981 TO 2010
CLIMATE RECORD PERIOD 1954 TO 2017

WEATHER ITEM   OBSERVED TIME   RECORD YEAR NORMAL DEPARTURE LAST
                VALUE   (LST)  VALUE       VALUE  FROM      YEAR
                                                  NORMAL
..................................................................
TEMPERATURE (F)
 YESTERDAY
  MAXIMUM         87   1150 AM  96    1966  86      1       93
  MINIMUM         70   1153 PM  48    1962  66      4       70
  AVERAGE         79                        76      3       82

PRECIPITATION (IN)
  YESTERDAY        1.50          2.67 1978   0.13   1.37     0.14
  MONTH TO DATE    4.92                      3.56   1.36     5.76
  SINCE JUN 1      9.40                      7.96   1.44     8.09

SNOWFALL (IN)
  YESTERDAY       MM
  MONTH TO DATE   MM
  SINCE JUN 1     MM
  SINCE JUL 1     MM
  SNOW DEPTH      MM

DEGREE DAYS
 HEATING
  YESTERDAY        0                         0      0        0
  MONTH TO DATE    0                         0      0        0
  SINCE JUN 1      3                         9     -6        2
  SINCE JUL 1      0                         0      0        0

 COOLING
  YESTERDAY       14                        11      3       17
  MONTH TO DATE  341                       297     44      368
  SINCE JUN 1    528                       540    -12      667
  SINCE JAN 1    679                       654     25      769
..................................................................

WIND (MPH)
  HIGHEST WIND SPEED    25   HIGHEST WIND DIRECTION    NW (320)
  HIGHEST GUST SPEED    34   HIGHEST GUST DIRECTION     W (280)
  AVERAGE WIND SPEED     4.9

SKY COVER
  POSSIBLE SUNSHINE  MM
  AVERAGE SKY COVER 0.4

WEATHER CONDITIONS
 THE FOLLOWING WEATHER WAS RECORDED YESTERDAY.
  THUNDERSTORM
  HEAVY RAIN
  RAIN
  LIGHT RAIN
  FOG
  HAZE

RELATIVE HUMIDITY (PERCENT)
 HIGHEST    97          1100 PM
 LOWEST     61          1200 PM
 AVERAGE    79

..........................................................

THE LONDON KY CLIMATE NORMALS FOR TODAY
                         NORMAL    RECORD    YEAR
 MAXIMUM TEMPERATURE (F)   86        96      1999
 MINIMUM TEMPERATURE (F)   66        54      2004
                                             1962

SUNRISE AND SUNSET
JULY 28 2017..........SUNRISE   638 AM EDT   SUNSET   847 PM EDT
JULY 29 2017..........SUNRISE   639 AM EDT   SUNSET   846 PM EDT

-  INDICATES NEGATIVE NUMBERS.
R  INDICATES RECORD WAS SET OR TIED.
MM INDICATES DATA IS MISSING.
T  INDICATES TRACE AMOUNT.

$$
