000
CDUS43 KJKL 010546
CLILOZ

CLIMATE REPORT
NATIONAL WEATHER SERVICE JACKSON KY
145 AM EDT SAT NOV 1 2014

...................................

...THE LONDON KY CLIMATE SUMMARY FOR OCTOBER 31 2014...

CLIMATE NORMAL PERIOD 1981 TO 2010
CLIMATE RECORD PERIOD 1954 TO 2014

WEATHER ITEM   OBSERVED TIME   RECORD YEAR NORMAL DEPARTURE LAST
                VALUE   (LST)  VALUE       VALUE  FROM      YEAR
                                                  NORMAL
..................................................................
TEMPERATURE (F)
 YESTERDAY
  MAXIMUM         47    351 PM  81    1984  65    -18       73
  MINIMUM         36   1159 PM  24    1980  41     -5       58
  AVERAGE         42                        53    -11       66

PRECIPITATION (IN)
  YESTERDAY        0.23          1.29 1956   0.11   0.12     0.06
  MONTH TO DATE    8.35                      3.02   5.33     3.55
  SINCE SEP 1      9.74                      6.39   3.35     6.16
  SINCE JAN 1        MM                     39.07     MM    47.20

SNOWFALL (IN)
  YESTERDAY       MM
  MONTH TO DATE   MM
  SINCE SEP 1     MM
  SINCE JUL 1     MM
  SNOW DEPTH      MM

DEGREE DAYS
 HEATING
  YESTERDAY       23                        12     11        0
  MONTH TO DATE  227                       260    -33      229
  SINCE SEP 1    245                       305    -60      244
  SINCE JUL 1    245                       306    -61      244

 COOLING
  YESTERDAY        0                         0      0        1
  MONTH TO DATE   20                        21     -1       42
  SINCE SEP 1    193                       164     29      191
  SINCE JAN 1     MM                      1188     MM     1083
..................................................................

WIND (MPH)
  HIGHEST WIND SPEED    22   HIGHEST WIND DIRECTION    NW (300)
  HIGHEST GUST SPEED    29   HIGHEST GUST DIRECTION    NW (320)
  AVERAGE WIND SPEED     5.2

SKY COVER
  POSSIBLE SUNSHINE  MM
  AVERAGE SKY COVER 0.9

WEATHER CONDITIONS
 THE FOLLOWING WEATHER WAS RECORDED YESTERDAY.
  LIGHT RAIN
  FOG

RELATIVE HUMIDITY (PERCENT)
 HIGHEST    89          1100 AM
 LOWEST     76          1200 AM
 AVERAGE    83

..........................................................

THE LONDON KY CLIMATE NORMALS FOR TODAY
                         NORMAL    RECORD    YEAR
 MAXIMUM TEMPERATURE (F)   64        81      1987
 MINIMUM TEMPERATURE (F)   41        27      1962

SUNRISE AND SUNSET
NOVEMBER  1 2014......SUNRISE   801 AM EDT   SUNSET   639 PM EDT
NOVEMBER  2 2014......SUNRISE   702 AM EST   SUNSET   538 PM EST

-  INDICATES NEGATIVE NUMBERS.
R  INDICATES RECORD WAS SET OR TIED.
MM INDICATES DATA IS MISSING.
T  INDICATES TRACE AMOUNT.

$$
