000
CDUS43 KJKL 260918
CLILOZ

CLIMATE REPORT
NATIONAL WEATHER SERVICE JACKSON KY
518 AM EDT WED MAR 26 2014

...................................

...THE LONDON KY CLIMATE SUMMARY FOR MARCH 25 2014...

CLIMATE NORMAL PERIOD 1981 TO 2010
CLIMATE RECORD PERIOD 1954 TO 2014


WEATHER ITEM   OBSERVED TIME   RECORD YEAR NORMAL DEPARTURE LAST
                VALUE   (LST)  VALUE       VALUE  FROM      YEAR
                                                  NORMAL
..................................................................

TEMPERATURE (F)
 YESTERDAY
  MAXIMUM         39    300 PM  87    2007  62    -23       36
  MINIMUM         28   1136 PM  16    1960  38    -10       30
  AVERAGE         34                        50    -16       33

PRECIPITATION (IN)
  YESTERDAY        0.02          1.69 1965   0.13  -0.11     0.04
  MONTH TO DATE    3.22                      3.26  -0.04     5.06
  SINCE MAR 1      3.22                      3.26  -0.04     5.06
  SINCE JAN 1      9.73                     10.51  -0.78    11.85

SNOWFALL (IN)
  YESTERDAY       MM
  MONTH TO DATE   MM
  SINCE MAR 1     MM
  SINCE JUL 1     MM
  SNOW DEPTH      MM

DEGREE DAYS
 HEATING
  YESTERDAY       31                        15     16       32
  MONTH TO DATE  536                       463     73      640
  SINCE MAR 1    536                       463     73      640
  SINCE JUL 1   4043                      3739    304     3988

 COOLING
  YESTERDAY        0                         0      0        0
  MONTH TO DATE    0                         0      0        0
  SINCE MAR 1      0                         0      0        0
  SINCE JAN 1      0                         0      0        0
..................................................................

WIND (MPH)
  HIGHEST WIND SPEED    25   HIGHEST WIND DIRECTION    NW (310)
  HIGHEST GUST SPEED    38   HIGHEST GUST DIRECTION    NW (310)
  AVERAGE WIND SPEED     9.6


SKY COVER
  POSSIBLE SUNSHINE  MM
  AVERAGE SKY COVER 0.9


WEATHER CONDITIONS
 THE FOLLOWING WEATHER WAS RECORDED YESTERDAY.
  LIGHT SNOW
  FOG
  HAZE


RELATIVE HUMIDITY (PERCENT)
 HIGHEST    85           700 AM
 LOWEST     40          1200 AM
 AVERAGE    63
..........................................................

THE LONDON KY CLIMATE NORMALS FOR TODAY
                         NORMAL    RECORD    YEAR
 MAXIMUM TEMPERATURE (F)   62        84      2007
 MINIMUM TEMPERATURE (F)   39        15      1955


SUNRISE AND SUNSET
MARCH 26 2014.........SUNRISE   731 AM EDT   SUNSET   754 PM EDT
MARCH 27 2014.........SUNRISE   729 AM EDT   SUNSET   754 PM EDT


-  INDICATES NEGATIVE NUMBERS.
R  INDICATES RECORD WAS SET OR TIED.
MM INDICATES DATA IS MISSING.
T  INDICATES TRACE AMOUNT.
$$
