000
CDUS43 KJKL 262120
CLILOZ

CLIMATE REPORT
NATIONAL WEATHER SERVICE JACKSON KY
419 PM EST TUE JAN 26 2016

...................................

...THE LONDON KY CLIMATE SUMMARY FOR JANUARY 26 2016...
VALID TODAY AS OF 0400 PM LOCAL TIME.

CLIMATE NORMAL PERIOD 1981 TO 2010
CLIMATE RECORD PERIOD 1954 TO 2016

WEATHER ITEM   OBSERVED TIME   RECORD YEAR NORMAL DEPARTURE LAST
                VALUE   (LST)  VALUE       VALUE  FROM      YEAR
                                                  NORMAL
..................................................................
TEMPERATURE (F)
 TODAY
  MAXIMUM         50    743 AM  71    1962  45      5       43
  MINIMUM         35    359 PM   3    1987  26      9       27
  AVERAGE         43                        36      7       35

PRECIPITATION (IN)
  TODAY            0.01          0.74 1967   0.11  -0.10     0.02
  MONTH TO DATE    2.08                      2.95  -0.87     2.27
  SINCE DEC 1      7.53                      7.19   0.34     6.08
  SINCE JAN 1      2.08                      2.95  -0.87     2.27

SNOWFALL (IN)
  TODAY           MM
  MONTH TO DATE   MM
  SINCE DEC 1     MM
  SINCE JUL 1     MM
  SNOW DEPTH      MM

DEGREE DAYS
 HEATING
  TODAY           22                        29     -7       30
  MONTH TO DATE  892                       771    121      783
  SINCE DEC 1   1367                      1593   -226     1506
  SINCE JUL 1   2032                      2423   -391     2450

 COOLING
  TODAY            0                         0      0        0
  MONTH TO DATE    0                         0      0        0
  SINCE DEC 1      0                         1     -1        0
  SINCE JAN 1      0                         0      0        0
..................................................................

WIND (MPH)
  HIGHEST WIND SPEED    15   HIGHEST WIND DIRECTION    SW (210)
  HIGHEST GUST SPEED    25   HIGHEST GUST DIRECTION    SW (210)
  AVERAGE WIND SPEED     7.6

SKY COVER
  POSSIBLE SUNSHINE  MM
  AVERAGE SKY COVER 1.0

WEATHER CONDITIONS
 THE FOLLOWING WEATHER WAS RECORDED TODAY.
  LIGHT RAIN
  FOG

RELATIVE HUMIDITY (PERCENT)
 HIGHEST    93          1000 AM
 LOWEST     46          1200 AM
 AVERAGE    70
..........................................................

THE LONDON KY CLIMATE NORMALS FOR TOMORROW
                         NORMAL    RECORD    YEAR
 MAXIMUM TEMPERATURE (F)   46        67      1974
 MINIMUM TEMPERATURE (F)   27        -9      1963

SUNRISE AND SUNSET
JANUARY 26 2016.......SUNRISE   744 AM EST   SUNSET   554 PM EST
JANUARY 27 2016.......SUNRISE   743 AM EST   SUNSET   555 PM EST

-  INDICATES NEGATIVE NUMBERS.
R  INDICATES RECORD WAS SET OR TIED.
MM INDICATES DATA IS MISSING.
T  INDICATES TRACE AMOUNT.

$$

TAB
