000
CDUS43 KJKL 270555
CLILOZ

CLIMATE REPORT
NATIONAL WEATHER SERVICE JACKSON KY
155 AM EDT FRI OCT 27 2017
...................................

...THE LONDON KY CLIMATE SUMMARY FOR OCTOBER 26 2017...

CLIMATE NORMAL PERIOD 1981 TO 2010
CLIMATE RECORD PERIOD 1954 TO 2017

WEATHER ITEM   OBSERVED TIME   RECORD YEAR NORMAL DEPARTURE LAST
                VALUE   (LST)  VALUE       VALUE  FROM      YEAR
                                                  NORMAL
..................................................................
TEMPERATURE (F)
 YESTERDAY
  MAXIMUM         63    505 PM  83    1991  66     -3       78
  MINIMUM         33    710 AM  18    1962  42     -9       40
  AVERAGE         48                        54     -6       59

PRECIPITATION (IN)
  YESTERDAY        0.00          1.30 1981   0.10  -0.10     0.00
  MONTH TO DATE    4.61                      2.49   2.12     0.90
  SINCE SEP 1      6.40                      5.86   0.54     2.08

SNOWFALL (IN)
  YESTERDAY       MM
  MONTH TO DATE   MM
  SINCE SEP 1     MM
  SINCE JUL 1     MM
  SNOW DEPTH      MM

DEGREE DAYS
 HEATING
  YESTERDAY       17                        11      6        6
  MONTH TO DATE  127                       201    -74      105
  SINCE SEP 1    168                       247    -79      126
  SINCE JUL 1    168                       248    -80      126

 COOLING
  YESTERDAY        0                         0      0        0
  MONTH TO DATE   42                        17     25       43
  SINCE SEP 1    166                       160      6      275
  SINCE JAN 1   1135                      1184    -49     1498
..................................................................

WIND (MPH)
  HIGHEST WIND SPEED    10   HIGHEST WIND DIRECTION     S (200)
  HIGHEST GUST SPEED    14   HIGHEST GUST DIRECTION     S (170)
  AVERAGE WIND SPEED     2.1

SKY COVER
  POSSIBLE SUNSHINE  MM
  AVERAGE SKY COVER 0.0

WEATHER CONDITIONS
 THE FOLLOWING WEATHER WAS RECORDED YESTERDAY.
  NO SIGNIFICANT WEATHER WAS OBSERVED.

RELATIVE HUMIDITY (PERCENT)
 HIGHEST    96           500 AM
 LOWEST     36           200 PM
 AVERAGE    66
..........................................................

THE LONDON KY CLIMATE NORMALS FOR TODAY
                         NORMAL    RECORD    YEAR
 MAXIMUM TEMPERATURE (F)   66        82      2014
 MINIMUM TEMPERATURE (F)   42        19      1962

SUNRISE AND SUNSET
OCTOBER 27 2017.......SUNRISE   756 AM EDT   SUNSET   644 PM EDT
OCTOBER 28 2017.......SUNRISE   757 AM EDT   SUNSET   643 PM EDT

-  INDICATES NEGATIVE NUMBERS.
R  INDICATES RECORD WAS SET OR TIED.
MM INDICATES DATA IS MISSING.
T  INDICATES TRACE AMOUNT.

$$
