000
CDUS43 KJKL 292121
CLILOZ

CLIMATE REPORT
NATIONAL WEATHER SERVICE JACKSON KY
421 PM EST FRI DEC 29 2017

...................................

...THE LONDON KY CLIMATE SUMMARY FOR DECEMBER 29 2017...
VALID TODAY AS OF 0400 PM LOCAL TIME.

CLIMATE NORMAL PERIOD 1981 TO 2010
CLIMATE RECORD PERIOD 1954 TO 2017

WEATHER ITEM   OBSERVED TIME   RECORD YEAR NORMAL DEPARTURE LAST
                VALUE   (LST)  VALUE       VALUE  FROM      YEAR
                                                  NORMAL
..................................................................
TEMPERATURE (F)
 TODAY
  MAXIMUM         33    359 PM  71    1984  45    -12       49
  MINIMUM         18    611 AM   3    1961  27     -9       35
  AVERAGE         26                        36    -10       42

PRECIPITATION (IN)
  TODAY            0.00          1.60 1969   0.12  -0.12     0.09
  MONTH TO DATE    2.91                      4.00  -1.09     6.20
  SINCE DEC 1      2.91                      4.00  -1.09     6.20

SNOWFALL (IN)
  TODAY           MM
  MONTH TO DATE   MM
  SINCE DEC 1     MM
  SINCE JUL 1     MM
  SNOW DEPTH      MM

DEGREE DAYS
 HEATING
  TODAY           39                        29     10       23
  MONTH TO DATE  794                       764     30      734
  SINCE DEC 1    794                       764     30      734
  SINCE JUL 1   1575                      1594    -19     1325

 COOLING
  TODAY            0                         0      0        0
  MONTH TO DATE    0                         0      0        0
  SINCE DEC 1      0                         0      0        0
  SINCE JAN 1   1141                      1190    -49     1507
..................................................................

WIND (MPH)
  HIGHEST WIND SPEED     8   HIGHEST WIND DIRECTION    SW (210)
  HIGHEST GUST SPEED    10   HIGHEST GUST DIRECTION    SW (210)
  AVERAGE WIND SPEED     1.5

SKY COVER
  POSSIBLE SUNSHINE  MM
  AVERAGE SKY COVER 0.5

WEATHER CONDITIONS
 THE FOLLOWING WEATHER WAS RECORDED TODAY.
  NO SIGNIFICANT WEATHER WAS OBSERVED.

RELATIVE HUMIDITY (PERCENT)
 HIGHEST    80           600 AM
 LOWEST     39          1200 PM
 AVERAGE    60

..........................................................

THE LONDON KY CLIMATE NORMALS FOR TOMORROW
                         NORMAL    RECORD    YEAR
 MAXIMUM TEMPERATURE (F)   45        70      1990
 MINIMUM TEMPERATURE (F)   27        -1      1983

SUNRISE AND SUNSET
DECEMBER 29 2017......SUNRISE   749 AM EST   SUNSET   528 PM EST
DECEMBER 30 2017......SUNRISE   749 AM EST   SUNSET   529 PM EST

-  INDICATES NEGATIVE NUMBERS.
R  INDICATES RECORD WAS SET OR TIED.
MM INDICATES DATA IS MISSING.
T  INDICATES TRACE AMOUNT.

$$

CARICO
