356
CDUS43 KJKL 040555 RRA
CLILOZ

CLIMATE REPORT
NATIONAL WEATHER SERVICE JACKSON KY
1255 AM EST MON DEC 4 2017

...................................

...THE LONDON KY CLIMATE SUMMARY FOR DECEMBER 3 2017...

CLIMATE NORMAL PERIOD 1981 TO 2010
CLIMATE RECORD PERIOD 1954 TO 2017

WEATHER ITEM   OBSERVED TIME   RECORD YEAR NORMAL DEPARTURE LAST
                VALUE   (LST)  VALUE       VALUE  FROM      YEAR
                                                  NORMAL
..................................................................
TEMPERATURE (F)
 YESTERDAY
  MAXIMUM         60    325 PM  77    1982  51      9       42
  MINIMUM         31    817 AM  13    1979  32     -1       30
  AVERAGE         46                        42      4       36

PRECIPITATION (IN)
  YESTERDAY        0.00          2.22 1990   0.15  -0.15     0.00
  MONTH TO DATE    0.00                      0.43  -0.43     0.00
  SINCE DEC 1      0.00                      0.43  -0.43     0.00

SNOWFALL (IN)
  YESTERDAY       MM
  MONTH TO DATE   MM
  SINCE DEC 1     MM
  SINCE JUL 1     MM
  SNOW DEPTH      MM

DEGREE DAYS
 HEATING
  YESTERDAY       19                        23     -4       29
  MONTH TO DATE   56                        69    -13       80
  SINCE DEC 1     56                        69    -13       80
  SINCE JUL 1    837                       899    -62      671

 COOLING
  YESTERDAY        0                         0      0        0
  MONTH TO DATE    0                         0      0        0
  SINCE DEC 1      0                         0      0        0
  SINCE JAN 1   1141                      1190    -49     1507
..................................................................

WIND (MPH)
  HIGHEST WIND SPEED     5   HIGHEST WIND DIRECTION     E (70)
  HIGHEST GUST SPEED     8   HIGHEST GUST DIRECTION    SW (220)
  AVERAGE WIND SPEED     0.2

SKY COVER
  POSSIBLE SUNSHINE  MM
  AVERAGE SKY COVER 0.3

WEATHER CONDITIONS
 THE FOLLOWING WEATHER WAS RECORDED YESTERDAY.
  FOG
  FOG W/VISIBILITY <= 1/4 MILE

RELATIVE HUMIDITY (PERCENT)
 HIGHEST   100           800 AM
 LOWEST     33           300 PM
 AVERAGE    67

..........................................................

THE LONDON KY CLIMATE NORMALS FOR TODAY
                         NORMAL    RECORD    YEAR
 MAXIMUM TEMPERATURE (F)   51        77      1982
 MINIMUM TEMPERATURE (F)   32        13      2000

SUNRISE AND SUNSET
DECEMBER  4 2017......SUNRISE   734 AM EST   SUNSET   519 PM EST
DECEMBER  5 2017......SUNRISE   735 AM EST   SUNSET   519 PM EST

-  INDICATES NEGATIVE NUMBERS.
R  INDICATES RECORD WAS SET OR TIED.
MM INDICATES DATA IS MISSING.
T  INDICATES TRACE AMOUNT.

$$
