000
CDUS43 KJKL 132120
CLILOZ

CLIMATE REPORT
NATIONAL WEATHER SERVICE JACKSON KY
420 PM EST SUN NOV 13 2016

...................................

...THE LONDON KY CLIMATE SUMMARY FOR NOVEMBER 13 2016...
VALID TODAY AS OF 0400 PM LOCAL TIME.

CLIMATE NORMAL PERIOD 1981 TO 2010
CLIMATE RECORD PERIOD 1954 TO 2016

WEATHER ITEM   OBSERVED TIME   RECORD YEAR NORMAL DEPARTURE LAST
                VALUE   (LST)  VALUE       VALUE  FROM      YEAR
                                                  NORMAL
..................................................................
TEMPERATURE (F)
 TODAY
  MAXIMUM         61    348 PM  77    1978  60      1       56
  MINIMUM         26    717 AM  13    1976  37    -11       33
  AVERAGE         44                        48     -4       45

PRECIPITATION (IN)
  TODAY            0.00          0.58 2008   0.12  -0.12     0.00
  MONTH TO DATE    0.07                      1.48  -1.41     0.47
  SINCE SEP 1      2.15                      7.87  -5.72     7.53

SNOWFALL (IN)
  TODAY           MM
  MONTH TO DATE   MM
  SINCE SEP 1     MM
  SINCE JUL 1     MM
  SNOW DEPTH      MM

DEGREE DAYS
 HEATING
  TODAY           21                        17      4       20
  MONTH TO DATE  154                       191    -37      116
  SINCE SEP 1    290                       496   -206      372
  SINCE JUL 1    290                       497   -207      372

 COOLING
  TODAY            0                         0      0        0
  MONTH TO DATE    7                         0      7        5
  SINCE SEP 1    284                       164    120      216
  SINCE JAN 1   1507                      1188    319     1387
..................................................................

WIND (MPH)
  HIGHEST WIND SPEED     7   HIGHEST WIND DIRECTION     W (270)
  HIGHEST GUST SPEED    19   HIGHEST GUST DIRECTION     S (170)
  AVERAGE WIND SPEED     1.2

SKY COVER
  POSSIBLE SUNSHINE  MM
  AVERAGE SKY COVER 0.0

WEATHER CONDITIONS
 THE FOLLOWING WEATHER WAS RECORDED TODAY.
  HAZE

RELATIVE HUMIDITY (PERCENT)
 HIGHEST    81           700 AM
 LOWEST     20           300 PM
 AVERAGE    51
..........................................................

THE LONDON KY CLIMATE NORMALS FOR TOMORROW
                         NORMAL    RECORD    YEAR
 MAXIMUM TEMPERATURE (F)   59        79      1993
 MINIMUM TEMPERATURE (F)   37        12      1969

SUNRISE AND SUNSET
NOVEMBER 13 2016......SUNRISE   713 AM EST   SUNSET   528 PM EST
NOVEMBER 14 2016......SUNRISE   715 AM EST   SUNSET   527 PM EST

-  INDICATES NEGATIVE NUMBERS.
R  INDICATES RECORD WAS SET OR TIED.
MM INDICATES DATA IS MISSING.
T  INDICATES TRACE AMOUNT.

$$

TAB
