000
CDUS43 KJKL 170536
CLILOZ

CLIMATE REPORT
NATIONAL WEATHER SERVICE JACKSON KY
1236 AM EST SAT JAN 17 2015

...................................

...THE LONDON KY CLIMATE SUMMARY FOR JANUARY 16 2015...

CLIMATE NORMAL PERIOD 1981 TO 2010
CLIMATE RECORD PERIOD 1954 TO 2015


WEATHER ITEM   OBSERVED TIME   RECORD YEAR NORMAL DEPARTURE LAST
                VALUE   (LST)  VALUE       VALUE  FROM      YEAR
                                                  NORMAL
..................................................................
TEMPERATURE (F)
 YESTERDAY
  MAXIMUM         46    416 PM  67    1974  45      1       39
  MINIMUM         29   1159 PM  -9    1977  26      3       19
  AVERAGE         38                        35      3       29

PRECIPITATION (IN)
  YESTERDAY        0.00          0.52 2013   0.12  -0.12      T
  MONTH TO DATE    1.74                      1.83  -0.09     2.09
  SINCE DEC 1      5.55                      6.07  -0.52     8.53
  SINCE JAN 1      1.74                      1.83  -0.09     2.09

SNOWFALL (IN)
  YESTERDAY       MM
  MONTH TO DATE   MM
  SINCE DEC 1     MM
  SINCE JUL 1     MM
  SNOW DEPTH      MM

DEGREE DAYS
 HEATING
  YESTERDAY       27                        30     -3       36
  MONTH TO DATE  531                       476     55      520
  SINCE DEC 1   1254                      1298    -44     1260
  SINCE JUL 1   2198                      2128     70     2127

 COOLING
  YESTERDAY        0                         0      0        0
  MONTH TO DATE    0                         0      0        0
  SINCE DEC 1      0                         1     -1        0
  SINCE JAN 1      0                         0      0        0
..................................................................


WIND (MPH)
  HIGHEST WIND SPEED    14   HIGHEST WIND DIRECTION     W (260)
  HIGHEST GUST SPEED    17   HIGHEST GUST DIRECTION     W (270)
  AVERAGE WIND SPEED     4.1


SKY COVER
  POSSIBLE SUNSHINE  MM
  AVERAGE SKY COVER 0.5


WEATHER CONDITIONS
 THE FOLLOWING WEATHER WAS RECORDED YESTERDAY.
  NO SIGNIFICANT WEATHER WAS OBSERVED.


RELATIVE HUMIDITY (PERCENT)
 HIGHEST    78          1200 AM
 LOWEST     45           400 PM
 AVERAGE    62

..........................................................


THE LONDON KY CLIMATE NORMALS FOR TODAY
                         NORMAL    RECORD    YEAR
 MAXIMUM TEMPERATURE (F)   45        69      1974
 MINIMUM TEMPERATURE (F)   26       -15      1982


SUNRISE AND SUNSET
JANUARY 17 2015.......SUNRISE   748 AM EST   SUNSET   545 PM EST
JANUARY 18 2015.......SUNRISE   748 AM EST   SUNSET   546 PM EST


-  INDICATES NEGATIVE NUMBERS.
R  INDICATES RECORD WAS SET OR TIED.
MM INDICATES DATA IS MISSING.
T  INDICATES TRACE AMOUNT.




$$
