000
CDUS43 KJKL 160532
CLILOZ

CLIMATE REPORT
NATIONAL WEATHER SERVICE JACKSON KY
128 AM EDT THU JUL 16 2015

...................................

...THE LONDON KY CLIMATE SUMMARY FOR JULY 15 2015...

CLIMATE NORMAL PERIOD 1981 TO 2010
CLIMATE RECORD PERIOD 1954 TO 2015


WEATHER ITEM   OBSERVED TIME   RECORD YEAR NORMAL DEPARTURE LAST
                VALUE   (LST)  VALUE       VALUE  FROM      YEAR
                                                  NORMAL
..................................................................
TEMPERATURE (F)
 YESTERDAY
  MAXIMUM         80    305 PM  95    1988  87     -7       80
  MINIMUM         69    619 AM  48    1967  66      3       61
  AVERAGE         75                        76     -1       71

PRECIPITATION (IN)
  YESTERDAY        0.00          2.28 1979   0.14  -0.14     0.36
  MONTH TO DATE   10.25                      1.98   8.27     4.57
  SINCE JUN 1     15.22                      6.38   8.84     7.28
  SINCE JAN 1     35.14                     26.91   8.23    26.27

SNOWFALL (IN)
  YESTERDAY       MM
  MONTH TO DATE   MM
  SINCE JUN 1     MM
  SINCE JUL 1     MM
  SNOW DEPTH      MM

DEGREE DAYS
 HEATING
  YESTERDAY        0                         0      0        0
  MONTH TO DATE    0                         0      0        0
  SINCE JUN 1      2                         9     -7        0
  SINCE JUL 1      0                         0      0        0

 COOLING
  YESTERDAY       10                        11     -1        6
  MONTH TO DATE  166                       165      1      167
  SINCE JUN 1    473                       408     65      449
  SINCE JAN 1    667                       522    145      615
..................................................................


WIND (MPH)
  HIGHEST WIND SPEED    12   HIGHEST WIND DIRECTION     N (350)
  HIGHEST GUST SPEED    16   HIGHEST GUST DIRECTION    NW (310)
  AVERAGE WIND SPEED     4.5


SKY COVER
  POSSIBLE SUNSHINE  MM
  AVERAGE SKY COVER 0.8


WEATHER CONDITIONS
 THE FOLLOWING WEATHER WAS RECORDED YESTERDAY.
  FOG


RELATIVE HUMIDITY (PERCENT)
 HIGHEST    90           400 AM
 LOWEST     58          1100 AM
 AVERAGE    74

..........................................................


THE LONDON KY CLIMATE NORMALS FOR TODAY
                         NORMAL    RECORD    YEAR
 MAXIMUM TEMPERATURE (F)   87       100      1980
 MINIMUM TEMPERATURE (F)   66        50      1967


SUNRISE AND SUNSET
JULY 16 2015..........SUNRISE   629 AM EDT   SUNSET   856 PM EDT
JULY 17 2015..........SUNRISE   630 AM EDT   SUNSET   855 PM EDT


-  INDICATES NEGATIVE NUMBERS.
R  INDICATES RECORD WAS SET OR TIED.
MM INDICATES DATA IS MISSING.
T  INDICATES TRACE AMOUNT.




$$
