000
CDUS43 KJKL 181047
CLILOZ

CLIMATE REPORT
NATIONAL WEATHER SERVICE JACKSON KY
647 AM EDT TUE AUG 18 2015

...................................

...THE LONDON KY CLIMATE SUMMARY FOR AUGUST 17 2015...

CLIMATE NORMAL PERIOD 1981 TO 2010
CLIMATE RECORD PERIOD 1954 TO 2015

WEATHER ITEM   OBSERVED TIME   RECORD YEAR NORMAL DEPARTURE LAST
                VALUE   (LST)  VALUE       VALUE  FROM      YEAR
                                                  NORMAL
..................................................................
TEMPERATURE (F)
 YESTERDAY
  MAXIMUM         81   1050 AM  99    1988  86     -5       80
  MINIMUM         68    317 AM  51    1979  65      3       68
  AVERAGE         75                        75      0       74

PRECIPITATION (IN)
  YESTERDAY        0.59          2.06 2005   0.12   0.47     0.51
  MONTH TO DATE    1.89                      2.16  -0.27     2.57
  SINCE JUN 1     18.09                     10.60   7.49    12.28
  SINCE JAN 1     38.01                     31.13   6.88    31.27

SNOWFALL (IN)
  YESTERDAY       MM
  MONTH TO DATE   MM
  SINCE JUN 1     MM
  SINCE JUL 1     MM
  SNOW DEPTH      MM

DEGREE DAYS
 HEATING
  YESTERDAY        0                         0      0        0
  MONTH TO DATE    0                         0      0        0
  SINCE JUN 1      2                         9     -7        0
  SINCE JUL 1      0                         0      0        0

 COOLING
  YESTERDAY       10                        10      0        9
  MONTH TO DATE  178                       185     -7      141
  SINCE JUN 1    875                       778     97      698
  SINCE JAN 1   1069                       892    177      864
..................................................................

WIND (MPH)
  HIGHEST WIND SPEED    14   HIGHEST WIND DIRECTION     W (250)
  HIGHEST GUST SPEED    17   HIGHEST GUST DIRECTION    SW (240)
  AVERAGE WIND SPEED     2.8

SKY COVER
  POSSIBLE SUNSHINE  MM
  AVERAGE SKY COVER 0.5

WEATHER CONDITIONS
 THE FOLLOWING WEATHER WAS RECORDED YESTERDAY.
  HEAVY RAIN
  RAIN
  LIGHT RAIN
  FOG
  HAZE

RELATIVE HUMIDITY (PERCENT)
 HIGHEST    90           800 PM
 LOWEST     62          1100 AM
 AVERAGE    76

..........................................................

THE LONDON KY CLIMATE NORMALS FOR TODAY
                         NORMAL    RECORD    YEAR
 MAXIMUM TEMPERATURE (F)   86        98      1988
 MINIMUM TEMPERATURE (F)   65        54      1976

SUNRISE AND SUNSET
AUGUST 18 2015........SUNRISE   655 AM EDT   SUNSET   824 PM EDT
AUGUST 19 2015........SUNRISE   656 AM EDT   SUNSET   823 PM EDT

-  INDICATES NEGATIVE NUMBERS.
R  INDICATES RECORD WAS SET OR TIED.
MM INDICATES DATA IS MISSING.
T  INDICATES TRACE AMOUNT.

$$

CARICO
