000
CDUS43 KJKL 250535
CLILOZ

CLIMATE REPORT
NATIONAL WEATHER SERVICE JACKSON KY
1223 AM EST MON JAN 25 2016

...................................

...THE LONDON KY CLIMATE SUMMARY FOR JANUARY 24 2016...

CLIMATE NORMAL PERIOD 1981 TO 2010
CLIMATE RECORD PERIOD 1954 TO 2016

WEATHER ITEM   OBSERVED TIME   RECORD YEAR NORMAL DEPARTURE LAST
                VALUE   (LST)  VALUE       VALUE  FROM      YEAR
                                                  NORMAL
..................................................................
TEMPERATURE (F)
 YESTERDAY
  MAXIMUM         33    320 PM  74    1972  45    -12       40
  MINIMUM          0    832 AM -18    1963  26    -26       29
  AVERAGE         17                        36    -19       35

PRECIPITATION (IN)
  YESTERDAY        0.00          2.46 2010   0.12  -0.12     0.11
  MONTH TO DATE    2.07                      2.73  -0.66     2.15
  SINCE DEC 1      7.52                      6.97   0.55     5.96
  SINCE JAN 1      2.07                      2.73  -0.66     2.15

SNOWFALL (IN)
  YESTERDAY       MM
  MONTH TO DATE   MM
  SINCE DEC 1     MM
  SINCE JUL 1     MM
  SNOW DEPTH      MM

DEGREE DAYS
 HEATING
  YESTERDAY       48                        29     19       30
  MONTH TO DATE  836                       713    123      729
  SINCE DEC 1   1311                      1535   -224     1452
  SINCE JUL 1   1976                      2365   -389     2396

 COOLING
  YESTERDAY        0                         0      0        0
  MONTH TO DATE    0                         0      0        0
  SINCE DEC 1      0                         1     -1        0
  SINCE JAN 1      0                         0      0        0
..................................................................

WIND (MPH)
  HIGHEST WIND SPEED     7   HIGHEST WIND DIRECTION     S (190)
  HIGHEST GUST SPEED     8   HIGHEST GUST DIRECTION     S (190)
  AVERAGE WIND SPEED     0.3

SKY COVER
  POSSIBLE SUNSHINE  MM
  AVERAGE SKY COVER 0.5

WEATHER CONDITIONS
 THE FOLLOWING WEATHER WAS RECORDED YESTERDAY.
  FOG
  FOG W/VISIBILITY <= 1/4 MILE
  HAZE

RELATIVE HUMIDITY (PERCENT)
 HIGHEST    96           400 AM
 LOWEST     66           300 PM
 AVERAGE    81
..........................................................

THE LONDON KY CLIMATE NORMALS FOR TODAY
                         NORMAL    RECORD    YEAR
 MAXIMUM TEMPERATURE (F)   45        71      1967
 MINIMUM TEMPERATURE (F)   26       -10      1963

SUNRISE AND SUNSET
JANUARY 25 2016.......SUNRISE   744 AM EST   SUNSET   553 PM EST
JANUARY 26 2016.......SUNRISE   744 AM EST   SUNSET   554 PM EST

-  INDICATES NEGATIVE NUMBERS.
R  INDICATES RECORD WAS SET OR TIED.
MM INDICATES DATA IS MISSING.
T  INDICATES TRACE AMOUNT.

$$

SHALLENBERGER
