676
CDUS43 KJKL 092121
CLILOZ

CLIMATE REPORT
NATIONAL WEATHER SERVICE JACKSON KY
421 PM EST THU FEB 9 2017

...................................

...THE LONDON KY CLIMATE SUMMARY FOR FEBRUARY 9 2017...
VALID TODAY AS OF 0400 PM LOCAL TIME.

CLIMATE NORMAL PERIOD 1981 TO 2010
CLIMATE RECORD PERIOD 1954 TO 2017

WEATHER ITEM   OBSERVED TIME   RECORD YEAR NORMAL DEPARTURE LAST
                VALUE   (LST)  VALUE       VALUE  FROM      YEAR
                                                  NORMAL
..................................................................
TEMPERATURE (F)
 TODAY
  MAXIMUM         38   1246 AM  70    2001  48    -10       27
  MINIMUM         29    954 AM  -2    1971  28      1       19
  AVERAGE         34                        38     -4       23

PRECIPITATION (IN)
  TODAY            T             1.28 1994   0.13  -0.13      T
  MONTH TO DATE    0.36                      1.16  -0.80     1.60
  SINCE DEC 1     10.74                      8.94   1.80     9.13
  SINCE JAN 1      4.44                      4.70  -0.26     3.68

SNOWFALL (IN)
  TODAY           MM
  MONTH TO DATE   MM
  SINCE DEC 1     MM
  SINCE JUL 1     MM
  SNOW DEPTH      MM

DEGREE DAYS
 HEATING
  TODAY           31                        27      4       42
  MONTH TO DATE  212                       248    -36      224
  SINCE DEC 1   1698                      1981   -283     1730
  SINCE JUL 1   2289                      2811   -522     2395

 COOLING
  TODAY            0                         0      0        0
  MONTH TO DATE    0                         0      0        0
  SINCE DEC 1      0                         1     -1        0
  SINCE JAN 1      0                         0      0        0
..................................................................

WIND (MPH)
  HIGHEST WIND SPEED    24   HIGHEST WIND DIRECTION     W (290)
  HIGHEST GUST SPEED    34   HIGHEST GUST DIRECTION    NW (300)
  AVERAGE WIND SPEED    13.5

SKY COVER
  POSSIBLE SUNSHINE  MM
  AVERAGE SKY COVER 1.0

WEATHER CONDITIONS
 THE FOLLOWING WEATHER WAS RECORDED TODAY.
  FOG

RELATIVE HUMIDITY (PERCENT)
 HIGHEST    89           200 AM
 LOWEST     41           300 PM
 AVERAGE    65

..........................................................

THE LONDON KY CLIMATE NORMALS FOR TOMORROW
                         NORMAL    RECORD    YEAR
 MAXIMUM TEMPERATURE (F)   48        69      1959
 MINIMUM TEMPERATURE (F)   28        -7      1979

SUNRISE AND SUNSET
FEBRUARY  9 2017......SUNRISE   731 AM EST   SUNSET   610 PM EST
FEBRUARY 10 2017......SUNRISE   730 AM EST   SUNSET   611 PM EST

-  INDICATES NEGATIVE NUMBERS.
R  INDICATES RECORD WAS SET OR TIED.
MM INDICATES DATA IS MISSING.
T  INDICATES TRACE AMOUNT.

$$

CARICO
