000
CDUS43 KJKL 300543
CLILOZ

CLIMATE REPORT
NATIONAL WEATHER SERVICE JACKSON KY
145 AM EDT SUN MAR 30 2014

...................................

...THE LONDON KY CLIMATE SUMMARY FOR MARCH 29 2014...

CLIMATE NORMAL PERIOD 1981 TO 2010
CLIMATE RECORD PERIOD 1954 TO 2014

WEATHER ITEM   OBSERVED TIME   RECORD YEAR NORMAL DEPARTURE LAST
                VALUE   (LST)  VALUE       VALUE  FROM      YEAR
                                                  NORMAL
..................................................................
TEMPERATURE (F)
 YESTERDAY
  MAXIMUM         54   1152 AM  82    1998  63     -9       47
                                      1977
  MINIMUM         34   1139 PM  17    1966  39     -5       26
  AVERAGE         44                        51     -7       37

PRECIPITATION (IN)
  YESTERDAY        1.74R         1.59 1976   0.13   1.61      T
  MONTH TO DATE    5.17                      3.78   1.39     5.08
  SINCE MAR 1      5.17                      3.78   1.39     5.08
  SINCE JAN 1     11.68                     11.03   0.65    11.87

SNOWFALL (IN)
  YESTERDAY       MM
  MONTH TO DATE   MM
  SINCE MAR 1     MM
  SINCE JUL 1     MM
  SNOW DEPTH      MM

DEGREE DAYS
 HEATING
  YESTERDAY       21                        14      7       28
  MONTH TO DATE  617                       521     96      754
  SINCE MAR 1    617                       521     96      754
  SINCE JUL 1   4124                      3797    327     4102

 COOLING
  YESTERDAY        0                         0      0        0
  MONTH TO DATE    0                         0      0        0
  SINCE MAR 1      0                         0      0        0
  SINCE JAN 1      0                         0      0        0
..................................................................

WIND (MPH)
  HIGHEST WIND SPEED    22   HIGHEST WIND DIRECTION     N (340)
  HIGHEST GUST SPEED    30   HIGHEST GUST DIRECTION     N (360)
  AVERAGE WIND SPEED     7.4

SKY COVER
  POSSIBLE SUNSHINE  MM
  AVERAGE SKY COVER 1.0

WEATHER CONDITIONS
 THE FOLLOWING WEATHER WAS RECORDED YESTERDAY.
  HEAVY RAIN
  RAIN
  LIGHT RAIN
  LIGHT SNOW
  FOG

RELATIVE HUMIDITY (PERCENT)
 HIGHEST    96           200 PM
 LOWEST     83           200 AM
 AVERAGE    90
..........................................................

THE LONDON KY CLIMATE NORMALS FOR TODAY
                         NORMAL    RECORD    YEAR
 MAXIMUM TEMPERATURE (F)   63        83      1963
 MINIMUM TEMPERATURE (F)   40        19      1964

SUNRISE AND SUNSET
MARCH 30 2014.........SUNRISE   725 AM EDT   SUNSET   757 PM EDT
MARCH 31 2014.........SUNRISE   724 AM EDT   SUNSET   758 PM EDT

-  INDICATES NEGATIVE NUMBERS.
R  INDICATES RECORD WAS SET OR TIED.
MM INDICATES DATA IS MISSING.
T  INDICATES TRACE AMOUNT.

$$
GREIF
