070
CDUS43 KJKL 230839
CLILOZ

CLIMATE REPORT
NATIONAL WEATHER SERVICE JACKSON KY
339 AM EST WED NOV 23 2016

...................................

...THE LONDON KY CLIMATE SUMMARY FOR NOVEMBER 22 2016...

CLIMATE NORMAL PERIOD 1981 TO 2010
CLIMATE RECORD PERIOD 1954 TO 2016

WEATHER ITEM   OBSERVED TIME   RECORD YEAR NORMAL DEPARTURE LAST
                VALUE   (LST)  VALUE       VALUE  FROM      YEAR
                                                  NORMAL
..................................................................
TEMPERATURE (F)
 YESTERDAY
  MAXIMUM         55    352 PM  75    1963  56     -1       39
  MINIMUM         22    430 AM  11    1964  35    -13       24
  AVERAGE         39                        45     -6       32

PRECIPITATION (IN)
  YESTERDAY        0.00          2.18 1991   0.14  -0.14     0.00
  MONTH TO DATE    0.25                      2.70  -2.45     1.54
  SINCE SEP 1      2.33                      9.09  -6.76     8.60

SNOWFALL (IN)
  YESTERDAY       MM
  MONTH TO DATE   MM
  SINCE SEP 1     MM
  SINCE JUL 1     MM
  SNOW DEPTH      MM

DEGREE DAYS
 HEATING
  YESTERDAY       26                        20      6       33
  MONTH TO DATE  327                       356    -29      279
  SINCE SEP 1    463                       661   -198      535
  SINCE JUL 1    463                       662   -199      535

 COOLING
  YESTERDAY        0                         0      0        0
  MONTH TO DATE    7                         0      7        5
  SINCE SEP 1    284                       164    120      216
  SINCE JAN 1   1507                      1188    319     1387
..................................................................

WIND (MPH)
  HIGHEST WIND SPEED     7   HIGHEST WIND DIRECTION     E (80)
  HIGHEST GUST SPEED    10   HIGHEST GUST DIRECTION     E (70)
  AVERAGE WIND SPEED     0.7

SKY COVER
  POSSIBLE SUNSHINE  MM
  AVERAGE SKY COVER 0.0

WEATHER CONDITIONS
 THE FOLLOWING WEATHER WAS RECORDED YESTERDAY.
  NO SIGNIFICANT WEATHER WAS OBSERVED.

RELATIVE HUMIDITY (PERCENT)
 HIGHEST    88           500 AM
 LOWEST     19           400 PM
 AVERAGE    54

..........................................................

THE LONDON KY CLIMATE NORMALS FOR TODAY
                         NORMAL    RECORD    YEAR
 MAXIMUM TEMPERATURE (F)   55        74      1999
 MINIMUM TEMPERATURE (F)   35        13      1970

SUNRISE AND SUNSET
NOVEMBER 23 2016......SUNRISE   724 AM EST   SUNSET   522 PM EST
NOVEMBER 24 2016......SUNRISE   725 AM EST   SUNSET   521 PM EST

-  INDICATES NEGATIVE NUMBERS.
R  INDICATES RECORD WAS SET OR TIED.
MM INDICATES DATA IS MISSING.
T  INDICATES TRACE AMOUNT.

$$
