000
CDUS43 KJKL 051031
CLILOZ

CLIMATE REPORT
NATIONAL WEATHER SERVICE JACKSON KY
517 AM EST FRI DEC 5 2014

...................................

...THE LONDON KY CLIMATE SUMMARY FOR DECEMBER 4 2014...

CLIMATE NORMAL PERIOD 1981 TO 2010
CLIMATE RECORD PERIOD 1954 TO 2014


WEATHER ITEM   OBSERVED TIME   RECORD YEAR NORMAL DEPARTURE LAST
                VALUE   (LST)  VALUE       VALUE  FROM      YEAR
                                                  NORMAL
..................................................................
TEMPERATURE (F)
 YESTERDAY
  MAXIMUM         46        MM  77    1982  51     -5       69
  MINIMUM         35        MM  13    2000  32      3       45
  AVERAGE         41                        41      0       57

PRECIPITATION (IN)
  YESTERDAY        0.29          2.28 1993   0.14   0.15     0.01
  MONTH TO DATE    1.02                      0.57   0.45     0.01
  SINCE DEC 1      1.02                      0.57   0.45     0.01
  SINCE JAN 1        MM                     43.47     MM    49.99

SNOWFALL (IN)
  YESTERDAY       MM
  MONTH TO DATE   MM
  SINCE DEC 1     MM
  SINCE JUL 1     MM
  SNOW DEPTH      MM

DEGREE DAYS
 HEATING
  YESTERDAY       24                        24      0        8
  MONTH TO DATE   74                        93    -19       61
  SINCE DEC 1     74                        93    -19       61
  SINCE JUL 1     MM                       923     MM      928

 COOLING
  YESTERDAY        0                         0      0        0
  MONTH TO DATE    0                         0      0        0
  SINCE DEC 1      0                         0      0        0
  SINCE JAN 1   1247                      1190     57     1083
..................................................................

WIND (MPH)
  HIGHEST WIND SPEED    MM   HIGHEST WIND DIRECTION    MM
  HIGHEST GUST SPEED    MM   HIGHEST GUST DIRECTION    MM
  AVERAGE WIND SPEED    MM

SKY COVER
  POSSIBLE SUNSHINE  MM
  AVERAGE SKY COVER 0.8

WEATHER CONDITIONS
 THE FOLLOWING WEATHER WAS RECORDED YESTERDAY.
  RAIN
  LIGHT RAIN
  FOG

RELATIVE HUMIDITY (PERCENT)
 HIGHEST    MM
 LOWEST     MM
 AVERAGE    MM

..........................................................

THE LONDON KY CLIMATE NORMALS FOR TODAY
                         NORMAL    RECORD    YEAR
 MAXIMUM TEMPERATURE (F)   51        72      2013
                                             2001
 MINIMUM TEMPERATURE (F)   32        12      1969

SUNRISE AND SUNSET
DECEMBER  5 2014......SUNRISE   735 AM EST   SUNSET   519 PM EST
DECEMBER  6 2014......SUNRISE   736 AM EST   SUNSET   519 PM EST

-  INDICATES NEGATIVE NUMBERS.
R  INDICATES RECORD WAS SET OR TIED.
MM INDICATES DATA IS MISSING.
T  INDICATES TRACE AMOUNT.

$$
