136
CDUS43 KJKL 011126
CLILOZ

CLIMATE REPORT
NATIONAL WEATHER SERVICE JACKSON KY
626 AM EST MON FEB 1 2016

...................................

...THE LONDON KY CLIMATE SUMMARY FOR JANUARY 31 2016...

CLIMATE NORMAL PERIOD 1981 TO 2010
CLIMATE RECORD PERIOD 1954 TO 2016


WEATHER ITEM   OBSERVED TIME   RECORD YEAR NORMAL DEPARTURE LAST
                VALUE   (LST)  VALUE       VALUE  FROM      YEAR
                                                  NORMAL
..................................................................

TEMPERATURE (F)
 YESTERDAY
  MAXIMUM         65    337 PM  74    2002  46     19       44
  MINIMUM         39    459 AM -11    1966  27     12       19
  AVERAGE         52                        37     15       32

PRECIPITATION (IN)
  YESTERDAY        0.00          1.67 1958   0.13  -0.13     0.00
  MONTH TO DATE    2.08                      3.54  -1.46     2.38
  SINCE DEC 1      7.53                      7.78  -0.25     6.19
  SINCE JAN 1      2.08                      3.54  -1.46     2.38

SNOWFALL (IN)
  YESTERDAY       MM
  MONTH TO DATE   MM
  SINCE DEC 1     MM
  SINCE JUL 1     MM
  SNOW DEPTH      MM

DEGREE DAYS
 HEATING
  YESTERDAY       13                        28    -15       33
  MONTH TO DATE 1031                       915    116      942
  SINCE DEC 1   1506                      1733   -227     1665
  SINCE JUL 1   2171                      2563   -392     2609

 COOLING
  YESTERDAY        0                         0      0        0
  MONTH TO DATE    0                         0      0        0
  SINCE DEC 1      0                         1     -1        0
  SINCE JAN 1      0                         0      0        0
..................................................................

WIND (MPH)
  HIGHEST WIND SPEED    26   HIGHEST WIND DIRECTION     S (190)
  HIGHEST GUST SPEED    41   HIGHEST GUST DIRECTION     S (200)
  AVERAGE WIND SPEED    11.1


SKY COVER
  POSSIBLE SUNSHINE  MM
  AVERAGE SKY COVER 0.5


WEATHER CONDITIONS
 THE FOLLOWING WEATHER WAS RECORDED YESTERDAY.
  NO SIGNIFICANT WEATHER WAS OBSERVED.


RELATIVE HUMIDITY (PERCENT)
 HIGHEST    70           400 AM
 LOWEST     48           400 PM
 AVERAGE    59
..........................................................

THE LONDON KY CLIMATE NORMALS FOR TODAY
                         NORMAL    RECORD    YEAR
 MAXIMUM TEMPERATURE (F)   46        71      1988
 MINIMUM TEMPERATURE (F)   27       -11      1971


SUNRISE AND SUNSET
FEBRUARY  1 2016......SUNRISE   739 AM EST   SUNSET   601 PM EST
FEBRUARY  2 2016......SUNRISE   739 AM EST   SUNSET   602 PM EST


-  INDICATES NEGATIVE NUMBERS.
R  INDICATES RECORD WAS SET OR TIED.
MM INDICATES DATA IS MISSING.
T  INDICATES TRACE AMOUNT.
$$
