000
CDUS43 KJKL 110540
CLILOZ

CLIMATE REPORT
NATIONAL WEATHER SERVICE JACKSON KY
1235 AM EST SUN FEB 11 2018

...................................

...THE LONDON KY CLIMATE SUMMARY FOR FEBRUARY 10 2018...

CLIMATE NORMAL PERIOD 1981 TO 2010
CLIMATE RECORD PERIOD 1954 TO 2018

WEATHER ITEM   OBSERVED TIME   RECORD YEAR NORMAL DEPARTURE LAST
                VALUE   (LST)  VALUE       VALUE  FROM      YEAR
                                                  NORMAL
..................................................................
TEMPERATURE (F)
 YESTERDAY
  MAXIMUM         54   1159 PM  69    1959  48      6       57
  MINIMUM         41   1235 AM  -7    1979  28     13       19
  AVERAGE         48                        38     10       38

PRECIPITATION (IN)
  YESTERDAY        1.84R         1.42 1960   0.13   1.71     0.00
  MONTH TO DATE    4.05                      1.29   2.76     0.36
  SINCE DEC 1      8.47                      9.07  -0.60    10.74
  SINCE JAN 1      5.56                      4.83   0.73     4.44

SNOWFALL (IN)
  YESTERDAY       MM
  MONTH TO DATE   MM
  SINCE DEC 1     MM
  SINCE JUL 1     MM
  SNOW DEPTH      MM

DEGREE DAYS
 HEATING
  YESTERDAY       17                        27    -10       27
  MONTH TO DATE  298                       275     23      244

 COOLING
  YESTERDAY        0                         0      0        0
  MONTH TO DATE    0                         0      0        0
  SINCE DEC 1      0                         1     -1        0
  SINCE JAN 1      0                         0      0        0
..................................................................

WIND (MPH)
  HIGHEST WIND SPEED    12   HIGHEST WIND DIRECTION     S (180)
  HIGHEST GUST SPEED    17   HIGHEST GUST DIRECTION    SE (140)
  AVERAGE WIND SPEED     4.7

SKY COVER
  POSSIBLE SUNSHINE  MM
  AVERAGE SKY COVER 0.9

WEATHER CONDITIONS
 THE FOLLOWING WEATHER WAS RECORDED YESTERDAY.
  HEAVY RAIN
  RAIN
  LIGHT RAIN
  FOG

RELATIVE HUMIDITY (PERCENT)
 HIGHEST   100           600 AM
 LOWEST     62          1200 AM
 AVERAGE    81
..........................................................

THE LONDON KY CLIMATE NORMALS FOR TODAY
                         NORMAL    RECORD    YEAR
 MAXIMUM TEMPERATURE (F)   49        71      2009
                                             1999
 MINIMUM TEMPERATURE (F)   29         1      1979

SUNRISE AND SUNSET
FEBRUARY 11 2018......SUNRISE   729 AM EST   SUNSET   612 PM EST
FEBRUARY 12 2018......SUNRISE   728 AM EST   SUNSET   613 PM EST

-  INDICATES NEGATIVE NUMBERS.
R  INDICATES RECORD WAS SET OR TIED.
MM INDICATES DATA IS MISSING.
T  INDICATES TRACE AMOUNT.

$$

GREIF
